{"id":656,"date":"2018-12-17T14:33:19","date_gmt":"2018-12-17T16:33:19","guid":{"rendered":"https:\/\/www.ufsm.br\/cursos\/graduacao\/santa-maria\/direito\/?page_id=656"},"modified":"2018-12-17T14:33:20","modified_gmt":"2018-12-17T16:33:20","slug":"sobre","status":"publish","type":"page","link":"https:\/\/www.ufsm.br\/cursos\/graduacao\/santa-maria\/direito\/sobre","title":{"rendered":"Sobre"},"content":{"rendered":"<p>O N\u00facleo de Extens\u00e3o do Curso de Direito \u00e9 respons\u00e1vel pela divulga\u00e7\u00e3o de todas as atividades de extens\u00e3o desenvolvidas ou apoiadas pelo\u00a0<a href=\"http:\/\/direito.ufsm.br\/ned\/direito.ufsm.br\">Curso de Direito da UFSM<\/a>\u00a0e pelo\u00a0<a href=\"http:\/\/direito.ufsm.br\/ned\/ufsm.br\/ppgd\">Programa de P\u00f3s-gradua\u00e7\u00e3o em Direito da UFSM<\/a>.<br \/>\nDesenvolve, ainda, a fun\u00e7\u00e3o de controle e entrega dos certificados dos eventos promovidos junto ao curso.<\/p>\n<p>O NED est\u00e1 localizado na Rua Marechal Floriano Peixoto, n\u00ba 1184, 4\u00ba andar, sala 408<br \/>\n97015-372<br \/>\nSanta Maria, RS, Brasil<\/p>\n","protected":false},"excerpt":{"rendered":"<p>O N\u00facleo de Extens\u00e3o do Curso de Direito \u00e9 respons\u00e1vel pela divulga\u00e7\u00e3o de todas as atividades de extens\u00e3o desenvolvidas ou apoiadas pelo\u00a0Curso de Direito da UFSM\u00a0e pelo\u00a0Programa de P\u00f3s-gradua\u00e7\u00e3o em Direito da UFSM. Desenvolve, ainda, a fun\u00e7\u00e3o de controle e entrega dos certificados dos eventos promovidos junto ao curso. O NED est\u00e1 localizado na Rua [&hellip;]<\/p>\n","protected":false},"author":201,"featured_media":0,"parent":0,"menu_order":0,"comment_status":"closed","ping_status":"closed","template":"","meta":{"footnotes":""},"categories":[],"tags":[],"class_list":["post-656","page","type-page","status-publish","hentry"],"acf":[],"_links":{"self":[{"href":"https:\/\/www.ufsm.br\/cursos\/graduacao\/santa-maria\/direito\/wp-json\/wp\/v2\/pages\/656","targetHints":{"allow":["GET"]}}],"collection":[{"href":"https:\/\/www.ufsm.br\/cursos\/graduacao\/santa-maria\/direito\/wp-json\/wp\/v2\/pages"}],"about":[{"href":"https:\/\/www.ufsm.br\/cursos\/graduacao\/santa-maria\/direito\/wp-json\/wp\/v2\/types\/page"}],"author":[{"embeddable":true,"href":"https:\/\/www.ufsm.br\/cursos\/graduacao\/santa-maria\/direito\/wp-json\/wp\/v2\/users\/201"}],"replies":[{"embeddable":true,"href":"https:\/\/www.ufsm.br\/cursos\/graduacao\/santa-maria\/direito\/wp-json\/wp\/v2\/comments?post=656"}],"version-history":[{"count":0,"href":"https:\/\/www.ufsm.br\/cursos\/graduacao\/santa-maria\/direito\/wp-json\/wp\/v2\/pages\/656\/revisions"}],"wp:attachment":[{"href":"https:\/\/www.ufsm.br\/cursos\/graduacao\/santa-maria\/direito\/wp-json\/wp\/v2\/media?parent=656"}],"wp:term":[{"taxonomy":"category","embeddable":true,"href":"https:\/\/www.ufsm.br\/cursos\/graduacao\/santa-maria\/direito\/wp-json\/wp\/v2\/categories?post=656"},{"taxonomy":"post_tag","embeddable":true,"href":"https:\/\/www.ufsm.br\/cursos\/graduacao\/santa-maria\/direito\/wp-json\/wp\/v2\/tags?post=656"}],"curies":[{"name":"wp","href":"https:\/\/api.w.org\/{rel}","templated":true}]}}