{"id":163,"date":"2019-01-03T09:14:59","date_gmt":"2019-01-03T11:14:59","guid":{"rendered":"https:\/\/www.ufsm.br\/cursos\/graduacao\/santa-maria\/educacao-especial\/?page_id=163"},"modified":"2025-05-28T14:21:48","modified_gmt":"2025-05-28T17:21:48","slug":"duvidas-frequentes","status":"publish","type":"page","link":"https:\/\/www.ufsm.br\/cursos\/graduacao\/santa-maria\/educacao-especial\/duvidas-frequentes","title":{"rendered":"D\u00favidas frequentes"},"content":{"rendered":"\n<p><b>Solicita\u00e7\u00e3o de Hist\u00f3rico Escolar<\/b><\/p>\n<p>O hist\u00f3rico escolar pode ser impresso diretamente pelo Portal do Aluno, ou ser solicitado na Secretaria do Curso.<\/p>\n<p><b>Comprovante da Matricula<\/b><\/p>\n<p>O comprovante de matr\u00edcula poder\u00e1 ser impresso diretamente no Portal do Aluno.<\/p>\n<p><b>Como solicitar disciplinas em outros cursos?<\/b><\/p>\n<p>Para que o Acad\u00eamico possa cursar disciplinas em outros Cursos da UFSM, dever\u00e1, no per\u00edodo de ajuste de matr\u00edculas extracurriculares, definido no calend\u00e1rio acad\u00eamico, solicitar matr\u00edcula, em caso de saldo de vagas positivo, via Portal Estudantil, na disciplina de interesse ou via e-mail, a depender de como cada curso oferta suas vagas dispon\u00edveis.\u00a0<\/p>\n<p><b>Como fazer o aproveitamento de disciplinas?<\/b><\/p>\n<p>O Aluno que tenha cursado disciplinas equivalentes \u00e0s do Curr\u00edculo do Curso (m\u00ednimo 75% compat\u00edvel carga hor\u00e1ria e ementa) em outros cursos dever\u00e1 solicitar via Portal Estudantil conforme <a href=\"https:\/\/www.ufsm.br\/app\/uploads\/sites\/342\/2021\/06\/Manual_de_Dispensa_Online.pdf\">tutorial<\/a>.<\/p>\n","protected":false},"excerpt":{"rendered":"<p>Solicita\u00e7\u00e3o de Hist\u00f3rico Escolar O hist\u00f3rico escolar pode ser impresso diretamente pelo Portal do Aluno, ou ser solicitado na Secretaria do Curso. Comprovante da Matricula O comprovante de matr\u00edcula poder\u00e1 ser impresso diretamente no Portal do Aluno. Como solicitar disciplinas em outros cursos? Para que o Acad\u00eamico possa cursar disciplinas em outros Cursos da UFSM, [&hellip;]<\/p>\n","protected":false},"author":117,"featured_media":0,"parent":0,"menu_order":0,"comment_status":"closed","ping_status":"closed","template":"","meta":{"footnotes":""},"categories":[],"tags":[],"class_list":["post-163","page","type-page","status-publish","hentry"],"acf":[],"_links":{"self":[{"href":"https:\/\/www.ufsm.br\/cursos\/graduacao\/santa-maria\/educacao-especial\/wp-json\/wp\/v2\/pages\/163","targetHints":{"allow":["GET"]}}],"collection":[{"href":"https:\/\/www.ufsm.br\/cursos\/graduacao\/santa-maria\/educacao-especial\/wp-json\/wp\/v2\/pages"}],"about":[{"href":"https:\/\/www.ufsm.br\/cursos\/graduacao\/santa-maria\/educacao-especial\/wp-json\/wp\/v2\/types\/page"}],"author":[{"embeddable":true,"href":"https:\/\/www.ufsm.br\/cursos\/graduacao\/santa-maria\/educacao-especial\/wp-json\/wp\/v2\/users\/117"}],"replies":[{"embeddable":true,"href":"https:\/\/www.ufsm.br\/cursos\/graduacao\/santa-maria\/educacao-especial\/wp-json\/wp\/v2\/comments?post=163"}],"version-history":[{"count":0,"href":"https:\/\/www.ufsm.br\/cursos\/graduacao\/santa-maria\/educacao-especial\/wp-json\/wp\/v2\/pages\/163\/revisions"}],"wp:attachment":[{"href":"https:\/\/www.ufsm.br\/cursos\/graduacao\/santa-maria\/educacao-especial\/wp-json\/wp\/v2\/media?parent=163"}],"wp:term":[{"taxonomy":"category","embeddable":true,"href":"https:\/\/www.ufsm.br\/cursos\/graduacao\/santa-maria\/educacao-especial\/wp-json\/wp\/v2\/categories?post=163"},{"taxonomy":"post_tag","embeddable":true,"href":"https:\/\/www.ufsm.br\/cursos\/graduacao\/santa-maria\/educacao-especial\/wp-json\/wp\/v2\/tags?post=163"}],"curies":[{"name":"wp","href":"https:\/\/api.w.org\/{rel}","templated":true}]}}