{"id":160,"date":"2018-11-30T12:03:36","date_gmt":"2018-11-30T14:03:36","guid":{"rendered":"https:\/\/www.ufsm.br\/cursos\/graduacao\/santa-maria\/engenharia-acustica\/?page_id=160"},"modified":"2018-11-30T12:04:06","modified_gmt":"2018-11-30T14:04:06","slug":"acustica-das-edificacoes","status":"publish","type":"page","link":"https:\/\/www.ufsm.br\/cursos\/graduacao\/santa-maria\/engenharia-acustica\/acustica-das-edificacoes","title":{"rendered":"Ac\u00fastica das edifica\u00e7\u00f5es"},"content":{"rendered":"<p>A \u00e1rea de ac\u00fastica de edifica\u00e7\u00f5es trata das quest\u00f5es do conforto ac\u00fastico em edifica\u00e7\u00f5es considerando que a fonte sonora est\u00e1 em outra sala que o receptor ou ainda que a fonte sonora est\u00e1 fora da edifica\u00e7\u00e3o. Desta forma, maior enf\u00e2se est\u00e1 sendo dada \u00e0s quest\u00f5es de isolamento sonoro a\u00e9reo de parti\u00e7\u00f5es como paredes, lajes,telhados,\u00a0 janelas e portas. Al\u00e9m disso, o isolamento a ru\u00eddo de impacto tamb\u00e9m \u00e9 assunto da \u00e1rea de ac\u00fastica de edifica\u00e7\u00f5es, bem como o estudo do ru\u00eddo em sistemas hidr\u00e1ulicos e de ar condicionado.<\/p>\n","protected":false},"excerpt":{"rendered":"<p>A \u00e1rea de ac\u00fastica de edifica\u00e7\u00f5es trata das quest\u00f5es do conforto ac\u00fastico em edifica\u00e7\u00f5es considerando que a fonte sonora est\u00e1 em outra sala que o receptor ou ainda que a fonte sonora est\u00e1 fora da edifica\u00e7\u00e3o. Desta forma, maior enf\u00e2se est\u00e1 sendo dada \u00e0s quest\u00f5es de isolamento sonoro a\u00e9reo de parti\u00e7\u00f5es como paredes, lajes,telhados,\u00a0 janelas [&hellip;]<\/p>\n","protected":false},"author":201,"featured_media":0,"parent":0,"menu_order":0,"comment_status":"closed","ping_status":"closed","template":"","meta":{"footnotes":""},"categories":[],"tags":[],"class_list":["post-160","page","type-page","status-publish","hentry"],"acf":[],"_links":{"self":[{"href":"https:\/\/www.ufsm.br\/cursos\/graduacao\/santa-maria\/engenharia-acustica\/wp-json\/wp\/v2\/pages\/160","targetHints":{"allow":["GET"]}}],"collection":[{"href":"https:\/\/www.ufsm.br\/cursos\/graduacao\/santa-maria\/engenharia-acustica\/wp-json\/wp\/v2\/pages"}],"about":[{"href":"https:\/\/www.ufsm.br\/cursos\/graduacao\/santa-maria\/engenharia-acustica\/wp-json\/wp\/v2\/types\/page"}],"author":[{"embeddable":true,"href":"https:\/\/www.ufsm.br\/cursos\/graduacao\/santa-maria\/engenharia-acustica\/wp-json\/wp\/v2\/users\/201"}],"replies":[{"embeddable":true,"href":"https:\/\/www.ufsm.br\/cursos\/graduacao\/santa-maria\/engenharia-acustica\/wp-json\/wp\/v2\/comments?post=160"}],"version-history":[{"count":0,"href":"https:\/\/www.ufsm.br\/cursos\/graduacao\/santa-maria\/engenharia-acustica\/wp-json\/wp\/v2\/pages\/160\/revisions"}],"wp:attachment":[{"href":"https:\/\/www.ufsm.br\/cursos\/graduacao\/santa-maria\/engenharia-acustica\/wp-json\/wp\/v2\/media?parent=160"}],"wp:term":[{"taxonomy":"category","embeddable":true,"href":"https:\/\/www.ufsm.br\/cursos\/graduacao\/santa-maria\/engenharia-acustica\/wp-json\/wp\/v2\/categories?post=160"},{"taxonomy":"post_tag","embeddable":true,"href":"https:\/\/www.ufsm.br\/cursos\/graduacao\/santa-maria\/engenharia-acustica\/wp-json\/wp\/v2\/tags?post=160"}],"curies":[{"name":"wp","href":"https:\/\/api.w.org\/{rel}","templated":true}]}}