{"id":200,"date":"2019-02-01T10:25:20","date_gmt":"2019-02-01T12:25:20","guid":{"rendered":"https:\/\/www.ufsm.br\/cursos\/graduacao\/santa-maria\/engenharia-acustica\/?page_id=200"},"modified":"2019-02-01T10:25:22","modified_gmt":"2019-02-01T12:25:22","slug":"sobre-o-curso","status":"publish","type":"page","link":"https:\/\/www.ufsm.br\/cursos\/graduacao\/santa-maria\/engenharia-acustica\/sobre-o-curso","title":{"rendered":"Sobre o curso"},"content":{"rendered":"\n<table class=\"sites-layout-name-one-column sites-layout-hbox\" cellspacing=\"0\">\n<tbody>\n<tr>\n<td class=\"sites-layout-tile sites-tile-name-content-1\">\n<div dir=\"ltr\">\n<div>\n<div><img decoding=\"async\" src=\"http:\/\/www.eac.ufsm.br\/_\/rsrc\/1529957749131\/ensino\/graduaca\/fetch.php.png\" border=\"0\" \/><\/div>\n<\/div>\n<div>\u00a0<\/div>\nBreve Hist\u00f3rico do Curso de Engenharia Ac\u00fastica da UFSM\n<div>\n<div>\n<p>O curso de engenharia Ac\u00fastica da UFSM, implantado a partir do 2\u00b0 semestre de 2009, atrav\u00e9s do programa REUNI (Reestrutura\u00e7\u00e3o e Expans\u00e3o das Universidades Federais), \u00e9 a primeira gradua\u00e7\u00e3o espec\u00edfica nessa \u00e1rea criada no Brasil.<\/p>\n<\/div>\n<span style=\"color: #000000;font-family: 'Lucida Grande', Verdana, Lucida, Helvetica, Arial, sans-serif\">Caracter\u00edsticas do Curso<\/span>\n<div>\n<div>\n<p>O curso confere, ao profissional egresso, um conhecimento multi-disciplinar, distribu\u00eddo numa carga hor\u00e1ria total de\u00a0<b>3.720 horas<\/b>, sendo recomendado para integraliza\u00e7\u00e3o em nove semestres mais um semestre de est\u00e1gio. O curso \u00e9 diurno e oferece atividades te\u00f3ricas e pr\u00e1ticas em laborat\u00f3rio. \u00c9 desenvolvido a partir das disciplinas b\u00e1sicas dos cursos de Engenharia, centradas em Matem\u00e1tica e F\u00edsica, com diferencial de se utilizar de conhecimentos provindos de outras \u00e1reas das engenharias, sobretudo das Engenharias Mec\u00e2nica, Civil e El\u00e9trica. Neste sentido, \u00e9 fundamental que o Engenheiro Ac\u00fastico possua uma forma\u00e7\u00e3o s\u00f3lida que contemple os fundamentos das ci\u00eancias t\u00e9rmicas e dos fluidos, de resist\u00eancia dos materiais, de eletr\u00f4nica e processamento de sinais. As demais disciplinas espec\u00edficas fornecidas pelo curso compreendem t\u00f3picos envolvendo controle de ru\u00eddo e vibra\u00e7\u00f5es, ac\u00fastica ambiental, psicoac\u00fastica, ac\u00fastica subjetiva, eletroac\u00fastica, ac\u00fastica de salas e de edifica\u00e7\u00f5es, \u00e1udio profissional, simula\u00e7\u00e3o computacional em ac\u00fastica e vibra\u00e7\u00f5es e engenharia de seguran\u00e7a. O profissional egresso, al\u00e9m das disciplinas b\u00e1sicas e especificas, poder\u00e1 adquirir forma\u00e7\u00e3o complementar em \u00e1reas relativas a: empreendedorismo, engenharia econ\u00f4mica, metodologia da pesquisa e l\u00ednguas estrangeiras.<\/p>\n<\/div>\n<\/div>\n<\/div>\n<div>\n<div>\u00a0<\/div>\n<div>\u00c1reas do Curso de Engenharia Ac\u00fastica<\/div>\n<div>\n<p>O curso atende a tr\u00eas grandes \u00e1reas, sendo estas:<\/p>\n<\/div>\n<div>\n<ul>\n<li>\n<div><strong>Ac\u00fastica<\/strong>\u00a0(ci\u00eancia que compreende o estudo da gera\u00e7\u00e3o, transmiss\u00e3o, recep\u00e7\u00e3o e percep\u00e7\u00e3o de som, seja este aud\u00edvel ou inaud\u00edvel).<\/div>\n<\/li>\n<li><strong>Vibra\u00e7\u00f5es\u00a0<\/strong>(ci\u00eancia que compreende o estudo da gera\u00e7\u00e3o, transmiss\u00e3o, recep\u00e7\u00e3o e percep\u00e7\u00e3o de vibra\u00e7\u00f5es em estruturas e como essas estruturas irradiam ondas sonoras).<\/li>\n<li><strong>Eletroac\u00fastica e\u00a0\u00c1udio<\/strong>(ci\u00eancia que compreende o estudo da convers\u00e3o do som em eletricidade e vice versa, bem como o registro e tratamento de sinais sonoros).<\/li>\n<\/ul>\n<\/div>\n<div>\u00a0<\/div>\n<div>\u00a0<\/div>\nConte\u00fado\n<div>\n<div>\n<p>O curso confere, ao profissional egresso, um conhecimento multi-disciplinar, distribu\u00eddo numa carga hor\u00e1ria total de\u00a0<b>3.720 horas<\/b>, sendo recomendado para integraliza\u00e7\u00e3o em nove semestres mais um semestre de est\u00e1gio. O curso \u00e9 diurno e oferece atividades te\u00f3ricas e pr\u00e1ticas em laborat\u00f3rio. \u00c9 desenvolvido a partir das disciplinas b\u00e1sicas dos cursos de Engenharia, centradas em Matem\u00e1tica e F\u00edsica, com diferencial de incorporar conhecimentos de M\u00fasica para Engenharia. As disciplinas espec\u00edficas compreendem \u00e1reas das engenharias Civil, El\u00e9trica e Mec\u00e2nica, direcionadas para a Ac\u00fastica, de forma a atender conte\u00fados como: constru\u00e7\u00e3o civil, eletr\u00f4nica, an\u00e1lise de sinais, circuitos el\u00e9tricos, controle de ru\u00eddo e vibra\u00e7\u00f5es, ac\u00fastica ambiental, psicoac\u00fastica, ac\u00fastica subjetiva, eletroac\u00fastica, ac\u00fastica de salas e de edifica\u00e7\u00f5es, \u00e1udio profissional, simula\u00e7\u00e3o computacional em ac\u00fastica e vibra\u00e7\u00f5es e engenharia de seguran\u00e7a. O profissional egresso, al\u00e9m das disciplinas b\u00e1sicas e especificas, poder\u00e1 adquirir forma\u00e7\u00e3o complementar em \u00e1reas relativas a: empreendedorismo, engenharia econ\u00f4mica, metodologia da pesquisa e l\u00ednguas estrangeiras.<\/p>\n<\/div>\n<\/div>\n<\/div>\n<\/div>\n<\/td>\n<\/tr>\n<\/tbody>\n<\/table>\n","protected":false},"excerpt":{"rendered":"<p>\u00a0 Breve Hist\u00f3rico do Curso de Engenharia Ac\u00fastica da UFSM O curso de engenharia Ac\u00fastica da UFSM, implantado a partir do 2\u00b0 semestre de 2009, atrav\u00e9s do programa REUNI (Reestrutura\u00e7\u00e3o e Expans\u00e3o das Universidades Federais), \u00e9 a primeira gradua\u00e7\u00e3o espec\u00edfica nessa \u00e1rea criada no Brasil. Caracter\u00edsticas do Curso O curso confere, ao profissional egresso, um [&hellip;]<\/p>\n","protected":false},"author":194,"featured_media":0,"parent":0,"menu_order":0,"comment_status":"closed","ping_status":"closed","template":"","meta":{"footnotes":""},"categories":[],"tags":[],"class_list":["post-200","page","type-page","status-publish","hentry"],"acf":[],"_links":{"self":[{"href":"https:\/\/www.ufsm.br\/cursos\/graduacao\/santa-maria\/engenharia-acustica\/wp-json\/wp\/v2\/pages\/200","targetHints":{"allow":["GET"]}}],"collection":[{"href":"https:\/\/www.ufsm.br\/cursos\/graduacao\/santa-maria\/engenharia-acustica\/wp-json\/wp\/v2\/pages"}],"about":[{"href":"https:\/\/www.ufsm.br\/cursos\/graduacao\/santa-maria\/engenharia-acustica\/wp-json\/wp\/v2\/types\/page"}],"author":[{"embeddable":true,"href":"https:\/\/www.ufsm.br\/cursos\/graduacao\/santa-maria\/engenharia-acustica\/wp-json\/wp\/v2\/users\/194"}],"replies":[{"embeddable":true,"href":"https:\/\/www.ufsm.br\/cursos\/graduacao\/santa-maria\/engenharia-acustica\/wp-json\/wp\/v2\/comments?post=200"}],"version-history":[{"count":0,"href":"https:\/\/www.ufsm.br\/cursos\/graduacao\/santa-maria\/engenharia-acustica\/wp-json\/wp\/v2\/pages\/200\/revisions"}],"wp:attachment":[{"href":"https:\/\/www.ufsm.br\/cursos\/graduacao\/santa-maria\/engenharia-acustica\/wp-json\/wp\/v2\/media?parent=200"}],"wp:term":[{"taxonomy":"category","embeddable":true,"href":"https:\/\/www.ufsm.br\/cursos\/graduacao\/santa-maria\/engenharia-acustica\/wp-json\/wp\/v2\/categories?post=200"},{"taxonomy":"post_tag","embeddable":true,"href":"https:\/\/www.ufsm.br\/cursos\/graduacao\/santa-maria\/engenharia-acustica\/wp-json\/wp\/v2\/tags?post=200"}],"curies":[{"name":"wp","href":"https:\/\/api.w.org\/{rel}","templated":true}]}}