{"id":206,"date":"2019-02-01T10:42:42","date_gmt":"2019-02-01T12:42:42","guid":{"rendered":"https:\/\/www.ufsm.br\/cursos\/graduacao\/santa-maria\/engenharia-acustica\/?page_id=206"},"modified":"2019-02-01T10:42:44","modified_gmt":"2019-02-01T12:42:44","slug":"apresentacao","status":"publish","type":"page","link":"https:\/\/www.ufsm.br\/cursos\/graduacao\/santa-maria\/engenharia-acustica\/apresentacao","title":{"rendered":"Apresenta\u00e7\u00e3o"},"content":{"rendered":"\n<div>\n<div>A Engenharia Ac\u00fastica<\/div>\n<\/div>\n<div>\n<div>\u00a0<\/div>\n<\/div>\n<div>\n<div>\n<div>\n<p><span style=\"font-family: verdana, sans-serif\">A Engenharia Ac\u00fastica representa o ramo das engenharias que lida com quest\u00f5es relacionadas ao som e \u00e0 vibra\u00e7\u00e3o. Portanto, o papel do engenheiro ac\u00fastico concentra-se na investiga\u00e7\u00e3o e no entendimento dos mecanismos de produ\u00e7\u00e3o, transmiss\u00e3o e recep\u00e7\u00e3o do som, assim como no desenvolvimento de estrat\u00e9gias para o seu controle e manipula\u00e7\u00e3o. Dentro deste contexto, a Engenharia Ac\u00fastica pode ser aplicada tanto na altera\u00e7\u00e3o e mitiga\u00e7\u00e3o de sons indesej\u00e1veis, o que se conv\u00eam chamar de\u00a0<b>controle de ru<\/b><\/span><b>\u00eddo<\/b>, quanto no projeto de fontes sonoras com finalidades espec\u00edficas.<\/p>\n<p><span style=\"font-family: verdana, sans-serif\">O controle de ru\u00eddo tem se tornado um importante segmento da Engenharia Ac\u00fastica devido \u00e0s evid\u00eancias, cada vez mais concretas, dos efeitos negativos do ru\u00eddo \u00e0 sa\u00fade e ao bem estar do ser humano. Neste sentido, o trabalho do engenheiro ac\u00fastico volta-se para a implementa\u00e7\u00e3o dos princ\u00edpios f\u00edsicos da mec\u00e2nica no desenvolvimento m\u00e9todos \u00a0de projeto para o controle e isolamento sonoro em in\u00fameros ambientes aos quais os seres humanos est\u00e3o expostos. Tais ambientes incluem autom\u00f3veis, aeronaves, plantas industriais, ambientes de trabalho e, sobretudo, ambientes dom\u00e9sticos. O controle de ru\u00eddo se encarrega ainda em realizar o mapeamento e a an\u00e1lise de regi\u00f5es e sistemas acometidos por altos n\u00edveis de press\u00e3o sonora. \u00a0<\/span><\/p>\n<p>Como j\u00e1 mencionado, a redu\u00e7\u00e3o do ru\u00eddo n\u00e3o \u00e9 o \u00fanico atributo do engenheiro ac\u00fastico. Outro segmento importante da Engenharia Ac\u00fastica &#8211; chamada de Ac\u00fastica Arquitet\u00f4nica &#8211; \u00e9 compreender e manipular o comportamento do som dentro de um determinado ambiente. Neste caso, n\u00e3o se deseja eliminar o som em um determinado local, mas condicion\u00e1-lo de maneira que este se torne adequado a uma demanda espec\u00edfica. Por exemplo, o projeto ac\u00fastico de uma sala de aula prev\u00ea atributos totalmente diferentes daqueles empregados ao projeto de uma sala de concertos. No primeiro caso, a demanda principal \u00e9 a inteligibilidade da voz do professor. De maneira muito distinta, inteligibilidade n\u00e3o \u00e9 o quesito principal de uma sala de concertos. Por causa da riqueza do som que se espera escutar em um concerto, o controle de par\u00e2metros como a claridade, intimidade, ru\u00eddo de fundo, altura do som, reverber\u00e2ncia, e direcionalidade tornam-se fundamentais e precisam ser adequadamente projetados pelo engenheiro ac\u00fastico.<\/p>\n<p><span style=\"font-family: verdana, sans-serif\">Tanto o som que escutamos, quanto o som que est\u00e1 al\u00e9m dos nossos limites auditivos, podem transportar muitas informa\u00e7\u00f5es importantes a respeito de fen\u00f4menos f\u00edsicos que nos rodeiam, como terremotos, erup\u00e7\u00f5es vulc\u00e2nicas, e assim por diante. Al\u00e9m disso, sinais sonoros podem nos dar pistas importantes sobre a qualidade de um processo de fabrica\u00e7\u00e3o, sobre a integridade estrutural de um componente ou sobre o funcionamento adequado de um determinado sistema. Assim, o engenheiro ac\u00fastico tamb\u00e9m se ocupa em usar os conceitos da ac\u00fastica, do processamento digital de sinais, e da fisiologia\u00a0e psicologia\u00a0da audi\u00e7\u00e3o e percep\u00e7\u00e3o sonora para entender e prever tais fen\u00f4menos.<\/span><\/p>\n<p><span style=\"font-family: verdana, sans-serif\">Os exemplos acima s\u00e3o apenas uma pequena fra\u00e7\u00e3o das atribui\u00e7\u00f5es de um engenheiro ac\u00fastico. O n\u00famero de atribui\u00e7\u00f5es tem crescido consideravelmente ao longo dos anos \u00e0 medida em que evolui a tecnologia. Em paralelo, cresce a import\u00e2ncia e a demanda por engenheiros ac\u00fasticos em nossa sociedade.<\/span><\/p>\n<\/div>\n<\/div>\n<\/div>\n","protected":false},"excerpt":{"rendered":"<p>A Engenharia Ac\u00fastica \u00a0 A Engenharia Ac\u00fastica representa o ramo das engenharias que lida com quest\u00f5es relacionadas ao som e \u00e0 vibra\u00e7\u00e3o. Portanto, o papel do engenheiro ac\u00fastico concentra-se na investiga\u00e7\u00e3o e no entendimento dos mecanismos de produ\u00e7\u00e3o, transmiss\u00e3o e recep\u00e7\u00e3o do som, assim como no desenvolvimento de estrat\u00e9gias para o seu controle e manipula\u00e7\u00e3o. [&hellip;]<\/p>\n","protected":false},"author":194,"featured_media":0,"parent":0,"menu_order":0,"comment_status":"closed","ping_status":"closed","template":"","meta":{"footnotes":""},"categories":[],"tags":[],"class_list":["post-206","page","type-page","status-publish","hentry"],"acf":[],"_links":{"self":[{"href":"https:\/\/www.ufsm.br\/cursos\/graduacao\/santa-maria\/engenharia-acustica\/wp-json\/wp\/v2\/pages\/206","targetHints":{"allow":["GET"]}}],"collection":[{"href":"https:\/\/www.ufsm.br\/cursos\/graduacao\/santa-maria\/engenharia-acustica\/wp-json\/wp\/v2\/pages"}],"about":[{"href":"https:\/\/www.ufsm.br\/cursos\/graduacao\/santa-maria\/engenharia-acustica\/wp-json\/wp\/v2\/types\/page"}],"author":[{"embeddable":true,"href":"https:\/\/www.ufsm.br\/cursos\/graduacao\/santa-maria\/engenharia-acustica\/wp-json\/wp\/v2\/users\/194"}],"replies":[{"embeddable":true,"href":"https:\/\/www.ufsm.br\/cursos\/graduacao\/santa-maria\/engenharia-acustica\/wp-json\/wp\/v2\/comments?post=206"}],"version-history":[{"count":0,"href":"https:\/\/www.ufsm.br\/cursos\/graduacao\/santa-maria\/engenharia-acustica\/wp-json\/wp\/v2\/pages\/206\/revisions"}],"wp:attachment":[{"href":"https:\/\/www.ufsm.br\/cursos\/graduacao\/santa-maria\/engenharia-acustica\/wp-json\/wp\/v2\/media?parent=206"}],"wp:term":[{"taxonomy":"category","embeddable":true,"href":"https:\/\/www.ufsm.br\/cursos\/graduacao\/santa-maria\/engenharia-acustica\/wp-json\/wp\/v2\/categories?post=206"},{"taxonomy":"post_tag","embeddable":true,"href":"https:\/\/www.ufsm.br\/cursos\/graduacao\/santa-maria\/engenharia-acustica\/wp-json\/wp\/v2\/tags?post=206"}],"curies":[{"name":"wp","href":"https:\/\/api.w.org\/{rel}","templated":true}]}}