{"id":862,"date":"2024-04-10T08:28:13","date_gmt":"2024-04-10T11:28:13","guid":{"rendered":"https:\/\/www.ufsm.br\/cursos\/graduacao\/santa-maria\/engenharia-sanitaria-e-ambiental\/?page_id=862"},"modified":"2024-04-10T08:31:10","modified_gmt":"2024-04-10T11:31:10","slug":"autodidatismo","status":"publish","type":"page","link":"https:\/\/www.ufsm.br\/cursos\/graduacao\/santa-maria\/engenharia-ambiental-e-sanitaria\/autodidatismo","title":{"rendered":"Autodidatismo"},"content":{"rendered":"\n<h1 class=\"entry-title\">Tutorial para solicita\u00e7\u00e3o de dispensa por Autodidatismo<\/h1>\n<p>Conforme a\u00a0<a href=\"https:\/\/www.ufsm.br\/pro-reitorias\/proplan\/resolucao-n-025-2017\/\" target=\"_blank\" rel=\"noreferrer noopener\">Resolu\u00e7\u00e3o N. 025\/2017 \u2013 PROPLAN<\/a>, \u00e9 poss\u00edvel solicitar a dispensa de disciplinas por Autodidatismo.<\/p>\n<p>\u00c9 preciso\u00a0<a href=\"https:\/\/www.ufsm.br\/orgaos-suplementares\/dag\/pen\/apoio-ao-usuario\/passo-a-passo-para-abertura-assinatura-e-tramite\" target=\"_blank\" rel=\"noreferrer noopener\">abrir um processo eletr\u00f4nico<\/a>\u00a0no Portal de Documentos (PEN-SIE).<\/p>\n<p>No\u00a0<a href=\"https:\/\/portal.ufsm.br\/documentos\/mainMenu.html\" target=\"_blank\" rel=\"noreferrer noopener\">Portal de Documentos<\/a>, escolha a op\u00e7\u00e3o Processos, o tipo documental \u00e9 \u201c<strong>Processo de dispensa de disciplina de gradua\u00e7\u00e3o por autodidatismo<\/strong>\u201d<\/p>\n<p>\u00c9 preciso inserir o requerimento \u2013 dispon\u00edvel no final desta p\u00e1gina. Preencha o\u00a0<strong>*Requerimento<\/strong>\u00a0e gere o .pdf para inserir no processo.<\/p>\n<p>O Requerimento precisa ser assinado pelo(a) aluno(a), por isso, ao inserir o Requerimento selecione a op\u00e7\u00e3o \u201c<strong>Sim\u201d<\/strong>, na pergunta \u201c<strong>Assinar documento\u201d<\/strong>?<br \/>Dessa forma, o(a) aluno(a) poder\u00e1 inserir a sua\u00a0<a href=\"https:\/\/www.ufsm.br\/orgaos-suplementares\/cpd\/2020\/03\/31\/processo-digital-assinatura-eletronica\/\" target=\"_blank\" rel=\"noreferrer noopener\">assinatura eletr\u00f4nica<\/a><\/p>\n<p><strong>*Aten\u00e7\u00e3o<\/strong>: o modelo de requerimento dispon\u00edvel permite a inser\u00e7\u00e3o de v\u00e1rias disciplinas, mas como o processo agora \u00e9 feito pelo Portal de Documentos (PEN-SIE),\u00a0deve ser inserido apenas uma disciplina, ou seja, para cada disciplina ser\u00e1 preciso fazer um novo processo.<\/p>\n<p>Ap\u00f3s inserir o requerimento, clique no bot\u00e3o\u00a0<strong>Tramitar.<\/strong><br \/>Voc\u00ea deve tramitar para a coordena\u00e7\u00e3o do curso, por isso, ap\u00f3s clicar no bot\u00e3o Tramitar,\u00a0<strong>digite no campo Despacho:<\/strong><br \/>\u201c<strong>Por favor, encaminhar para a coordena\u00e7\u00e3o do curso de Engenharia Ambiental e Sanit\u00e1ria.<\/strong>\u201c (<strong><em>especifique se \u00e9 licenciatura ou bacharelado<\/em><\/strong>).<\/p>\n<p>Ap\u00f3s digitar essa informa\u00e7\u00e3o no campo Despacho, clique novamente no bot\u00e3o\u00a0<strong>Tramitar.<\/strong><\/p>\n<ul class=\"my-3\">\n<li><a href=\"https:\/\/www.ufsm.br\/app\/uploads\/sites\/428\/2024\/04\/requerimento-dispensa-autodidatismo.pdf\" target=\"_blank\" rel=\"noopener\">\u00a0REQUERIMENTO AUTODIDATISMO<\/a><\/li>\n<\/ul>\n","protected":false},"excerpt":{"rendered":"<p>Tutorial para solicita\u00e7\u00e3o de dispensa por Autodidatismo Conforme a\u00a0Resolu\u00e7\u00e3o N. 025\/2017 \u2013 PROPLAN, \u00e9 poss\u00edvel solicitar a dispensa de disciplinas por Autodidatismo. \u00c9 preciso\u00a0abrir um processo eletr\u00f4nico\u00a0no Portal de Documentos (PEN-SIE). No\u00a0Portal de Documentos, escolha a op\u00e7\u00e3o Processos, o tipo documental \u00e9 \u201cProcesso de dispensa de disciplina de gradua\u00e7\u00e3o por autodidatismo\u201d \u00c9 preciso inserir o [&hellip;]<\/p>\n","protected":false},"author":445,"featured_media":0,"parent":0,"menu_order":0,"comment_status":"closed","ping_status":"closed","template":"","meta":{"footnotes":""},"categories":[],"tags":[],"class_list":["post-862","page","type-page","status-publish","hentry"],"acf":[],"_links":{"self":[{"href":"https:\/\/www.ufsm.br\/cursos\/graduacao\/santa-maria\/engenharia-ambiental-e-sanitaria\/wp-json\/wp\/v2\/pages\/862","targetHints":{"allow":["GET"]}}],"collection":[{"href":"https:\/\/www.ufsm.br\/cursos\/graduacao\/santa-maria\/engenharia-ambiental-e-sanitaria\/wp-json\/wp\/v2\/pages"}],"about":[{"href":"https:\/\/www.ufsm.br\/cursos\/graduacao\/santa-maria\/engenharia-ambiental-e-sanitaria\/wp-json\/wp\/v2\/types\/page"}],"author":[{"embeddable":true,"href":"https:\/\/www.ufsm.br\/cursos\/graduacao\/santa-maria\/engenharia-ambiental-e-sanitaria\/wp-json\/wp\/v2\/users\/445"}],"replies":[{"embeddable":true,"href":"https:\/\/www.ufsm.br\/cursos\/graduacao\/santa-maria\/engenharia-ambiental-e-sanitaria\/wp-json\/wp\/v2\/comments?post=862"}],"version-history":[{"count":0,"href":"https:\/\/www.ufsm.br\/cursos\/graduacao\/santa-maria\/engenharia-ambiental-e-sanitaria\/wp-json\/wp\/v2\/pages\/862\/revisions"}],"wp:attachment":[{"href":"https:\/\/www.ufsm.br\/cursos\/graduacao\/santa-maria\/engenharia-ambiental-e-sanitaria\/wp-json\/wp\/v2\/media?parent=862"}],"wp:term":[{"taxonomy":"category","embeddable":true,"href":"https:\/\/www.ufsm.br\/cursos\/graduacao\/santa-maria\/engenharia-ambiental-e-sanitaria\/wp-json\/wp\/v2\/categories?post=862"},{"taxonomy":"post_tag","embeddable":true,"href":"https:\/\/www.ufsm.br\/cursos\/graduacao\/santa-maria\/engenharia-ambiental-e-sanitaria\/wp-json\/wp\/v2\/tags?post=862"}],"curies":[{"name":"wp","href":"https:\/\/api.w.org\/{rel}","templated":true}]}}