{"id":183,"date":"2018-12-03T08:54:33","date_gmt":"2018-12-03T10:54:33","guid":{"rendered":"https:\/\/www.ufsm.br\/cursos\/graduacao\/santa-maria\/engenharia-civil\/?page_id=183"},"modified":"2026-03-16T12:00:51","modified_gmt":"2026-03-16T15:00:51","slug":"estagio-supervisionado-obrigatorio","status":"publish","type":"page","link":"https:\/\/www.ufsm.br\/cursos\/graduacao\/santa-maria\/engenharia-civil\/estagio-supervisionado-obrigatorio","title":{"rendered":"Est\u00e1gio Supervisionado Obrigat\u00f3rio"},"content":{"rendered":"\t\t<div data-elementor-type=\"wp-page\" data-elementor-id=\"183\" class=\"elementor elementor-183\">\n\t\t\t\t\t\t<section class=\"elementor-section elementor-top-section elementor-element elementor-element-1658af13 elementor-section-boxed elementor-section-height-default elementor-section-height-default\" data-id=\"1658af13\" data-element_type=\"section\">\n\t\t\t\t\t\t<div class=\"elementor-container elementor-column-gap-default\">\n\t\t\t\t\t<div class=\"elementor-column elementor-col-100 elementor-top-column elementor-element elementor-element-61280433\" data-id=\"61280433\" data-element_type=\"column\">\n\t\t\t<div class=\"elementor-widget-wrap elementor-element-populated\">\n\t\t\t\t\t\t<div class=\"elementor-element elementor-element-285511d7 elementor-widget elementor-widget-text-editor\" data-id=\"285511d7\" data-element_type=\"widget\" data-widget_type=\"text-editor.default\">\n\t\t\t\t<div class=\"elementor-widget-container\">\n\t\t\t\t\t\t\t<p style=\"text-align: left\" align=\"center\">O 10\u00b0 Semestre do curso \u00e9 dedicado exclusivamente \u00e0s Disciplinas ENG1001 &#8211; Est\u00e1gio Supervisionado e ENG1002 &#8211; Trabalho de Conclus\u00e3o de Curso.<\/p><p style=\"text-align: left\" align=\"center\">A disciplina de Est\u00e1gio Supervisionado com <strong>carga hor\u00e1ria m\u00ednima de 165<\/strong> <strong>hs<\/strong> d\u00e1 ao(a) acad\u00eamico(a) a oportunidade de entrar em contato com o mercado de trabalho. O(a) aluno(a) poder\u00e1 realizar seu est\u00e1gio em qualquer empresa ou institui\u00e7\u00e3o do Brasil e exterior, desde que tenha conv\u00eanio com a UFSM.<\/p><p align=\"center\"><strong style=\"font-size: revert;color: initial\">&gt;&gt;&gt; ORIENTA\u00c7\u00d5ES PARA MATR\u00cdCULA &lt;&lt;&lt;&lt;<\/strong><\/p><p style=\"text-align: left\">Disciplina ENG1001 &#8211; EST\u00c1GIO SUPERVISIONADO<\/p><p style=\"text-align: left\" align=\"center\">\u00a0&#8211; Ser\u00e1 realizada <strong>exclusivamente pela Coordena\u00e7\u00e3o do Curso. <\/strong>Para efetiva\u00e7\u00e3o da matr\u00edcula o (a) aluno (a) dever\u00e1 encaminhar \u00e0 Coordena\u00e7\u00e3o do Curso a &#8220;<a href=\"https:\/\/www.ufsm.br\/app\/uploads\/sites\/434\/2021\/08\/DECLARACAO-PROF-ORIENTADOR-DE-EST-PADRAO-2021-REDE.doc\">Declara\u00e7\u00e3o de Professor Orientador de Est\u00e1gio Supervisionado Obrigat\u00f3rio<\/a>&#8220;, devidamente preenchida e assinada pelo (a) prov\u00e1vel Prof. \u00ba(\u00aa) Orientador (a).<\/p><p style=\"text-align: left\" align=\"center\">&#8211; O (a) estudante, ap\u00f3s ter consolidada a matr\u00edcula, dever\u00e1 juntamente com o (a) respectivo (a) Orientador (a) providenciar a elabora\u00e7\u00e3o do Termo de Compromisso de Est\u00e1gio Obrigat\u00f3rio e formalizar est\u00e1gio via solicita\u00e7\u00e3o no Portal Estudantil.\u00a0<\/p><p style=\"text-align: left\" align=\"center\">&#8211; A partir de Outubro de 2025, os est\u00e1gio ser\u00e3o formalizados via solicita\u00e7\u00e3o no Portal Estudantil. Para abertura do processo, siga a instru\u00e7\u00e3o do seguinte tutorial:<\/p><p style=\"text-align: left\" align=\"center\"><iframe src=\"https:\/\/ntetube.nte.ufsm.br\/e\/1759941155\" width=\"100%\" height=\"200\" frameborder=\"0\" allowfullscreen=\"allowfullscreen\"><\/iframe><\/p><p align=\"center\"><strong style=\"font-size: revert;color: initial\">&gt;&gt;&gt; ORIENTA\u00c7\u00d5ES PARA DEFESA DE EST\u00c1GIO &lt;&lt;&lt;&lt;<\/strong><\/p><p style=\"text-align: left\" align=\"center\"><span style=\"color: #ff0000\"><span style=\"background-color: #ffff00\">Documentos a serem apresentados para a <strong>Defesa de Est\u00e1gio e posteriormente entregues na coordena\u00e7\u00e3o<\/strong>:<\/span><\/span><\/p><ol><li><strong>Parecer do Supervisor na Empresa do Est\u00e1gio Supervisionado Obrigat\u00f3rio:<\/strong> <a href=\"https:\/\/www.ufsm.br\/cursos\/graduacao\/santa-maria\/engenharia-civil\/wp-content\/uploads\/sites\/434\/2019\/07\/Parecer_do_Supervisor-de-Estagio-NOVA-1.doc\" target=\"_blank\" rel=\"noopener noreferrer\">clique aqui<\/a><\/li><li style=\"text-align: left\"><strong>Ficha de Controle de Bancas de Est\u00e1gio Supervisionado Obrigat\u00f3rio (Participa\u00e7\u00e3o como ouvinte):<\/strong>\u00a0<a href=\"https:\/\/www.ufsm.br\/cursos\/graduacao\/santa-maria\/engenharia-civil\/wp-content\/uploads\/sites\/434\/2018\/12\/FICHA-DE-CONTROLE-DE-BANCAS-DE-EST-SUP.pdf\" target=\"_blank\" rel=\"noopener noreferrer\">clique aqui<\/a><\/li><li style=\"text-align: left\"><strong>Formul\u00e1rios para a avalia\u00e7\u00e3o (Ata da Banca) do Est\u00e1gio Supervisionado:<\/strong> \u00a0<a href=\"https:\/\/www.ufsm.br\/cursos\/graduacao\/santa-maria\/engenharia-civil\/wp-content\/uploads\/sites\/434\/2018\/12\/Avaliacao_estagio-NOVA.doc\" target=\"_blank\" rel=\"noopener noreferrer\">clique aqui<\/a><\/li><\/ol><p>Os documentos devem ser coletados no ato da defesa de est\u00e1gio e encaminhados para a coordena\u00e7\u00e3o.<\/p><p style=\"text-align: center\"><strong style=\"font-size: revert;color: initial\">&gt;&gt;&gt; LEGISLA\u00c7\u00c3O E NORMAS &lt;&lt;&lt;&lt;<\/strong><\/p><p style=\"text-align: left\" align=\"center\"><strong><span style=\"color: #000000\">Legisla\u00e7\u00e3o que regulamenta o Est\u00e1gio Supervisionado<\/span>:<\/strong>\u00a0<a href=\"http:\/\/www.planalto.gov.br\/ccivil_03\/_ato2007-2010\/2008\/lei\/l11788.htm\" target=\"_blank\" rel=\"noopener noreferrer\">Lei 11.788 de 25\/09\/2008<\/a><\/p><ul><li style=\"font-weight: 400\"><a href=\"https:\/\/www.ufsm.br\/cursos\/graduacao\/santa-maria\/engenharia-mecanica\/wp-content\/uploads\/sites\/435\/2018\/12\/025-1.pdf\"><span style=\"font-weight: 400\">Resolu\u00e7\u00e3o 025\/2010 UFSM<\/span><\/a><span style=\"font-weight: 400\"> \u2013 Regulamenta, no \u00e2mbito da UFSM, a concess\u00e3o de est\u00e1gios supervisionados obrigat\u00f3rios e n\u00e3o obrigat\u00f3rios a alunos de gradua\u00e7\u00e3o e de ensino m\u00e9dio e tecnol\u00f3gico.<\/span><\/li><li style=\"font-weight: 400\"><a href=\"https:\/\/portal.ufsm.br\/documentos\/publico\/documento.html?id=13946288\"><span style=\"font-weight: 400\">Instru\u00e7\u00e3o Normativa PROGRAD\/UFSM N. 001\/2022<\/span><\/a><span style=\"font-weight: 400\"> de 26\/01\/2022 \u2013 Orienta a respeito da formaliza\u00e7\u00e3o dos est\u00e1gios de gradua\u00e7\u00e3o, regulando o registro das atividades de est\u00e1gio no Sistema Integrado para o Ensino (SIE), bem como a atribui\u00e7\u00e3o de encargos did\u00e1ticos \u00e0 atividade de orienta\u00e7\u00e3o de est\u00e1gio n\u00e3o obrigat\u00f3rio.<\/span><\/li><li style=\"font-weight: 400\"><span style=\"font-weight: 400\">Orienta\u00e7\u00f5es da UFSM para est\u00e1gios: <\/span><a href=\"https:\/\/www.ufsm.br\/pro-reitorias\/prograd\/code\/estagios\"><span style=\"font-weight: 400\">ufsm.br\/est\u00e1gios<\/span><\/a><\/li><\/ul><p style=\"text-align: left\" align=\"center\"><strong>Norma de Est\u00e1gio Supervisionado Obrigat\u00f3rio do Curso de Engenharia Civil:<\/strong>\u00a0<a href=\"https:\/\/drive.google.com\/file\/d\/1TWL-URdrzTFh5c5wnGddWAlqkqkhraZk\/view?usp=sharing\" target=\"_blank\" rel=\"noopener noreferrer\">clique aqui<\/a><\/p><p style=\"text-align: left\" align=\"center\">\u00a0<\/p>\t\t\t\t\t\t<\/div>\n\t\t\t\t<\/div>\n\t\t\t\t\t<\/div>\n\t\t<\/div>\n\t\t\t\t\t<\/div>\n\t\t<\/section>\n\t\t\t\t<\/div>\n\t\t","protected":false},"excerpt":{"rendered":"<p>O 10\u00b0 Semestre do curso \u00e9 dedicado exclusivamente \u00e0s Disciplinas ENG1001 &#8211; Est\u00e1gio Supervisionado e ENG1002 &#8211; Trabalho de Conclus\u00e3o de Curso. A disciplina de Est\u00e1gio Supervisionado com carga hor\u00e1ria m\u00ednima de 165 hs d\u00e1 ao(a) acad\u00eamico(a) a oportunidade de entrar em contato com o mercado de trabalho. O(a) aluno(a) poder\u00e1 realizar seu est\u00e1gio em [&hellip;]<\/p>\n","protected":false},"author":194,"featured_media":0,"parent":0,"menu_order":0,"comment_status":"closed","ping_status":"closed","template":"","meta":{"footnotes":""},"categories":[],"tags":[],"class_list":["post-183","page","type-page","status-publish","hentry"],"acf":[],"_links":{"self":[{"href":"https:\/\/www.ufsm.br\/cursos\/graduacao\/santa-maria\/engenharia-civil\/wp-json\/wp\/v2\/pages\/183","targetHints":{"allow":["GET"]}}],"collection":[{"href":"https:\/\/www.ufsm.br\/cursos\/graduacao\/santa-maria\/engenharia-civil\/wp-json\/wp\/v2\/pages"}],"about":[{"href":"https:\/\/www.ufsm.br\/cursos\/graduacao\/santa-maria\/engenharia-civil\/wp-json\/wp\/v2\/types\/page"}],"author":[{"embeddable":true,"href":"https:\/\/www.ufsm.br\/cursos\/graduacao\/santa-maria\/engenharia-civil\/wp-json\/wp\/v2\/users\/194"}],"replies":[{"embeddable":true,"href":"https:\/\/www.ufsm.br\/cursos\/graduacao\/santa-maria\/engenharia-civil\/wp-json\/wp\/v2\/comments?post=183"}],"version-history":[{"count":0,"href":"https:\/\/www.ufsm.br\/cursos\/graduacao\/santa-maria\/engenharia-civil\/wp-json\/wp\/v2\/pages\/183\/revisions"}],"wp:attachment":[{"href":"https:\/\/www.ufsm.br\/cursos\/graduacao\/santa-maria\/engenharia-civil\/wp-json\/wp\/v2\/media?parent=183"}],"wp:term":[{"taxonomy":"category","embeddable":true,"href":"https:\/\/www.ufsm.br\/cursos\/graduacao\/santa-maria\/engenharia-civil\/wp-json\/wp\/v2\/categories?post=183"},{"taxonomy":"post_tag","embeddable":true,"href":"https:\/\/www.ufsm.br\/cursos\/graduacao\/santa-maria\/engenharia-civil\/wp-json\/wp\/v2\/tags?post=183"}],"curies":[{"name":"wp","href":"https:\/\/api.w.org\/{rel}","templated":true}]}}