{"id":253,"date":"2018-12-03T11:17:37","date_gmt":"2018-12-03T13:17:37","guid":{"rendered":"https:\/\/www.ufsm.br\/cursos\/graduacao\/santa-maria\/engenharia-civil\/?page_id=253"},"modified":"2022-08-22T12:21:31","modified_gmt":"2022-08-22T15:21:31","slug":"revalidacao-de-diplomas","status":"publish","type":"page","link":"https:\/\/www.ufsm.br\/cursos\/graduacao\/santa-maria\/engenharia-civil\/revalidacao-de-diplomas","title":{"rendered":"Revalida\u00e7\u00e3o de Diplomas"},"content":{"rendered":"<p style=\"text-align: left\" align=\"center\">Revalida\u00e7\u00e3o de Diplomas de Gradua\u00e7\u00e3o Expedidos no Exterior<\/p>\n<p style=\"text-align: left\" align=\"center\">Comit\u00ea Atual do Curso: <a href=\"https:\/\/www.ufsm.br\/app\/uploads\/sites\/434\/2022\/08\/PORT_PES_CT_2022_184.pdf\">clique aqui.<\/a><\/p>\n<p style=\"text-align: left\" align=\"center\">Para solicita\u00e7\u00e3o, seguir as orienta\u00e7\u00f5es da Pr\u00f3-Reitoria de Gradua\u00e7\u00e3o:\u00a0\u00a0<a href=\"http:\/\/w3.ufsm.br\/prograd\/index.php\/component\/content\/article\/8-paginas\/17-revalidacao-de-diplomas\" target=\"_blank\" rel=\"noopener\">clique aqui<\/a>.<\/p>\n<p style=\"text-align: left\" align=\"center\">\n<p style=\"text-align: left\" align=\"center\">Resolu\u00e7\u00e3o N. 007\/2017:\u00a0<a href=\"https:\/\/www.ufsm.br\/cursos\/graduacao\/santa-maria\/engenharia-civil\/wp-content\/uploads\/sites\/434\/2018\/12\/RESOLUCAO-2017_007.pdf\" target=\"_blank\" rel=\"noopener\">clique aqui<\/a>.<\/p>\n<p style=\"text-align: left\" align=\"center\">&#8211; Disp\u00f5e sobre as normas e procedimentos gerais de tramita\u00e7\u00e3o de processos de solicita\u00e7\u00e3o de revalida\u00e7\u00e3o de diplomas de gradua\u00e7\u00e3o estrangeiros expedidos por estabelecimentos estrangeiros de ensino superior.<\/p>\n<p>Crit\u00e9rios estipulados pelo Comit\u00ea de Avalia\u00e7\u00e3o:<\/p>\n<p align=\"center\">\n","protected":false},"excerpt":{"rendered":"<p>Revalida\u00e7\u00e3o de Diplomas de Gradua\u00e7\u00e3o Expedidos no Exterior Comit\u00ea Atual do Curso: clique aqui. Para solicita\u00e7\u00e3o, seguir as orienta\u00e7\u00f5es da Pr\u00f3-Reitoria de Gradua\u00e7\u00e3o:\u00a0\u00a0clique aqui. Resolu\u00e7\u00e3o N. 007\/2017:\u00a0clique aqui. &#8211; Disp\u00f5e sobre as normas e procedimentos gerais de tramita\u00e7\u00e3o de processos de solicita\u00e7\u00e3o de revalida\u00e7\u00e3o de diplomas de gradua\u00e7\u00e3o estrangeiros expedidos por estabelecimentos estrangeiros de ensino [&hellip;]<\/p>\n","protected":false},"author":194,"featured_media":0,"parent":0,"menu_order":0,"comment_status":"closed","ping_status":"closed","template":"","meta":{"footnotes":""},"categories":[],"tags":[],"class_list":["post-253","page","type-page","status-publish","hentry"],"acf":[],"_links":{"self":[{"href":"https:\/\/www.ufsm.br\/cursos\/graduacao\/santa-maria\/engenharia-civil\/wp-json\/wp\/v2\/pages\/253","targetHints":{"allow":["GET"]}}],"collection":[{"href":"https:\/\/www.ufsm.br\/cursos\/graduacao\/santa-maria\/engenharia-civil\/wp-json\/wp\/v2\/pages"}],"about":[{"href":"https:\/\/www.ufsm.br\/cursos\/graduacao\/santa-maria\/engenharia-civil\/wp-json\/wp\/v2\/types\/page"}],"author":[{"embeddable":true,"href":"https:\/\/www.ufsm.br\/cursos\/graduacao\/santa-maria\/engenharia-civil\/wp-json\/wp\/v2\/users\/194"}],"replies":[{"embeddable":true,"href":"https:\/\/www.ufsm.br\/cursos\/graduacao\/santa-maria\/engenharia-civil\/wp-json\/wp\/v2\/comments?post=253"}],"version-history":[{"count":0,"href":"https:\/\/www.ufsm.br\/cursos\/graduacao\/santa-maria\/engenharia-civil\/wp-json\/wp\/v2\/pages\/253\/revisions"}],"wp:attachment":[{"href":"https:\/\/www.ufsm.br\/cursos\/graduacao\/santa-maria\/engenharia-civil\/wp-json\/wp\/v2\/media?parent=253"}],"wp:term":[{"taxonomy":"category","embeddable":true,"href":"https:\/\/www.ufsm.br\/cursos\/graduacao\/santa-maria\/engenharia-civil\/wp-json\/wp\/v2\/categories?post=253"},{"taxonomy":"post_tag","embeddable":true,"href":"https:\/\/www.ufsm.br\/cursos\/graduacao\/santa-maria\/engenharia-civil\/wp-json\/wp\/v2\/tags?post=253"}],"curies":[{"name":"wp","href":"https:\/\/api.w.org\/{rel}","templated":true}]}}