{"id":154,"date":"2018-11-30T14:02:18","date_gmt":"2018-11-30T16:02:18","guid":{"rendered":"https:\/\/www.ufsm.br\/cursos\/graduacao\/santa-maria\/engenharia-de-computacao\/?page_id=154"},"modified":"2024-08-02T14:31:32","modified_gmt":"2024-08-02T17:31:32","slug":"estagio-curricular","status":"publish","type":"page","link":"https:\/\/www.ufsm.br\/cursos\/graduacao\/santa-maria\/engenharia-de-computacao\/estagio-curricular","title":{"rendered":"Est\u00e1gio Obrigat\u00f3rio Supervisionado"},"content":{"rendered":"<p>Segundo as normas de est\u00e1gio, o aluno somente poder\u00e1 se matricular em est\u00e1gio obrigat\u00f3rio se j\u00e1 tiver conclu\u00eddo todas as disciplinas obrigat\u00f3rias e DCGs da grade curricular do curso de Engenharia de Computa\u00e7\u00e3o.<\/p>\n<p>\u00c9 recomendado que no semestre anterior ao que far\u00e1 o est\u00e1gio, o aluno deve procurar a empresa onde pretende estagiar, para poder iniciar o est\u00e1gio dentro do per\u00edodo correto.<\/p>\n<p>Deve-se ter aten\u00e7\u00e3o especial com a documenta\u00e7\u00e3o a ser entregue, a qual possui prazos, sempre informados pela secretaria pelas m\u00eddias oficiais do curso.<\/p>\n<p>O carga hor\u00e1ria semanal m\u00e1xima permitida pelo curso \u00e9 de 30 horas.<\/p>\n<p>Etapas para efetiva\u00e7\u00e3o do est\u00e1gio:<\/p>\n<p>1) Entrega da &#8220;Declara\u00e7\u00e3o do Orientador&#8221; na secretaria do curso at\u00e9 o final da semana de ajustes (primeira semana do semestre letivo). Este documento somente habilita a matr\u00edcula do aluno em est\u00e1gio obrigat\u00f3rio.\u00a0A matr\u00edcula em est\u00e1gio n\u00e3o efetiva o in\u00edcio do est\u00e1gio. O est\u00e1gio somente estar\u00e1 em vig\u00eancia com o Termo de Compromisso assinado pelo supervisor de est\u00e1gio, aluno e coordenador do curso.\u00a0Nesta etapa, o aluno n\u00e3o precisa estar com o local de est\u00e1gio definido.<\/p>\n<p>2) Preencher o Termo de Compromisso e Plano de Est\u00e1gio at\u00e9 45 dias ap\u00f3s a data inicial do semestre letivo. Lembrando que nesta etapa o aluno deve ter o local de est\u00e1gio j\u00e1 definido. O &#8220;Plano de est\u00e1gio&#8221; deve ser preenchido pelo supervisor e o(a) aluno(a).<\/p>\n<ul>\n<li>Deve ser preenchido o &#8220;Termo de Compromisso Interno&#8221; para est\u00e1gios em unidades\/subunidades da UFSM. Para est\u00e1gios externos \u00e0 UFSM, deve ser preenchido o &#8220;Termo de Compromisso&#8221;.<\/li>\n<li>O T<span class=\"il\">ermo<\/span> de Compromisso de Est\u00e1gio e o plano de est\u00e1gio dever\u00e3o ser assinados e tramitados pelo PEN-SIE, pelo aluno. Ap\u00f3s, a Coordena\u00e7\u00e3o do curso analisar e assinar, ser\u00e1 dada a tramita\u00e7\u00e3o necess\u00e1ria aos demais interessados. Importante a empresa estar cadastrada como usu\u00e1ria externa no PEN SIE. D\u00favidas e esclarecimentos devem ser solicitados \u00e0 equipe do PEN-SIE pelo email: <a href=\"mailto:pen@ufsm.br\" target=\"_blank\" rel=\"noopener noreferrer\">pen@ufsm.br<\/a><\/li>\n<\/ul>\n<p>3) Ao final do per\u00edodo de est\u00e1gio, o aluno deve enviar para o professor orientador a &#8220;Ficha de Avalia\u00e7\u00e3o de Est\u00e1gio&#8221; preenchida pelo supervisor e o relat\u00f3rio de est\u00e1gio.<\/p>\n<p>4) O relat\u00f3rio de est\u00e1gio e a &#8220;Ficha de Avalia\u00e7\u00e3o de Est\u00e1gio&#8221; devem anexadas ao mesmo processo PEN SIE do Termo de Compromisso de Est\u00e1gio. Ap\u00f3s assinaturas das fichas e relat\u00f3rio pelo supervisor e orientador, o processo deve ser encaminhado a secretaria do curso.\u00a0<\/p>\n<p>Contatos para realiza\u00e7\u00e3o de Est\u00e1gio:<\/p>\n<p><a href=\"https:\/\/drive.google.com\/file\/d\/1OHm8g8EaNxhBCnA4gASniPSm2nz5Yo-8\/view?usp=sharing\">https:\/\/drive.google.com\/file\/d\/1OHm8g8EaNxhBCnA4gASniPSm2nz5Yo-8\/view?usp=sharing<\/a><\/p>\n<p>Para mais informa\u00e7\u00f5es sobre Est\u00e1gio Obrigat\u00f3rio, acesse a p\u00e1gina da PROGRAD:<\/p>\n<p><blockquote class=\"wp-embedded-content\" data-secret=\"oWhfSDa1sC\"><a href=\"https:\/\/www.ufsm.br\/pro-reitorias\/prograd\/code\/estagios\/estagio-obrigatorio\">Est\u00e1gio obrigat\u00f3rio<\/a><\/blockquote><iframe class=\"wp-embedded-content\" sandbox=\"allow-scripts\" security=\"restricted\" style=\"position: absolute; clip: rect(1px, 1px, 1px, 1px);\" title=\"&#8220;Est\u00e1gio obrigat\u00f3rio&#8221; &#8212; PROGRAD\" src=\"https:\/\/www.ufsm.br\/pro-reitorias\/prograd\/code\/estagios\/estagio-obrigatorio\/embed#?secret=wHozeowvcb#?secret=oWhfSDa1sC\" data-secret=\"oWhfSDa1sC\" width=\"500\" height=\"282\" frameborder=\"0\" marginwidth=\"0\" marginheight=\"0\" scrolling=\"no\"><\/iframe><\/p>\n\n","protected":false},"excerpt":{"rendered":"<p>Segundo as normas de est\u00e1gio, o aluno somente poder\u00e1 se matricular em est\u00e1gio obrigat\u00f3rio se j\u00e1 tiver conclu\u00eddo todas as disciplinas obrigat\u00f3rias e DCGs da grade curricular do curso de Engenharia de Computa\u00e7\u00e3o. \u00c9 recomendado que no semestre anterior ao que far\u00e1 o est\u00e1gio, o aluno deve procurar a empresa onde pretende estagiar, para poder [&hellip;]<\/p>\n","protected":false},"author":117,"featured_media":0,"parent":0,"menu_order":0,"comment_status":"closed","ping_status":"closed","template":"","meta":{"footnotes":""},"categories":[],"tags":[],"class_list":["post-154","page","type-page","status-publish","hentry"],"acf":[],"_links":{"self":[{"href":"https:\/\/www.ufsm.br\/cursos\/graduacao\/santa-maria\/engenharia-de-computacao\/wp-json\/wp\/v2\/pages\/154","targetHints":{"allow":["GET"]}}],"collection":[{"href":"https:\/\/www.ufsm.br\/cursos\/graduacao\/santa-maria\/engenharia-de-computacao\/wp-json\/wp\/v2\/pages"}],"about":[{"href":"https:\/\/www.ufsm.br\/cursos\/graduacao\/santa-maria\/engenharia-de-computacao\/wp-json\/wp\/v2\/types\/page"}],"author":[{"embeddable":true,"href":"https:\/\/www.ufsm.br\/cursos\/graduacao\/santa-maria\/engenharia-de-computacao\/wp-json\/wp\/v2\/users\/117"}],"replies":[{"embeddable":true,"href":"https:\/\/www.ufsm.br\/cursos\/graduacao\/santa-maria\/engenharia-de-computacao\/wp-json\/wp\/v2\/comments?post=154"}],"version-history":[{"count":0,"href":"https:\/\/www.ufsm.br\/cursos\/graduacao\/santa-maria\/engenharia-de-computacao\/wp-json\/wp\/v2\/pages\/154\/revisions"}],"wp:attachment":[{"href":"https:\/\/www.ufsm.br\/cursos\/graduacao\/santa-maria\/engenharia-de-computacao\/wp-json\/wp\/v2\/media?parent=154"}],"wp:term":[{"taxonomy":"category","embeddable":true,"href":"https:\/\/www.ufsm.br\/cursos\/graduacao\/santa-maria\/engenharia-de-computacao\/wp-json\/wp\/v2\/categories?post=154"},{"taxonomy":"post_tag","embeddable":true,"href":"https:\/\/www.ufsm.br\/cursos\/graduacao\/santa-maria\/engenharia-de-computacao\/wp-json\/wp\/v2\/tags?post=154"}],"curies":[{"name":"wp","href":"https:\/\/api.w.org\/{rel}","templated":true}]}}