{"id":551,"date":"2022-11-21T17:37:32","date_gmt":"2022-11-21T20:37:32","guid":{"rendered":"https:\/\/www.ufsm.br\/cursos\/graduacao\/santa-maria\/engenharia-de-computacao\/?page_id=551"},"modified":"2024-09-16T00:58:28","modified_gmt":"2024-09-16T03:58:28","slug":"proposta-de-reforma-curricular-2023","status":"publish","type":"page","link":"https:\/\/www.ufsm.br\/cursos\/graduacao\/santa-maria\/engenharia-de-computacao\/detalhes-do-curso\/proposta-de-reforma-curricular-2023","title":{"rendered":"Projeto Pedag\u00f3gico de Curso Curr\u00edculo 2023"},"content":{"rendered":"\n<p class=\"has-text-align-justify\">O Projeto Pedag\u00f3gico do Curso de Engenharia de Computa\u00e7\u00e3o foi aprovado pelo Colegiado do Curso em 2022. Todos que ingressarem em 2023 estar\u00e3o sujeitos as novas regras estabecidas pelo PPC 2023, que pode ser acessado <a href=\"https:\/\/drive.google.com\/file\/d\/1Wzn0GqnR5mzQcVuFID6xKjx9ST3G9hD7\/view?usp=sharing\" data-type=\"link\" data-id=\"https:\/\/drive.google.com\/file\/d\/1Wzn0GqnR5mzQcVuFID6xKjx9ST3G9hD7\/view?usp=sharing\">aqui<\/a>.<\/p>\n\n\n\n\n","protected":false},"excerpt":{"rendered":"<p>O Projeto Pedag\u00f3gico do Curso de Engenharia de Computa\u00e7\u00e3o foi aprovado pelo Colegiado do Curso em 2022. Todos que ingressarem em 2023 estar\u00e3o sujeitos as novas regras estabecidas pelo PPC 2023, que pode ser acessado aqui.<\/p>\n","protected":false},"author":81,"featured_media":0,"parent":153,"menu_order":0,"comment_status":"closed","ping_status":"closed","template":"","meta":{"footnotes":""},"categories":[],"tags":[],"class_list":["post-551","page","type-page","status-publish","hentry"],"acf":[],"_links":{"self":[{"href":"https:\/\/www.ufsm.br\/cursos\/graduacao\/santa-maria\/engenharia-de-computacao\/wp-json\/wp\/v2\/pages\/551","targetHints":{"allow":["GET"]}}],"collection":[{"href":"https:\/\/www.ufsm.br\/cursos\/graduacao\/santa-maria\/engenharia-de-computacao\/wp-json\/wp\/v2\/pages"}],"about":[{"href":"https:\/\/www.ufsm.br\/cursos\/graduacao\/santa-maria\/engenharia-de-computacao\/wp-json\/wp\/v2\/types\/page"}],"author":[{"embeddable":true,"href":"https:\/\/www.ufsm.br\/cursos\/graduacao\/santa-maria\/engenharia-de-computacao\/wp-json\/wp\/v2\/users\/81"}],"replies":[{"embeddable":true,"href":"https:\/\/www.ufsm.br\/cursos\/graduacao\/santa-maria\/engenharia-de-computacao\/wp-json\/wp\/v2\/comments?post=551"}],"version-history":[{"count":0,"href":"https:\/\/www.ufsm.br\/cursos\/graduacao\/santa-maria\/engenharia-de-computacao\/wp-json\/wp\/v2\/pages\/551\/revisions"}],"up":[{"embeddable":true,"href":"https:\/\/www.ufsm.br\/cursos\/graduacao\/santa-maria\/engenharia-de-computacao\/wp-json\/wp\/v2\/pages\/153"}],"wp:attachment":[{"href":"https:\/\/www.ufsm.br\/cursos\/graduacao\/santa-maria\/engenharia-de-computacao\/wp-json\/wp\/v2\/media?parent=551"}],"wp:term":[{"taxonomy":"category","embeddable":true,"href":"https:\/\/www.ufsm.br\/cursos\/graduacao\/santa-maria\/engenharia-de-computacao\/wp-json\/wp\/v2\/categories?post=551"},{"taxonomy":"post_tag","embeddable":true,"href":"https:\/\/www.ufsm.br\/cursos\/graduacao\/santa-maria\/engenharia-de-computacao\/wp-json\/wp\/v2\/tags?post=551"}],"curies":[{"name":"wp","href":"https:\/\/api.w.org\/{rel}","templated":true}]}}