{"id":334,"date":"2019-03-28T15:59:12","date_gmt":"2019-03-28T18:59:12","guid":{"rendered":"https:\/\/www.ufsm.br\/cursos\/graduacao\/santa-maria\/engenharia-de-controle-e-automacao\/?page_id=334"},"modified":"2021-01-25T11:20:34","modified_gmt":"2021-01-25T14:20:34","slug":"sobre-o-garra","status":"publish","type":"page","link":"https:\/\/www.ufsm.br\/cursos\/graduacao\/santa-maria\/engenharia-de-controle-e-automacao\/sobre-o-garra","title":{"rendered":"Sobre o Garra"},"content":{"rendered":"\n<p>O <strong>Grupo de Automa\u00e7\u00e3o e Rob\u00f3tica Aplicada (GARRA)<\/strong> foi criado em outubro de 2011 por alunos e professores da UFSM (Universidade Federal de Santa Maria), o GARRA tem como objetivo o desenvolvimento tecnol\u00f3gico atrav\u00e9s da constru\u00e7\u00e3o de rob\u00f4s, participando de competi\u00e7\u00f5es nacionais e posteriormente internacionais de rob\u00f3tica, e a integra\u00e7\u00e3o da Universidade com a comunidade, atrav\u00e9s de projetos de extens\u00e3o realizados em escolas de Santa Maria e regi\u00e3o.<\/p>\n<div class=\"entry-content\">\n<p>O GARRA est\u00e1 atualmente situado na sala 2-7 do NUPEDEE (N\u00facleo de Pesquisa e Desenvolvimento em Engenharia El\u00e9trica), no pr\u00e9dio anexo ao Centro de Tecnologia da UFSM.<\/p>\n<p>E-mail:\u00a0<a href=\"mailto:garra.ufsm@gmail.com\">garra.ufsm@gmail.com<\/a><\/p>\n<\/div>\n","protected":false},"excerpt":{"rendered":"<p>O Grupo de Automa\u00e7\u00e3o e Rob\u00f3tica Aplicada (GARRA) foi criado em outubro de 2011 por alunos e professores da UFSM (Universidade Federal de Santa Maria), o GARRA tem como objetivo o desenvolvimento tecnol\u00f3gico atrav\u00e9s da constru\u00e7\u00e3o de rob\u00f4s, participando de competi\u00e7\u00f5es nacionais e posteriormente internacionais de rob\u00f3tica, e a integra\u00e7\u00e3o da Universidade com a comunidade, [&hellip;]<\/p>\n","protected":false},"author":118,"featured_media":0,"parent":0,"menu_order":0,"comment_status":"closed","ping_status":"closed","template":"","meta":{"footnotes":""},"categories":[],"tags":[],"class_list":["post-334","page","type-page","status-publish","hentry"],"acf":[],"_links":{"self":[{"href":"https:\/\/www.ufsm.br\/cursos\/graduacao\/santa-maria\/engenharia-de-controle-e-automacao\/wp-json\/wp\/v2\/pages\/334","targetHints":{"allow":["GET"]}}],"collection":[{"href":"https:\/\/www.ufsm.br\/cursos\/graduacao\/santa-maria\/engenharia-de-controle-e-automacao\/wp-json\/wp\/v2\/pages"}],"about":[{"href":"https:\/\/www.ufsm.br\/cursos\/graduacao\/santa-maria\/engenharia-de-controle-e-automacao\/wp-json\/wp\/v2\/types\/page"}],"author":[{"embeddable":true,"href":"https:\/\/www.ufsm.br\/cursos\/graduacao\/santa-maria\/engenharia-de-controle-e-automacao\/wp-json\/wp\/v2\/users\/118"}],"replies":[{"embeddable":true,"href":"https:\/\/www.ufsm.br\/cursos\/graduacao\/santa-maria\/engenharia-de-controle-e-automacao\/wp-json\/wp\/v2\/comments?post=334"}],"version-history":[{"count":0,"href":"https:\/\/www.ufsm.br\/cursos\/graduacao\/santa-maria\/engenharia-de-controle-e-automacao\/wp-json\/wp\/v2\/pages\/334\/revisions"}],"wp:attachment":[{"href":"https:\/\/www.ufsm.br\/cursos\/graduacao\/santa-maria\/engenharia-de-controle-e-automacao\/wp-json\/wp\/v2\/media?parent=334"}],"wp:term":[{"taxonomy":"category","embeddable":true,"href":"https:\/\/www.ufsm.br\/cursos\/graduacao\/santa-maria\/engenharia-de-controle-e-automacao\/wp-json\/wp\/v2\/categories?post=334"},{"taxonomy":"post_tag","embeddable":true,"href":"https:\/\/www.ufsm.br\/cursos\/graduacao\/santa-maria\/engenharia-de-controle-e-automacao\/wp-json\/wp\/v2\/tags?post=334"}],"curies":[{"name":"wp","href":"https:\/\/api.w.org\/{rel}","templated":true}]}}