{"id":210,"date":"2018-11-29T09:32:31","date_gmt":"2018-11-29T11:32:31","guid":{"rendered":"https:\/\/www.ufsm.br\/cursos\/graduacao\/santa-maria\/engenharia-eletrica\/?page_id=210"},"modified":"2018-12-27T08:54:12","modified_gmt":"2018-12-27T10:54:12","slug":"210-2","status":"publish","type":"page","link":"https:\/\/www.ufsm.br\/cursos\/graduacao\/santa-maria\/engenharia-eletrica\/210-2","title":{"rendered":"Trabalho de conclus\u00e3o de curso"},"content":{"rendered":"<h4><strong><span style=\"font-size: 12pt\">O que fazer antes de iniciar o TCC 1?<\/span><\/strong><\/h4>\n<p><span style=\"font-size: 12pt\"><br \/>\nRequisito para iniciar o TCC 1\u00a0: completado 2445 horas de disciplina.<\/span><\/p>\n<p><span style=\"font-size: 12pt\">Passos para inscrever-se no TCC 1\u00a0:<\/span><\/p>\n<p><span style=\"font-size: 12pt\">1) O aluno deve escolher o PROFESSOR ORIENTADOR para o tema desenvolvido.\u00a0Prazo: \u00faltimo dia de aula do semestre anterior ao TCC 1, antes dos exames.<\/span><\/p>\n<p><span style=\"font-size: 12pt\">2) Caso o professor orientador n\u00e3o \u00e9 vinculado a curso de Engenharia, \u00e9 eleito cadastrar o orientador junto com o curso, sob uma an\u00e1lise da coordena\u00e7\u00e3o.\u00a0O orientador deve ter experi\u00eancia na \u00e1rea de Engenharia El\u00e9trica ou \u00e1reas afins.\u00a0Prazo: 1 semana antes do prazo do item acima.<\/span><\/p>\n<p><span style=\"font-size: 12pt\">3) O PROFESSOR ORIENTADOR deve assinar uma DECLARA\u00c7\u00c3O DO ORIENTADOR\u00a0\u00a0.\u00a0Prazo: \u00faltimo dia de aula do semestre anterior ao TCC 1, antes dos exames.<\/span><\/p>\n<h4><span style=\"font-size: 12pt\">Como se matricular no TCC 2?<\/span><\/h4>\n<p><span style=\"font-size: 12pt\"><br \/>\nA CCC \u00e9 um curso de matr\u00edcula no TCC 2 durante a semana de ajustes (1\u00aa semana do semestre).\u00a0N\u00e3o se esque\u00e7a de obter uma matr\u00edcula no TCC 2, deve avisar a coordena\u00e7\u00e3o.<\/span><\/p>\n<h4><span style=\"font-size: 12pt\">Defesa do TCC (ou TCC 2)<\/span><\/h4>\n<p><span style=\"font-size: 12pt\">Requisitos para a defesa do TCC:\u00a0ter um projeto de ensino como um projeto de ensino.<\/span><\/p>\n<p><span style=\"font-size: 12pt\">Documentos para uma defesa\u00a0(impressos e assinados):<\/span><\/p>\n<p><span style=\"font-size: 12pt\">1) Ficha de Avalia\u00e7\u00e3o:\u00a0Documento de Avalia\u00e7\u00e3o de Curso de Engenharia El\u00e9trica.\u00a0Ap\u00f3s avalia\u00e7\u00e3o do Trabalho de Conclus\u00e3o.\u00a0<\/span><\/p>\n<p><span style=\"font-size: 12pt\">2) Autoriza\u00e7\u00e3o para libera\u00e7\u00e3o online do TCC\u00a0: dispon\u00edvel no site do Mananacial da UFSM.\u00a0Link nesse link:\u00a0\u00a0<a href=\"http:\/\/w3.ufsm.br\/biblioteca\/index.php\/separador-3\/autorizacao-on-line?download=65:autorizacao-para-tcc-de-graduacao-on-line\">http:\/\/w3.ufsm.br\/biblioteca\/index.php\/separador-3\/autorizacao-on-line?download=65:autorizacao-para-tcc-de-graduacao-on-line<\/a><\/span><\/p>\n<h4><span style=\"font-size: 12pt\">Outras informa\u00e7\u00f5es\u00a0<\/span><\/h4>\n<ol>\n<li><span style=\"font-size: 12pt\">A matr\u00edcula em TCC \u00e9 realizada na semana de ajuste de matr\u00edcula, no in\u00edcio do semestre.\u00a0Para ser adequado a ser matriculado, o tempo anterior deve ser utilizado no final do semestre anterior.<\/span><\/li>\n<li><span style=\"font-size: 12pt\">O aluno tem um papel importante no TCC, tendo como professor orientador de um papel de mediador da organiza\u00e7\u00e3o do trabalho final.<\/span><\/li>\n<\/ol>\n<p><strong>Trabalhos conclu\u00eddos<\/strong><\/p>\n<p><a href=\"https:\/\/repositorio.ufsm.br\/handle\/1\/14825\">Manancial da UFSM<\/a><\/p>\n","protected":false},"excerpt":{"rendered":"<p>O que fazer antes de iniciar o TCC 1? Requisito para iniciar o TCC 1\u00a0: completado 2445 horas de disciplina. Passos para inscrever-se no TCC 1\u00a0: 1) O aluno deve escolher o PROFESSOR ORIENTADOR para o tema desenvolvido.\u00a0Prazo: \u00faltimo dia de aula do semestre anterior ao TCC 1, antes dos exames. 2) Caso o professor [&hellip;]<\/p>\n","protected":false},"author":201,"featured_media":0,"parent":0,"menu_order":0,"comment_status":"closed","ping_status":"closed","template":"","meta":{"footnotes":""},"categories":[],"tags":[],"class_list":["post-210","page","type-page","status-publish","hentry"],"acf":[],"_links":{"self":[{"href":"https:\/\/www.ufsm.br\/cursos\/graduacao\/santa-maria\/engenharia-eletrica\/wp-json\/wp\/v2\/pages\/210","targetHints":{"allow":["GET"]}}],"collection":[{"href":"https:\/\/www.ufsm.br\/cursos\/graduacao\/santa-maria\/engenharia-eletrica\/wp-json\/wp\/v2\/pages"}],"about":[{"href":"https:\/\/www.ufsm.br\/cursos\/graduacao\/santa-maria\/engenharia-eletrica\/wp-json\/wp\/v2\/types\/page"}],"author":[{"embeddable":true,"href":"https:\/\/www.ufsm.br\/cursos\/graduacao\/santa-maria\/engenharia-eletrica\/wp-json\/wp\/v2\/users\/201"}],"replies":[{"embeddable":true,"href":"https:\/\/www.ufsm.br\/cursos\/graduacao\/santa-maria\/engenharia-eletrica\/wp-json\/wp\/v2\/comments?post=210"}],"version-history":[{"count":0,"href":"https:\/\/www.ufsm.br\/cursos\/graduacao\/santa-maria\/engenharia-eletrica\/wp-json\/wp\/v2\/pages\/210\/revisions"}],"wp:attachment":[{"href":"https:\/\/www.ufsm.br\/cursos\/graduacao\/santa-maria\/engenharia-eletrica\/wp-json\/wp\/v2\/media?parent=210"}],"wp:term":[{"taxonomy":"category","embeddable":true,"href":"https:\/\/www.ufsm.br\/cursos\/graduacao\/santa-maria\/engenharia-eletrica\/wp-json\/wp\/v2\/categories?post=210"},{"taxonomy":"post_tag","embeddable":true,"href":"https:\/\/www.ufsm.br\/cursos\/graduacao\/santa-maria\/engenharia-eletrica\/wp-json\/wp\/v2\/tags?post=210"}],"curies":[{"name":"wp","href":"https:\/\/api.w.org\/{rel}","templated":true}]}}