{"id":162,"date":"2018-12-05T10:30:57","date_gmt":"2018-12-05T12:30:57","guid":{"rendered":"https:\/\/www.ufsm.br\/cursos\/graduacao\/santa-maria\/engenharia-mecanica\/?page_id=162"},"modified":"2025-09-24T13:33:22","modified_gmt":"2025-09-24T16:33:22","slug":"colegiado","status":"publish","type":"page","link":"https:\/\/www.ufsm.br\/cursos\/graduacao\/santa-maria\/engenharia-mecanica\/colegiado","title":{"rendered":"Colegiado"},"content":{"rendered":"<p>Atual composi\u00e7\u00e3o, a partir da Portarias <a href=\"http:\/\/chrome-extension:\/\/efaidnbmnnnibpcajpcglclefindmkaj\/https:\/\/portal.ufsm.br\/documentos\/download.html?action=componente&amp;download=false&amp;id=6290463\" data-wplink-url-error=\"true\">180\/2025 de 30 de julho de 2025 <\/a>e respectiva <a href=\"http:\/\/chrome-extension:\/\/efaidnbmnnnibpcajpcglclefindmkaj\/https:\/\/portal.ufsm.br\/documentos\/download.html?action=componente&amp;download=false&amp;id=6290497\" data-wplink-url-error=\"true\">apostila<\/a>, <a href=\"http:\/\/chrome-extension:\/\/efaidnbmnnnibpcajpcglclefindmkaj\/https:\/\/portal.ufsm.br\/documentos\/download.html?action=componente&amp;download=false&amp;id=6290802\" data-wplink-url-error=\"true\">245\/2025 de 18 de setembro de 2025<\/a> e\u00a0<\/p>\n<table style=\"width: 100%;height: 391px\" border=\"0\" align=\"center\">\n<tbody>\n<tr style=\"height: 23px\">\n<td style=\"height: 23px;width: 39.2265%\">NOME<\/td>\n<td style=\"height: 23px;width: 60.221%\">REPRESENTA\u00c7\u00c3O<\/td>\n<\/tr>\n<tr style=\"height: 23px\">\n<td style=\"height: 23px;width: 39.2265%\">Cristiano Jos\u00e9 Scheuer<\/td>\n<td style=\"height: 23px;width: 60.221%\">Presidente &#8211; Coordenador do Curso de Engenharia Mec\u00e2nica<\/td>\n<\/tr>\n<tr style=\"height: 23px\">\n<td style=\"height: 23px;width: 39.2265%\">Alexandre Aparecido Buenos<\/td>\n<td style=\"height: 23px;width: 60.221%\">Vice-Presidente &#8211; Coordenador Substituto<\/td>\n<\/tr>\n<tr style=\"height: 23px\">\n<td style=\"height: 23px;width: 39.2265%\">C\u00e9sar Gabriel dos Santos<\/td>\n<td style=\"height: 23px;width: 60.221%\">Departamento de Engenharia Mec\u00e2nica<\/td>\n<\/tr>\n<tr style=\"height: 23px\">\n<td style=\"height: 23px;width: 39.2265%\">F\u00e1tima Squizani<\/td>\n<td style=\"height: 23px;width: 60.221%\">Departamento de Qu\u00edmica<\/td>\n<\/tr>\n<tr style=\"height: 23px\">\n<td style=\"height: 23px;width: 39.2265%\">Giuliano Demarco<\/td>\n<td style=\"height: 23px;width: 60.221%\">Departamento de Engenharia Mec\u00e2nica<\/td>\n<\/tr>\n<tr style=\"height: 23px\">\n<td style=\"height: 23px;width: 39.2265%\">Joelson Almeida Bilh\u00e3o<\/td>\n<td style=\"height: 23px;width: 60.221%\">Profissional Engenheiro Mec\u00e2nico &#8211; CREA\/RS<\/td>\n<\/tr>\n<tr style=\"height: 23px\">\n<td style=\"height: 23px;width: 39.2265%\">Lu\u00eds Fernando Nicolini<\/td>\n<td style=\"height: 23px;width: 60.221%\">Departamento de Engenharia Mec\u00e2nica<\/td>\n<\/tr>\n<tr style=\"height: 23px\">\n<td style=\"height: 23px;width: 39.2265%\">Morgana Pizzolato<\/td>\n<td style=\"height: 23px;width: 60.221%\">Departamento de Engenharia de Produ\u00e7\u00e3o e Sistemas<\/td>\n<\/tr>\n<tr style=\"height: 23px\">\n<td style=\"height: 23px;width: 39.2265%\">Pedro Parcianello Rostirolla<\/td>\n<td style=\"height: 23px;width: 60.221%\">Representante Discente<\/td>\n<\/tr>\n<tr style=\"height: 23px\">\n<td style=\"height: 23px;width: 39.2265%\">Roberto Begnis Hausen<\/td>\n<td style=\"height: 23px;width: 60.221%\">Departamento de Express\u00e3o Gr\u00e1fica<\/td>\n<\/tr>\n<tr style=\"height: 23px\">\n<td style=\"height: 23px;width: 39.2265%\">Sth\u00e9fany Pedroso Theisen<\/td>\n<td style=\"height: 23px;width: 60.221%\">Representante Discente<\/td>\n<\/tr>\n<tr style=\"height: 23px\">\n<td style=\"height: 23px;width: 39.2265%\">Thompson Di\u00f3rdinis Metzka Lanzanova<\/td>\n<td style=\"height: 23px;width: 60.221%\">Departamento de Engenharia Mec\u00e2nica<\/td>\n<\/tr>\n<\/tbody>\n<\/table>\n<p>ATAS<\/p>\n<ul>\n<li><a href=\"https:\/\/portal.ufsm.br\/documentos\/publico\/documento.html?id=15585136\">ATA 004\/2025<\/a>, reuni\u00e3o ocorrida em 21\/08\/2025.<\/li>\n<li><a href=\"https:\/\/portal.ufsm.br\/documentos\/publico\/documento.html?idDocumento=15569378\">ATA 003\/2025<\/a>, reuni\u00e3o ocorrida em 16\/07\/2025.<\/li>\n<li><a href=\"https:\/\/portal.ufsm.br\/documentos\/publico\/documento.html?idDocumento=15455528\">ATA 002\/2025<\/a>, reuni\u00e3o ocorrida em 23\/05\/2025.<\/li>\n<li><a href=\"https:\/\/portal.ufsm.br\/documentos\/publico\/documento.html?idDocumento=15389747\">ATA 001\/2025<\/a>, reuni\u00e3o ocorrida em 21\/03\/2025.<\/li>\n<li><a href=\"https:\/\/portal.ufsm.br\/documentos\/publico\/documento.html?idDocumento=15242404\">ATA 004\/2024<\/a>, reuni\u00e3o ocorrida em 27\/09\/2024.<\/li>\n<li><a href=\"https:\/\/portal.ufsm.br\/documentos\/publico\/documento.html?idDocumento=15242369\">ATA 003\/2024<\/a>, reuni\u00e3o ocorrida em 25\/07\/2024.<\/li>\n<li><a href=\"https:\/\/portal.ufsm.br\/documentos\/publico\/documento.html?id=15242218\">ATA 002\/2024<\/a>, reuni\u00e3o ocorrida em 07\/06\/2024.<\/li>\n<li><a href=\"https:\/\/portal.ufsm.br\/documentos\/publico\/documento.html?id=15237545\">ATA 001\/2024<\/a>, reuni\u00e3o ocorrida em 22\/03\/2024.<\/li>\n<li><a href=\"https:\/\/portal.ufsm.br\/documentos\/publico\/documento.html?id=14890582\">ATA 004\/2023<\/a>, reuni\u00e3o ocorrida em 22\/09\/2023.<\/li>\n<li><a href=\"https:\/\/portal.ufsm.br\/documentos\/publico\/documento.html?id=14890529\">ATA 003\/2023<\/a>, reuni\u00e3o ocorrida em 17\/08\/2023.<\/li>\n<li><a href=\"https:\/\/portal.ufsm.br\/documentos\/publico\/documento.html?id=14890466\">ATA 002\/2023<\/a>, reuni\u00e3o ocorrida em 15\/06\/2023.<\/li>\n<li><a href=\"https:\/\/portal.ufsm.br\/documentos\/publico\/documento.html?id=15152646\">ATA 001\/2023<\/a>, reuni\u00e3o ocorrida em 30\/30\/2023.<\/li>\n<\/ul>\n<p>PORTARIAS<\/p>\n<ul>\n<li><a href=\"https:\/\/drive.google.com\/file\/d\/169xcRDSFvSTq6fTx7zNJk5K7qH7233o8\/view?usp=sharing\">Portaria 043\/2018 de 07 de mar\u00e7o de 2018<\/a><\/li>\n<li><a href=\"https:\/\/drive.google.com\/file\/d\/1N7_MyFjCDd-k8uzwsdgrxRrOQpRGh8bI\/view?usp=sharing\">Portaria 279\/2019, de 27 de novembro de 2018<\/a><\/li>\n<li><a href=\"https:\/\/drive.google.com\/file\/d\/16e3eePQdWmevdEj4oxdOiPCTODYNF6cK\/view?usp=sharing\">Portaria 167\/2019, de 07 de agosto de 2019<\/a><\/li>\n<li><a href=\"https:\/\/drive.google.com\/file\/d\/10q47qDjcibXno8vcXTkVMK5rAyd5zDbb\/view?usp=sharing\">Portaria 094\/2021, de 16 de junho de 2021<\/a><\/li>\n<li><a href=\"https:\/\/drive.google.com\/file\/d\/13GZue_HRYPvseJ4PjthgI_HtOJwK7FCm\/view?usp=sharing\">Portaria 150\/2021, de 29 de julho de 2021<\/a><\/li>\n<li><a href=\"https:\/\/drive.google.com\/file\/d\/1yxNP5jv4gxFJFq6Kr1LN8hIfHvFgx2fK\/view?usp=sharing\">Portaria 165\/2022, de 13 de julho de 2022<\/a><\/li>\n<li><a href=\"https:\/\/drive.google.com\/file\/d\/1TyGZtza13K72Cgsj2cubaBDjYoZQNRZq\/view?usp=sharing\">Portaria 050\/2023, de 28 de mar\u00e7o de 2023<\/a><\/li>\n<li><a href=\"https:\/\/drive.google.com\/file\/d\/19xMlqn-JvWp18fyZj37sSATu7sagggmu\/view?usp=sharing\">Portaria n\u00ba 104\/2023 \u2013 CT de 06 de junho de 2023<\/a><\/li>\n<li><a href=\"https:\/\/drive.google.com\/file\/d\/1THKPE6f2zkwfG28GyFfPFG4gcu_0zpEG\/view?usp=sharing\">Apostila n\u00b0 104 de 23 de julho de 2023<\/a><\/li>\n<li><a href=\"https:\/\/www.ufsm.br\/app\/uploads\/sites\/435\/2024\/08\/PORT_PES_CT_2024_152-Colegiado-curso-de-Mecanica.pdf\">Portaria 152\/2024, de 09 de julho de 2024<\/a><\/li>\n<li><a href=\"https:\/\/www.ufsm.br\/app\/uploads\/sites\/435\/2025\/07\/PORT_PES_CT_2025_180.pdf\">Portaria 180\/2025 de 30 de julho de 2025<\/a><\/li>\n<li><a href=\"https:\/\/www.ufsm.br\/app\/uploads\/sites\/435\/2025\/07\/PORT_PES_CT_2025_179.pdf\">Portaria 179\/2025 de 30 de julho de 2025<\/a><\/li>\n<li><a href=\"http:\/\/chrome-extension:\/\/efaidnbmnnnibpcajpcglclefindmkaj\/https:\/\/portal.ufsm.br\/documentos\/download.html?action=componente&amp;download=false&amp;id=6290463\" data-wplink-url-error=\"true\">180\/2025 de 30 de julho de 2025 <\/a>e respectiva <a href=\"http:\/\/chrome-extension:\/\/efaidnbmnnnibpcajpcglclefindmkaj\/https:\/\/portal.ufsm.br\/documentos\/download.html?action=componente&amp;download=false&amp;id=6290497\" data-wplink-url-error=\"true\">apostila<\/a>,<\/li>\n<li><a href=\"http:\/\/chrome-extension:\/\/efaidnbmnnnibpcajpcglclefindmkaj\/https:\/\/portal.ufsm.br\/documentos\/download.html?action=componente&amp;download=false&amp;id=6290802\" data-wplink-url-error=\"true\">245\/2025 de 18 de setembro de 2025<\/a>\u00a0<\/li>\n<\/ul>\n\n","protected":false},"excerpt":{"rendered":"<p>Atual composi\u00e7\u00e3o, a partir da Portarias 180\/2025 de 30 de julho de 2025 e respectiva apostila, 245\/2025 de 18 de setembro de 2025 e\u00a0 NOME REPRESENTA\u00c7\u00c3O Cristiano Jos\u00e9 Scheuer Presidente &#8211; Coordenador do Curso de Engenharia Mec\u00e2nica Alexandre Aparecido Buenos Vice-Presidente &#8211; Coordenador Substituto C\u00e9sar Gabriel dos Santos Departamento de Engenharia Mec\u00e2nica F\u00e1tima Squizani Departamento [&hellip;]<\/p>\n","protected":false},"author":117,"featured_media":0,"parent":0,"menu_order":0,"comment_status":"closed","ping_status":"closed","template":"","meta":{"footnotes":""},"categories":[],"tags":[],"class_list":["post-162","page","type-page","status-publish","hentry"],"acf":[],"_links":{"self":[{"href":"https:\/\/www.ufsm.br\/cursos\/graduacao\/santa-maria\/engenharia-mecanica\/wp-json\/wp\/v2\/pages\/162","targetHints":{"allow":["GET"]}}],"collection":[{"href":"https:\/\/www.ufsm.br\/cursos\/graduacao\/santa-maria\/engenharia-mecanica\/wp-json\/wp\/v2\/pages"}],"about":[{"href":"https:\/\/www.ufsm.br\/cursos\/graduacao\/santa-maria\/engenharia-mecanica\/wp-json\/wp\/v2\/types\/page"}],"author":[{"embeddable":true,"href":"https:\/\/www.ufsm.br\/cursos\/graduacao\/santa-maria\/engenharia-mecanica\/wp-json\/wp\/v2\/users\/117"}],"replies":[{"embeddable":true,"href":"https:\/\/www.ufsm.br\/cursos\/graduacao\/santa-maria\/engenharia-mecanica\/wp-json\/wp\/v2\/comments?post=162"}],"version-history":[{"count":0,"href":"https:\/\/www.ufsm.br\/cursos\/graduacao\/santa-maria\/engenharia-mecanica\/wp-json\/wp\/v2\/pages\/162\/revisions"}],"wp:attachment":[{"href":"https:\/\/www.ufsm.br\/cursos\/graduacao\/santa-maria\/engenharia-mecanica\/wp-json\/wp\/v2\/media?parent=162"}],"wp:term":[{"taxonomy":"category","embeddable":true,"href":"https:\/\/www.ufsm.br\/cursos\/graduacao\/santa-maria\/engenharia-mecanica\/wp-json\/wp\/v2\/categories?post=162"},{"taxonomy":"post_tag","embeddable":true,"href":"https:\/\/www.ufsm.br\/cursos\/graduacao\/santa-maria\/engenharia-mecanica\/wp-json\/wp\/v2\/tags?post=162"}],"curies":[{"name":"wp","href":"https:\/\/api.w.org\/{rel}","templated":true}]}}