{"id":174,"date":"2018-12-03T11:07:21","date_gmt":"2018-12-03T13:07:21","guid":{"rendered":"https:\/\/www.ufsm.br\/cursos\/graduacao\/santa-maria\/farmacia\/?page_id=174"},"modified":"2024-10-29T14:57:04","modified_gmt":"2024-10-29T17:57:04","slug":"identidade-visual","status":"publish","type":"page","link":"https:\/\/www.ufsm.br\/cursos\/graduacao\/santa-maria\/farmacia\/identidade-visual","title":{"rendered":"Identidade Visual"},"content":{"rendered":"<p>Apresentamos nesta \u00e1rea os arquivos com os elementos gr\u00e1ficos necess\u00e1rios para a cria\u00e7\u00e3o e aplica\u00e7\u00e3o em documentos.<\/p>\n<p>Clique nos links abaixo para baixar os arquivos da Marca do Curso:<\/p>\n<p><a href=\"https:\/\/www.ufsm.br\/app\/uploads\/sites\/438\/2024\/10\/Logo-escrita_JPEG.jpg\">LOGO+ escrita JPEG<\/a><\/p>\n<p><a href=\"https:\/\/www.ufsm.br\/app\/uploads\/sites\/438\/2024\/10\/LOGO-Farmacia-UFSM_JPEG-scaled.jpg\">LOGO Farm\u00e1cia UFSM JPEG<\/a><\/p>\n<p><a href=\"https:\/\/www.ufsm.br\/app\/uploads\/sites\/438\/2024\/10\/Logo-escrita_PNG.png\">LOGO + escrita PNG<\/a><\/p>\n<p><a href=\"https:\/\/www.ufsm.br\/app\/uploads\/sites\/438\/2024\/10\/LOGO-Farmacia-UFSM_PNG.png\">LOGO Farm\u00e1cia UFSM PNG<\/a><\/p>\n\n\n\n","protected":false},"excerpt":{"rendered":"<p>Apresentamos nesta \u00e1rea os arquivos com os elementos gr\u00e1ficos necess\u00e1rios para a cria\u00e7\u00e3o e aplica\u00e7\u00e3o em documentos. Clique nos links abaixo para baixar os arquivos da Marca do Curso: LOGO+ escrita JPEG LOGO Farm\u00e1cia UFSM JPEG LOGO + escrita PNG LOGO Farm\u00e1cia UFSM PNG<\/p>\n","protected":false},"author":201,"featured_media":0,"parent":0,"menu_order":0,"comment_status":"closed","ping_status":"closed","template":"","meta":{"footnotes":""},"categories":[],"tags":[],"class_list":["post-174","page","type-page","status-publish","hentry"],"acf":[],"_links":{"self":[{"href":"https:\/\/www.ufsm.br\/cursos\/graduacao\/santa-maria\/farmacia\/wp-json\/wp\/v2\/pages\/174","targetHints":{"allow":["GET"]}}],"collection":[{"href":"https:\/\/www.ufsm.br\/cursos\/graduacao\/santa-maria\/farmacia\/wp-json\/wp\/v2\/pages"}],"about":[{"href":"https:\/\/www.ufsm.br\/cursos\/graduacao\/santa-maria\/farmacia\/wp-json\/wp\/v2\/types\/page"}],"author":[{"embeddable":true,"href":"https:\/\/www.ufsm.br\/cursos\/graduacao\/santa-maria\/farmacia\/wp-json\/wp\/v2\/users\/201"}],"replies":[{"embeddable":true,"href":"https:\/\/www.ufsm.br\/cursos\/graduacao\/santa-maria\/farmacia\/wp-json\/wp\/v2\/comments?post=174"}],"version-history":[{"count":0,"href":"https:\/\/www.ufsm.br\/cursos\/graduacao\/santa-maria\/farmacia\/wp-json\/wp\/v2\/pages\/174\/revisions"}],"wp:attachment":[{"href":"https:\/\/www.ufsm.br\/cursos\/graduacao\/santa-maria\/farmacia\/wp-json\/wp\/v2\/media?parent=174"}],"wp:term":[{"taxonomy":"category","embeddable":true,"href":"https:\/\/www.ufsm.br\/cursos\/graduacao\/santa-maria\/farmacia\/wp-json\/wp\/v2\/categories?post=174"},{"taxonomy":"post_tag","embeddable":true,"href":"https:\/\/www.ufsm.br\/cursos\/graduacao\/santa-maria\/farmacia\/wp-json\/wp\/v2\/tags?post=174"}],"curies":[{"name":"wp","href":"https:\/\/api.w.org\/{rel}","templated":true}]}}