{"id":285,"date":"2019-05-31T17:25:57","date_gmt":"2019-05-31T20:25:57","guid":{"rendered":"https:\/\/www.ufsm.br\/cursos\/graduacao\/santa-maria\/filosofia\/?page_id=285"},"modified":"2019-05-31T17:25:59","modified_gmt":"2019-05-31T20:25:59","slug":"claudio-almir-dalbosco","status":"publish","type":"page","link":"https:\/\/www.ufsm.br\/cursos\/graduacao\/santa-maria\/filosofia\/claudio-almir-dalbosco","title":{"rendered":"Cl\u00e1udio Almir Dalbosco"},"content":{"rendered":"\n<p><img fetchpriority=\"high\" decoding=\"async\" src=\"http:\/\/w3.ufsm.br\/senafe\/images\/palestrantes\/claudiodalbosco.jpg\" alt=\"Claudio Almir Dalbosco\" width=\"252\" height=\"250\" \/><\/p>\n<p>\u00a0<\/p>\n<p>Possui gradua\u00e7\u00e3o em Filosofia pela Universidade de Passo Fundo, especializa\u00e7\u00e3o em Epistemologia das Ci\u00eancias Sociais pela Universidade de Passo Fundo, mestrado em Filosofia pela Pontif\u00edcia Universidade Cat\u00f3lica do Rio Grande do Sul e doutorado em Filosofia pela Universit\u00e4t Kassel \u2013 Alemanha. Atualmente \u00e9 membro do Conselho Diretor da Funda\u00e7\u00e3o Universidade de Passo Fundo.<\/p>\n<p>Tem experi\u00eancia na \u00e1rea de Filosofia, em Hist\u00f3ria da Filosofia e Teoria do Conhecimento; na \u00e1rea da Pedagogia, em \u00c9tica Pedag\u00f3gica e Filosofia da Educa\u00e7\u00e3o.<\/p>\n<p>Algumas de suas pesquisas s\u00e3o: \u201cIluminismo e Pedagogia: Educa\u00e7\u00e3o natural e forma\u00e7\u00e3o humana no Emilio de Rousseau\u201d, \u201cForma\u00e7\u00e3o pedag\u00f3gica e pensamento p\u00f3s-metaf\u00edsico\u201d, \u201cIluminismo e Pedagogia\u201d, entre outros. Possui v\u00e1rias publica\u00e7\u00f5es de livros, como autor e organizador. Tamb\u00e9m \u00e9 autor de diversas publica\u00e7\u00f5es em revistas, cap\u00edtulos de livros e etc.<\/p>\n<p>A mesa em que participar\u00e1 como conferencista no V SENAFE &#8211; I SEINFE ter\u00e1 como tema \u201cResili\u00eancia, Perfectibilidade e Educa\u00e7\u00e3o\u201d. A mesma acontecer\u00e1 dia 20 de novembro \u00e0s 14h.<\/p>\n","protected":false},"excerpt":{"rendered":"<p>\u00a0 Possui gradua\u00e7\u00e3o em Filosofia pela Universidade de Passo Fundo, especializa\u00e7\u00e3o em Epistemologia das Ci\u00eancias Sociais pela Universidade de Passo Fundo, mestrado em Filosofia pela Pontif\u00edcia Universidade Cat\u00f3lica do Rio Grande do Sul e doutorado em Filosofia pela Universit\u00e4t Kassel \u2013 Alemanha. Atualmente \u00e9 membro do Conselho Diretor da Funda\u00e7\u00e3o Universidade de Passo Fundo. Tem [&hellip;]<\/p>\n","protected":false},"author":723,"featured_media":0,"parent":0,"menu_order":0,"comment_status":"closed","ping_status":"closed","template":"","meta":{"footnotes":""},"categories":[],"tags":[],"class_list":["post-285","page","type-page","status-publish","hentry"],"acf":[],"_links":{"self":[{"href":"https:\/\/www.ufsm.br\/cursos\/graduacao\/santa-maria\/filosofia\/wp-json\/wp\/v2\/pages\/285","targetHints":{"allow":["GET"]}}],"collection":[{"href":"https:\/\/www.ufsm.br\/cursos\/graduacao\/santa-maria\/filosofia\/wp-json\/wp\/v2\/pages"}],"about":[{"href":"https:\/\/www.ufsm.br\/cursos\/graduacao\/santa-maria\/filosofia\/wp-json\/wp\/v2\/types\/page"}],"author":[{"embeddable":true,"href":"https:\/\/www.ufsm.br\/cursos\/graduacao\/santa-maria\/filosofia\/wp-json\/wp\/v2\/users\/723"}],"replies":[{"embeddable":true,"href":"https:\/\/www.ufsm.br\/cursos\/graduacao\/santa-maria\/filosofia\/wp-json\/wp\/v2\/comments?post=285"}],"version-history":[{"count":0,"href":"https:\/\/www.ufsm.br\/cursos\/graduacao\/santa-maria\/filosofia\/wp-json\/wp\/v2\/pages\/285\/revisions"}],"wp:attachment":[{"href":"https:\/\/www.ufsm.br\/cursos\/graduacao\/santa-maria\/filosofia\/wp-json\/wp\/v2\/media?parent=285"}],"wp:term":[{"taxonomy":"category","embeddable":true,"href":"https:\/\/www.ufsm.br\/cursos\/graduacao\/santa-maria\/filosofia\/wp-json\/wp\/v2\/categories?post=285"},{"taxonomy":"post_tag","embeddable":true,"href":"https:\/\/www.ufsm.br\/cursos\/graduacao\/santa-maria\/filosofia\/wp-json\/wp\/v2\/tags?post=285"}],"curies":[{"name":"wp","href":"https:\/\/api.w.org\/{rel}","templated":true}]}}