{"id":673,"date":"2023-03-24T12:04:54","date_gmt":"2023-03-24T15:04:54","guid":{"rendered":"https:\/\/www.ufsm.br\/cursos\/graduacao\/santa-maria\/filosofia\/?page_id=673"},"modified":"2024-10-09T11:36:32","modified_gmt":"2024-10-09T14:36:32","slug":"abertura-de-processos-de-regime-de-exercicio-domiciliar-de-alunos-de-graduacao-via-pen-2","status":"publish","type":"page","link":"https:\/\/www.ufsm.br\/cursos\/graduacao\/santa-maria\/filosofia\/abertura-de-processos-de-regime-de-exercicio-domiciliar-de-alunos-de-graduacao-via-pen-2","title":{"rendered":"Abertura de processos de Regime de Exerc\u00edcio Domiciliar de alunos de gradua\u00e7\u00e3o via PEN"},"content":{"rendered":"<p style=\"text-align: justify\">Acad\u00eamicos(as) que necessitem solicitar afastamento para tratamento de sa\u00fade <strong>SUPERIOR A 05 DIAS<\/strong>, conforme as situa\u00e7\u00f5es previstas no <a href=\"https:\/\/www.ufsm.br\/app\/uploads\/sites\/342\/2019\/06\/Guia_UFSM_2019_Finalizado_9MB-1.pdf\" target=\"_blank\" rel=\"noopener\"><strong>Guia Acad\u00eamico UFSM<\/strong><\/a> (ver item 9.1.10 do link ao lado), dever\u00e3o abrir processo PEN-SIE pelo Portal de Documentos UFSM, utilizando o tipo documental &#8220;<strong>Processo de regime domiciliar de aluno de gradua\u00e7\u00e3o<\/strong>&#8220;.<\/p>\n<!-- \/wp:post-content --><!-- wp:paragraph -->\n<p style=\"text-align: justify\">Confira abaixo as instru\u00e7\u00f5es para realizar a abertura do processo de regime domiciliar de aluno de gradua\u00e7\u00e3o via PEN-SIE:<\/p>\n<!-- \/wp:paragraph --><!-- wp:list {\"ordered\":true} -->\n<ol>\n \t<li style=\"list-style-type: none\">\n<ol><!-- wp:list-item -->\n \t<li style=\"text-align: justify\">Para abertura de PEN-SIE, o aluno dever\u00e1 acessar o Portal Documentos <a href=\"http:\/\/portal.ufsm.br\/documentos\" target=\"_blank\" rel=\"noopener\">(<strong>http:\/\/portal.ufsm.br\/documentos<\/strong>)<\/a>, realizar o login com n\u00famero de matr\u00edcula e senha do portal do aluno e, ap\u00f3s, selecionar a op\u00e7\u00e3o \u2018Novo\u2019;<\/li>\n<\/ol>\n<\/li>\n<\/ol>\n<!-- \/wp:list-item --><!-- wp:list-item -->\n<ol>\n \t<li style=\"list-style-type: none\">\n<ol>\n \t<li style=\"text-align: justify\">No campo \u201cTipo documental\u201d, realizar a busca textual e selecionar a op\u00e7\u00e3o &#8220;<strong>Processos de regime domiciliar de aluno de gradua\u00e7\u00e3o (125.52)&#8221;<\/strong>. Os outros dois campos desta tela ser\u00e3o preenchidos automaticamente;<\/li>\n<\/ol>\n<\/li>\n<\/ol>\n<!-- \/wp:list-item --><!-- wp:list-item -->\n<ol>\n \t<li style=\"list-style-type: none\">\n<ol>\n \t<li style=\"text-align: justify\">Na tela seguinte, dever\u00e3o ser adicionados os documentos necess\u00e1rios para abertura, conforme necessidade, sendo o\u00a0<strong><a href=\"https:\/\/www.ufsm.br\/app\/uploads\/sites\/464\/2023\/03\/modelo_requerimento-exercicios-domiciliares-SIG1.doc\" target=\"_blank\" rel=\"noopener\">Requerimento de regime de exerc\u00edcios domiciliares<\/a><\/strong> (<strong>fazer o download<\/strong>) e o <strong>Atestado M\u00e9dico<\/strong> itens obrigat\u00f3rios. O aluno pode assinar o requerimento eletronicamente, caso j\u00e1 tenha sua assinatura cadastrada no PEN-SIE. Caso n\u00e3o tenha, basta se cadastrar seguindo o <strong><a href=\"https:\/\/www.ufsm.br\/app\/uploads\/sites\/416\/2020\/04\/Passo-a-passo-termo-assinatura-eletronica-PEN-SIE.pdf\" target=\"_blank\" rel=\"noopener\">passo a passo para assinatura do Termo de Concord\u00e2ncia Assinatura Eletr\u00f4nica<\/a><\/strong>;<\/li>\n<\/ol>\n<\/li>\n<\/ol>\n<!-- \/wp:list-item --><!-- wp:list-item -->\n<ol>\n \t<li style=\"list-style-type: none\">\n<ol>\n \t<li style=\"text-align: justify\">Ap\u00f3s incluir a documenta\u00e7\u00e3o no PEN-SIE, o aluno dever\u00e1 tramitar o processo para a CAED &#8211; Coordenadoria de A\u00e7\u00f5es Educacionais, que proceder\u00e1 a an\u00e1lise da solicita\u00e7\u00e3o e remeter\u00e1 o processo \u00e0 Coordena\u00e7\u00e3o de Curso;<\/li>\n<\/ol>\n<\/li>\n<\/ol>\n<!-- \/wp:list-item --><!-- wp:list-item -->\n<ol>\n \t<li style=\"list-style-type: none\">\n<ol>\n \t<li style=\"text-align: justify\">Para acompanhar o processo, basta acessar o <strong><a href=\"https:\/\/portal.ufsm.br\/documentos\/mainMenu.html\" target=\"_blank\" rel=\"noopener\">Portal Documentos UFSM<\/a><\/strong> e digitar o respectivo n\u00famero de processo ou pesquisar pelos campos dispon\u00edveis na consulta, como nome do interessado, tipo documental, etc. O(a) estudante tamb\u00e9m pode acompanhar o processo fazendo login no Portal de Documentos, buscar a aba \u2018Meus Documentos\u2019, e clicar em \u2018Interessado\u2019.<\/li>\n<\/ol>\n<\/li>\n<\/ol>\n<!-- \/wp:list-item -->\n\n<!-- \/wp:list --><!-- wp:paragraph -->\n\n<strong>Se deseja o tutorial em v\u00eddeo, <a href=\"https:\/\/youtu.be\/N0rA88Ihnu8?si=BdkHmRgqZpJB6VI0\" target=\"_blank\" rel=\"noopener\">clique aqui<\/a>.<\/strong>\n<p style=\"text-align: justify\">Para maiores informa\u00e7\u00f5es de como proceder a abertura de um processo PEN-SIE, o DAG tornou acess\u00edvel o tutorial abaixo:<\/p>\n<strong><a href=\"https:\/\/www.ufsm.br\/app\/uploads\/sites\/416\/2020\/05\/tutorial-de-abertura-pensie.pdf\" target=\"_blank\" rel=\"noopener\">https:\/\/www.ufsm.br\/app\/uploads\/sites\/416\/2020\/05\/tutorial-de-abertura-pensie.pdf<\/a><\/strong>","protected":false},"excerpt":{"rendered":"<p>Acad\u00eamicos(as) que necessitem solicitar afastamento para tratamento de sa\u00fade SUPERIOR A 05 DIAS, conforme as situa\u00e7\u00f5es previstas no Guia Acad\u00eamico UFSM (ver item 9.1.10 do link ao lado), dever\u00e3o abrir processo PEN-SIE pelo Portal de Documentos UFSM, utilizando o tipo documental &#8220;Processo de regime domiciliar de aluno de gradua\u00e7\u00e3o&#8220;. Confira abaixo as instru\u00e7\u00f5es para realizar [&hellip;]<\/p>\n","protected":false},"author":4916,"featured_media":0,"parent":0,"menu_order":0,"comment_status":"closed","ping_status":"closed","template":"","meta":{"footnotes":""},"categories":[],"tags":[41],"class_list":["post-673","page","type-page","status-publish","hentry","tag-tutoriais"],"acf":[],"_links":{"self":[{"href":"https:\/\/www.ufsm.br\/cursos\/graduacao\/santa-maria\/filosofia\/wp-json\/wp\/v2\/pages\/673","targetHints":{"allow":["GET"]}}],"collection":[{"href":"https:\/\/www.ufsm.br\/cursos\/graduacao\/santa-maria\/filosofia\/wp-json\/wp\/v2\/pages"}],"about":[{"href":"https:\/\/www.ufsm.br\/cursos\/graduacao\/santa-maria\/filosofia\/wp-json\/wp\/v2\/types\/page"}],"author":[{"embeddable":true,"href":"https:\/\/www.ufsm.br\/cursos\/graduacao\/santa-maria\/filosofia\/wp-json\/wp\/v2\/users\/4916"}],"replies":[{"embeddable":true,"href":"https:\/\/www.ufsm.br\/cursos\/graduacao\/santa-maria\/filosofia\/wp-json\/wp\/v2\/comments?post=673"}],"version-history":[{"count":0,"href":"https:\/\/www.ufsm.br\/cursos\/graduacao\/santa-maria\/filosofia\/wp-json\/wp\/v2\/pages\/673\/revisions"}],"wp:attachment":[{"href":"https:\/\/www.ufsm.br\/cursos\/graduacao\/santa-maria\/filosofia\/wp-json\/wp\/v2\/media?parent=673"}],"wp:term":[{"taxonomy":"category","embeddable":true,"href":"https:\/\/www.ufsm.br\/cursos\/graduacao\/santa-maria\/filosofia\/wp-json\/wp\/v2\/categories?post=673"},{"taxonomy":"post_tag","embeddable":true,"href":"https:\/\/www.ufsm.br\/cursos\/graduacao\/santa-maria\/filosofia\/wp-json\/wp\/v2\/tags?post=673"}],"curies":[{"name":"wp","href":"https:\/\/api.w.org\/{rel}","templated":true}]}}