{"id":737,"date":"2023-08-18T18:32:15","date_gmt":"2023-08-18T21:32:15","guid":{"rendered":"https:\/\/www.ufsm.br\/cursos\/graduacao\/santa-maria\/filosofia\/?page_id=737"},"modified":"2026-03-18T15:21:22","modified_gmt":"2026-03-18T18:21:22","slug":"trancamento-parcial-de-disciplinas","status":"publish","type":"page","link":"https:\/\/www.ufsm.br\/cursos\/graduacao\/santa-maria\/filosofia\/trancamento-parcial-de-disciplinas","title":{"rendered":"Trancamento Parcial de Disciplinas"},"content":{"rendered":"\t\t<div data-elementor-type=\"wp-page\" data-elementor-id=\"737\" class=\"elementor elementor-737\">\n\t\t\t\t\t\t<section class=\"elementor-section elementor-top-section elementor-element elementor-element-abbea8c elementor-section-boxed elementor-section-height-default elementor-section-height-default\" data-id=\"abbea8c\" data-element_type=\"section\">\n\t\t\t\t\t\t<div class=\"elementor-container elementor-column-gap-default\">\n\t\t\t\t\t<div class=\"elementor-column elementor-col-100 elementor-top-column elementor-element elementor-element-037bfd8\" data-id=\"037bfd8\" data-element_type=\"column\">\n\t\t\t<div class=\"elementor-widget-wrap elementor-element-populated\">\n\t\t\t\t\t\t<div class=\"elementor-element elementor-element-ce2d6af elementor-widget elementor-widget-text-editor\" data-id=\"ce2d6af\" data-element_type=\"widget\" data-widget_type=\"text-editor.default\">\n\t\t\t\t<div class=\"elementor-widget-container\">\n\t\t\t\t\t\t\t<p style=\"text-align: justify\">O trancamento parcial \u00e9 a forma de realizar a exclus\u00e3o de uma ou mais disciplinas\u00a0<strong>ap\u00f3s\u00a0<\/strong>o per\u00edodo de\u00a0<strong>Ajuste de Matr\u00edculas<\/strong>\u00a0(geralmente na primeira semana de aula do semestre letivo).<\/p><p style=\"text-align: justify\">Vale ressaltar que o trancamento parcial<strong>\u00a0n\u00e3o deve ser utilizado\u00a0<\/strong>para a exclus\u00e3o de disciplinas que importem em uma carga hor\u00e1ria menor que a m\u00ednima exigida pelo Curso (ver informa\u00e7\u00f5es de carga hor\u00e1ria abaixo).<\/p><p style=\"text-align: justify\">Nesse sentido, o(a) aluno(a)\u00a0<strong>precisa manter a carga hor\u00e1ria\u00a0m\u00ednima\u00a0semestral<\/strong>\u00a0requerida pelo seu curso, sendo que em\u00a0<strong>caso contr\u00e1rio\u00a0<\/strong>a solicita\u00e7\u00e3o de trancamento parcial<strong>\u00a0n\u00e3o ser\u00e1 efetivada.<\/strong><\/p><p style=\"text-align: justify\">O\u00a0<strong>prazo m\u00e1ximo<\/strong>\u00a0para solicitar o trancamento parcial a cada semestre \u00e9 o mesmo do Trancamento Total do semestre, previsto no\u00a0<a href=\"https:\/\/www.ufsm.br\/calendario\"><strong>Calend\u00e1rio Acad\u00eamico da UFSM<\/strong><\/a>.<\/p><p style=\"text-align: justify;padding-left: 40px\"><strong>\u21d2<\/strong><strong>\u00a0ATEN\u00c7\u00c3O:\u00a0<\/strong>Estudantes com Benef\u00edcio S\u00f3cio Econ\u00f4mico (BSE) precisam manter uma carga hor\u00e1ria (CH)\u00a0<strong>m\u00ednima<\/strong>\u00a0de\u00a0<strong>240h\/semestre<\/strong>.<\/p><p><strong>\u21d2<\/strong><strong> PROCEDIMENTO:<\/strong><\/p><p style=\"text-align: justify\">Acessar o formul\u00e1rio online da Secretaria Integrada dos Cursos de Gradua\u00e7\u00e3o I \u2013 74A\/CCSH, pelo link abaixo, e submeter as respostas conforme necessidade.<\/p><p><a href=\"https:\/\/docs.google.com\/forms\/d\/1_KLzdf3PPyCGUVcm-zImjiOvccb7Aze-bsfN-bAbq_I\/preview\">FORMUL\u00c1RIO PARA TRANCAMENTO PARCIAL<\/a><\/p><p style=\"text-align: justify\">Ap\u00f3s recebimento da solicita\u00e7\u00e3o, a Secretaria far\u00e1 o trancamento parcial dentro do prazo h\u00e1bil.<\/p><p><strong>\u21d2<\/strong><strong> INFORMA\u00c7\u00d5ES DE CARGA HOR\u00c1RIA M\u00cdNIMA POR CURSO:<\/strong><\/p><ul><li><strong>Bacharelado em Filosofia \u2013 Noturno<\/strong><\/li><\/ul><div>\u00a0 \u00a0 \u00a0 \u00a0 \u00a0Carga hor\u00e1ria m\u00ednima por semestre: 180h (curr\u00edculo 2009) e 200h (curr\u00edculo 2025)<br \/>\u00a0 \u00a0 \u00a0 \u00a0 \u00a0N\u00famero m\u00e1ximo de trancamentos totais (semestres): 4 (curr\u00edculos 2004 e 2025)<br \/>\u00a0 \u00a0 \u00a0 \u00a0 \u00a0N\u00famero m\u00e1ximo de trancamentos parciais (disciplinas): 5 (curr\u00edculo 2004) e 8 (curr\u00edculo 2025)<\/div><div>\u00a0<\/div><ul><li><strong>Filosofia \u2013 Licenciatura Plena<\/strong><\/li><\/ul><p style=\"padding-left: 40px\">Carga hor\u00e1ria m\u00ednima\u00a0por semestre:\u00a0<strong>240h<\/strong><br \/>N\u00famero m\u00e1ximo de trancamentos totais (semestres):\u00a0<strong>4<\/strong><br \/>N\u00famero m\u00e1ximo de trancamentos parciais (disciplinas):\u00a0<strong>7<\/strong><\/p>\t\t\t\t\t\t<\/div>\n\t\t\t\t<\/div>\n\t\t\t\t\t<\/div>\n\t\t<\/div>\n\t\t\t\t\t<\/div>\n\t\t<\/section>\n\t\t\t\t<\/div>\n\t\t","protected":false},"excerpt":{"rendered":"<p>O trancamento parcial \u00e9 a forma de realizar a exclus\u00e3o de uma ou mais disciplinas\u00a0ap\u00f3s\u00a0o per\u00edodo de\u00a0Ajuste de Matr\u00edculas\u00a0(geralmente na primeira semana de aula do semestre letivo). Vale ressaltar que o trancamento parcial\u00a0n\u00e3o deve ser utilizado\u00a0para a exclus\u00e3o de disciplinas que importem em uma carga hor\u00e1ria menor que a m\u00ednima exigida pelo Curso (ver informa\u00e7\u00f5es [&hellip;]<\/p>\n","protected":false},"author":586,"featured_media":0,"parent":0,"menu_order":0,"comment_status":"closed","ping_status":"closed","template":"","meta":{"footnotes":""},"categories":[],"tags":[],"class_list":["post-737","page","type-page","status-publish","hentry"],"acf":[],"_links":{"self":[{"href":"https:\/\/www.ufsm.br\/cursos\/graduacao\/santa-maria\/filosofia\/wp-json\/wp\/v2\/pages\/737","targetHints":{"allow":["GET"]}}],"collection":[{"href":"https:\/\/www.ufsm.br\/cursos\/graduacao\/santa-maria\/filosofia\/wp-json\/wp\/v2\/pages"}],"about":[{"href":"https:\/\/www.ufsm.br\/cursos\/graduacao\/santa-maria\/filosofia\/wp-json\/wp\/v2\/types\/page"}],"author":[{"embeddable":true,"href":"https:\/\/www.ufsm.br\/cursos\/graduacao\/santa-maria\/filosofia\/wp-json\/wp\/v2\/users\/586"}],"replies":[{"embeddable":true,"href":"https:\/\/www.ufsm.br\/cursos\/graduacao\/santa-maria\/filosofia\/wp-json\/wp\/v2\/comments?post=737"}],"version-history":[{"count":0,"href":"https:\/\/www.ufsm.br\/cursos\/graduacao\/santa-maria\/filosofia\/wp-json\/wp\/v2\/pages\/737\/revisions"}],"wp:attachment":[{"href":"https:\/\/www.ufsm.br\/cursos\/graduacao\/santa-maria\/filosofia\/wp-json\/wp\/v2\/media?parent=737"}],"wp:term":[{"taxonomy":"category","embeddable":true,"href":"https:\/\/www.ufsm.br\/cursos\/graduacao\/santa-maria\/filosofia\/wp-json\/wp\/v2\/categories?post=737"},{"taxonomy":"post_tag","embeddable":true,"href":"https:\/\/www.ufsm.br\/cursos\/graduacao\/santa-maria\/filosofia\/wp-json\/wp\/v2\/tags?post=737"}],"curies":[{"name":"wp","href":"https:\/\/api.w.org\/{rel}","templated":true}]}}