{"id":161,"date":"2018-12-05T13:39:16","date_gmt":"2018-12-05T15:39:16","guid":{"rendered":"https:\/\/www.ufsm.br\/cursos\/graduacao\/santa-maria\/fisica\/?page_id=161"},"modified":"2025-01-24T11:05:23","modified_gmt":"2025-01-24T14:05:23","slug":"estagio","status":"publish","type":"page","link":"https:\/\/www.ufsm.br\/cursos\/graduacao\/santa-maria\/fisica\/estagio","title":{"rendered":"Normas de Est\u00e1gio &#8211; Licenciaturas"},"content":{"rendered":"\t\t<div data-elementor-type=\"wp-page\" data-elementor-id=\"161\" class=\"elementor elementor-161\">\n\t\t\t\t\t\t<section class=\"elementor-section elementor-top-section elementor-element elementor-element-4f63e4b9 elementor-section-boxed elementor-section-height-default elementor-section-height-default\" data-id=\"4f63e4b9\" data-element_type=\"section\">\n\t\t\t\t\t\t<div class=\"elementor-container elementor-column-gap-default\">\n\t\t\t\t\t<div class=\"elementor-column elementor-col-100 elementor-top-column elementor-element elementor-element-3331ad22\" data-id=\"3331ad22\" data-element_type=\"column\">\n\t\t\t<div class=\"elementor-widget-wrap elementor-element-populated\">\n\t\t\t\t\t\t<div class=\"elementor-element elementor-element-258cddda elementor-widget elementor-widget-text-editor\" data-id=\"258cddda\" data-element_type=\"widget\" data-widget_type=\"text-editor.default\">\n\t\t\t\t<div class=\"elementor-widget-container\">\n\t\t\t\t\t\t\t<!-- wp:paragraph {\"fontSize\":\"medium\"} -->\n<p class=\"has-medium-font-size\"><strong>NORMAS GERAIS<\/strong><\/p>\n<!-- \/wp:paragraph --><!-- wp:paragraph -->\n<p>O Est\u00e1gio Supervisionado \u00e9 realizado em quatro disciplinas alocadas no Departamento de F\u00edsica, perfazendo um total de 405 horas:<\/p>\n<ul>\n<li>Est\u00e1gio Supervisionado em Ensino de Ci\u00eancias A (ESEC A) &#8211; 90 horas<\/li>\n<li>Est\u00e1gio Supervisionado em Ensino de Ci\u00eancias B (ESEC B) &#8211; 105 horas<\/li>\n<li>Est\u00e1gio Supervisionado em Ensino de F\u00edsica A (ESEF A) &#8211; 90 horas<\/li>\n<li>Est\u00e1gio Supervisionado em Ensino de F\u00edsica B (ESEF B) &#8211; 120 horas<\/li>\n<\/ul>\n<p>A oferta de cada uma das disciplinas de Est\u00e1gio ocorre anualmente, nos seus respectivos semestres, observando a quantidade limite de 10 vagas para cada disciplina.<\/p>\n<p>A realiza\u00e7\u00e3o das disciplinas de Est\u00e1gio Supervisionado se d\u00e1 a partir da celebra\u00e7\u00e3o de conv\u00eanio entre a UFSM e a parte concedente (escola). As atividades de cada\u00a0 licenciando(a) nessas disciplinas devem ser coordenadas e supervisionadas por um(a) docente orientador(a) &#8211; que ser\u00e1 o(a) docente da disciplina, designado(a) pelo Departamento de F\u00edsica -, em conjunto com o(a) professor(a) regente da turma selecionada, tanto para o contexto dos anos finais do Ensino Fundamental quanto para o contexto do Ensino M\u00e9dio.<\/p>\n<p>Cabe ressaltar que o est\u00e1gio inicia somente ap\u00f3s a assinatura do Termo de Compromisso de Est\u00e1gio pela Coordena\u00e7\u00e3o de Curso, Parte Concedente (escola) e estagi\u00e1rio(a). A assinatura deste termo, bem como demais documentos necess\u00e1rios, por todas as partes, \u00e9 condi\u00e7\u00e3o para in\u00edcio das atividades de est\u00e1gio. Os detalhes para a tramita\u00e7\u00e3o dos referidos documentos podem ser encontrados clicando <a href=\"https:\/\/www.ufsm.br\/cursos\/graduacao\/santa-maria\/fisica\/tramitacao-dos-estagios\" target=\"_blank\" rel=\"noopener\"><strong>aqui<\/strong><\/a>.<\/p>\n<p>As disciplinas de Est\u00e1gio Supervisionado t\u00eam um n\u00edvel crescente de envolvimento do(a) licenciando(a) com as atividades docentes, iniciando pelos anos<br \/>finais do Ensino Fundamental e concluindo pelo Ensino M\u00e9dio.<\/p>\n<ul>\n<li>No ESEC A, o(a) estagi\u00e1rio(a) deve adquirir uma vis\u00e3o clara e completa de todos os mecanismos de funcionamento da escola de anos finais do Ensino Fundamental. Ainda, deve planejar o conjunto de aulas que ministrar\u00e1 frente aos(as) alunos(as) da referida escola.<\/li>\n<li>No ESEC B, o(a) estagi\u00e1rio(a) deve observar a pr\u00e1tica docente do(a) professor(a) regente, bem como implementar, frente aos(as) alunos(as) de uma turma de anos finais do Ensino Fundamental, o conjunto de aulas previamente planejadas no ESEC A.<\/li>\n<li>No ESEF A, o(a) estagi\u00e1rio(a) deve adquirir uma vis\u00e3o clara e completa de todos os mecanismos de funcionamento da escola de Ensino M\u00e9dio. Ainda, deve planejar o conjunto de aulas que ministrar\u00e1 frente aos(as) alunos(as) da referida escola.<\/li>\n<li>No ESEF B, o(a) estagi\u00e1rio(a) deve observar a pr\u00e1tica docente do(a) professor(a) regente, bem como implementar, frente aos(as) alunos(as) de uma turma de Ensino M\u00e9dio, o conjunto de aulas previamente planejadas no ESEF A.<\/li>\n<\/ul>\n<!-- \/wp:paragraph --><!-- wp:paragraph -->\n<p>A matr\u00edcula nas disciplinas de Est\u00e1gio Supervisionado s\u00e3o realizadas pelo <a href=\"https:\/\/portal.ufsm.br\/estudantil\/\" target=\"_blank\" rel=\"noopener\">Portal Estudantil<\/a>, seguindo o mesmo procedimento das demais disciplinas. Neste caso, \u00e9 importante atentar para os pr\u00e9-requisitos necess\u00e1rios para a realiza\u00e7\u00e3o dos est\u00e1gios, dispon\u00edveis na aba <a href=\"https:\/\/www.ufsm.br\/cursos\/graduacao\/santa-maria\/fisica\/informacoes-do-curriculo\" target=\"_blank\" rel=\"noopener\">Informa\u00e7\u00f5es curriculares<\/a>.<\/p>\n<!-- \/wp:paragraph --><!-- wp:list -->\n<p>\u00a0<\/p>\n<!-- \/wp:list --><!-- wp:paragraph {\"fontSize\":\"medium\"} -->\n<p class=\"has-medium-font-size\"><strong>NORMAS DE AVALIA\u00c7\u00c3O<\/strong><\/p>\n<!-- \/wp:paragraph --><!-- wp:paragraph -->\n<p>As disciplinas de Est\u00e1gio Supervisionado devem ter avalia\u00e7\u00f5es diferenciadas. Estas avalia\u00e7\u00f5es devem ser realizadas pelo(a) docente orientador(a), com base no cumprimento do plano de atividades do(a) estagi\u00e1rio(a), atrav\u00e9s de acompanhamento e discuss\u00e3o e por meio de relat\u00f3rios elaborados pelo(a) estagi\u00e1rio(a) ao final da disciplina.<\/p>\n<p>Nestas disciplinas, n\u00e3o haver\u00e1 exame. Em cada uma delas, o(a) docente orientador(a) deve atribuir, ao(\u00e0) estagi\u00e1rio(a), uma nota final.<\/p>\n<p>A nota final m\u00ednima para aprova\u00e7\u00e3o \u00e9 sete (7,00). Caso o(a) estagi\u00e1rio(a) n\u00e3o atinja a nota m\u00ednima para aprova\u00e7\u00e3o, deve cursar a disciplina novamente. As exig\u00eancias de frequ\u00eancia \u00e0s aulas seguem a norma da UFSM: 75% de presen\u00e7a obrigat\u00f3ria.<\/p>\n<!-- \/wp:paragraph -->\t\t\t\t\t\t<\/div>\n\t\t\t\t<\/div>\n\t\t\t\t\t<\/div>\n\t\t<\/div>\n\t\t\t\t\t<\/div>\n\t\t<\/section>\n\t\t\t\t<\/div>\n\t\t","protected":false},"excerpt":{"rendered":"<p>NORMAS GERAIS O Est\u00e1gio Supervisionado \u00e9 realizado em quatro disciplinas alocadas no Departamento de F\u00edsica, perfazendo um total de 405 horas: Est\u00e1gio Supervisionado em Ensino de Ci\u00eancias A (ESEC A) &#8211; 90 horas Est\u00e1gio Supervisionado em Ensino de Ci\u00eancias B (ESEC B) &#8211; 105 horas Est\u00e1gio Supervisionado em Ensino de F\u00edsica A (ESEF A) &#8211; [&hellip;]<\/p>\n","protected":false},"author":201,"featured_media":0,"parent":0,"menu_order":0,"comment_status":"closed","ping_status":"closed","template":"","meta":{"footnotes":""},"categories":[],"tags":[],"class_list":["post-161","page","type-page","status-publish","hentry"],"acf":[],"_links":{"self":[{"href":"https:\/\/www.ufsm.br\/cursos\/graduacao\/santa-maria\/fisica\/wp-json\/wp\/v2\/pages\/161","targetHints":{"allow":["GET"]}}],"collection":[{"href":"https:\/\/www.ufsm.br\/cursos\/graduacao\/santa-maria\/fisica\/wp-json\/wp\/v2\/pages"}],"about":[{"href":"https:\/\/www.ufsm.br\/cursos\/graduacao\/santa-maria\/fisica\/wp-json\/wp\/v2\/types\/page"}],"author":[{"embeddable":true,"href":"https:\/\/www.ufsm.br\/cursos\/graduacao\/santa-maria\/fisica\/wp-json\/wp\/v2\/users\/201"}],"replies":[{"embeddable":true,"href":"https:\/\/www.ufsm.br\/cursos\/graduacao\/santa-maria\/fisica\/wp-json\/wp\/v2\/comments?post=161"}],"version-history":[{"count":0,"href":"https:\/\/www.ufsm.br\/cursos\/graduacao\/santa-maria\/fisica\/wp-json\/wp\/v2\/pages\/161\/revisions"}],"wp:attachment":[{"href":"https:\/\/www.ufsm.br\/cursos\/graduacao\/santa-maria\/fisica\/wp-json\/wp\/v2\/media?parent=161"}],"wp:term":[{"taxonomy":"category","embeddable":true,"href":"https:\/\/www.ufsm.br\/cursos\/graduacao\/santa-maria\/fisica\/wp-json\/wp\/v2\/categories?post=161"},{"taxonomy":"post_tag","embeddable":true,"href":"https:\/\/www.ufsm.br\/cursos\/graduacao\/santa-maria\/fisica\/wp-json\/wp\/v2\/tags?post=161"}],"curies":[{"name":"wp","href":"https:\/\/api.w.org\/{rel}","templated":true}]}}