{"id":717,"date":"2022-03-16T16:02:16","date_gmt":"2022-03-16T19:02:16","guid":{"rendered":"https:\/\/www.ufsm.br\/cursos\/graduacao\/santa-maria\/fisica\/?page_id=717"},"modified":"2025-04-09T16:54:32","modified_gmt":"2025-04-09T19:54:32","slug":"tramitacao-dos-estagios","status":"publish","type":"page","link":"https:\/\/www.ufsm.br\/cursos\/graduacao\/santa-maria\/fisica\/tramitacao-dos-estagios","title":{"rendered":"Tramita\u00e7\u00e3o de Est\u00e1gio via PEN &#8211; Licenciaturas"},"content":{"rendered":"\n<p>Se voc\u00ea est\u00e1 matriculado, no semestre 1\/2025, em Est\u00e1gio Supervisionado em Ensino de Ci\u00eancias ou Est\u00e1gio Supervisionado em Ensino de F\u00edsica, aqui voc\u00ea encontrar\u00e1 instru\u00e7\u00f5es para a tramita\u00e7\u00e3o dos respectivos planos de est\u00e1gio.<\/p>\n\n\n\n<p class=\"has-medium-font-size\"><strong>INFORMA\u00c7\u00d5ES PRELIMINARES IMPORTANTES<\/strong><\/p>\n\n\n\n<ul class=\"wp-block-list\">\n<li>Excepcionalmente, os est\u00e1gios poder\u00e3o ser iniciados antes do in\u00edcio do semestre letivo propriamente dito, desde que a tramita\u00e7\u00e3o dos planos de est\u00e1gio  tenha sido realizada. N\u00e3o \u00e9 permitida a realiza\u00e7\u00e3o das atividades de est\u00e1gio sem um plano aprovado e assinado pelas partes.<\/li>\n\n\n\n<li>Todos os alunos de est\u00e1gio supervisionado devem realizar a tramita\u00e7\u00e3o explicada a seguir, pois \u00e9 ela quem cria o v\u00ednculo formal do estagi\u00e1rio com a concedente de est\u00e1gio.<\/li>\n\n\n\n<li>Cabe ao aluno preencher e organizar a documenta\u00e7\u00e3o, bem como acompanhar os tr\u00e2mites do processo e realizar as modifica\u00e7\u00f5es solicitadas por qualquer uma das partes.<\/li>\n<\/ul>\n\n\n\n<p><\/p>\n\n\n\n<p class=\"has-medium-font-size\"><strong>INSTRU\u00c7\u00d5ES<\/strong><\/p>\n\n\n\n<p><strong>1)<\/strong> Ler o <a href=\"https:\/\/www.ufsm.br\/pro-reitorias\/prograd\/code\/estagios\/tutorial-de-processos-de-estagio-para-estudantes-de-graduacao\" target=\"_blank\" rel=\"noreferrer noopener\">Tutorial de processos de est\u00e1gio para estudantes de gradua\u00e7\u00e3o<\/a>. Nele est\u00e3o contidas as instru\u00e7\u00f5es para cadastramento de assinatura eletr\u00f4nica (se ainda n\u00e3o tiver) e as informa\u00e7\u00f5es gerais sobre a tramita\u00e7\u00e3o dos termos de est\u00e1gio utilizando o Processo Eletr\u00f4nico Nacional (PEN);<br><strong>2)<\/strong> Conversar com seu orientador para escolha da unidade concedente de est\u00e1gio (escola), defini\u00e7\u00e3o de supervisor, etc;<br><strong>3)<\/strong> Conversar com a unidade concedente escolhida (dire\u00e7\u00e3o da escola, departamento de ensino do CTISM ou Col\u00e9gio Polit\u00e9cnico, etc) confirmando a possibilidade de realizar o est\u00e1gio. N\u00e3o iniciar os tr\u00e2mites sem a aprova\u00e7\u00e3o da concedente.<br><strong>4)<\/strong> Com base na escolha acima e ap\u00f3s a concord\u00e2ncia da concedente, avaliar quais documentos ser\u00e3o necess\u00e1rios para o tr\u00e2mite (conforme especificado abaixo);<br><strong>5)<\/strong> Preencher os documentos e realizar a tramita\u00e7\u00e3o conforme o <a href=\"https:\/\/www.ufsm.br\/pro-reitorias\/prograd\/code\/estagios\/tutorial-de-processos-de-estagio-para-estudantes-de-graduacao\" target=\"_blank\" rel=\"noreferrer noopener\">Tutorial<\/a>.<\/p>\n\n\n\n<p>\u00c9 importante realizar a leitura completa destes documentos para estar ciente do seu conte\u00fado.<\/p>\n\n\n\n<p class=\"has-medium-font-size\"><strong>QUAIS DOCUMENTOS INCLUIR<\/strong><\/p>\n\n\n\n<p>Os documentos que devem ser utilizados dependem de onde o est\u00e1gio ser\u00e1 realizado. No \u00e2mbito do curso de licenciatura em F\u00edsica, as situa\u00e7\u00f5es poss\u00edveis s\u00e3o:<\/p>\n\n\n\n<p><\/p>\n\n\n\n<p class=\"has-medium-font-size\"><strong>1) Est\u00e1gios Obrigat\u00f3rios em Escolas Estaduais, abrangidas pelas respectivas Coordenadorias Regionais de Educa\u00e7\u00e3o (CRE)<\/strong><\/p>\n\n\n\n<ul class=\"wp-block-list\">\n<li><a href=\"https:\/\/www.ufsm.br\/app\/uploads\/sites\/342\/2024\/07\/TERMO-DE-COMPROMISSO-DE-ESTAGIO-SEDUC_8-CRE_08_07_2024.docx\" target=\"_blank\" rel=\"noreferrer noopener\">Termo de compromisso de est\u00e1gio obrigat\u00f3rio (espec\u00edfico para escolas abrangidas pela CRE)<\/a><\/li>\n\n\n\n<li><a href=\"https:\/\/www.ufsm.br\/app\/uploads\/sites\/342\/2021\/05\/PLANO-DE-ATIVIDADES.docx\" target=\"_blank\" rel=\"noreferrer noopener\">Plano de atividades<\/a><\/li>\n\n\n\n<li><a href=\"https:\/\/www.ufsm.br\/app\/uploads\/sites\/342\/2021\/05\/FONO.docx\" target=\"_blank\" rel=\"noreferrer noopener\">Fono (rela\u00e7\u00e3o dos estagi\u00e1rios de ensino superior)<\/a><\/li>\n\n\n\n<li><a href=\"https:\/\/www.ufsm.br\/app\/uploads\/sites\/342\/2024\/07\/CARTA_DE_APRESENTACAO_COM_TIMBRE_DA_UFSM_atualizado_em_08_07_2024.docx\" target=\"_blank\" rel=\"noreferrer noopener\">Carta de apresenta\u00e7\u00e3o em est\u00e1gio obrigat\u00f3rio<\/a><\/li>\n\n\n\n<li><a href=\"https:\/\/www.ufsm.br\/app\/uploads\/sites\/342\/2025\/04\/Apolice-01.82.003090_atualizada_em_08_04_2025.pdf\" target=\"_blank\" rel=\"noreferrer noopener\">Ap\u00f3lice de seguro<\/a><\/li>\n<\/ul>\n\n\n\n<p><\/p>\n\n\n\n<p class=\"has-medium-font-size\"><strong>2) Est\u00e1gios Obrigat\u00f3rios em Escolas que n\u00e3o s\u00e3o de abrang\u00eancia das Coordenadorias Regionais de Educa\u00e7\u00e3o (CRE)<\/strong><\/p>\n\n\n\n<ul class=\"wp-block-list\">\n<li><a href=\"https:\/\/www.ufsm.br\/app\/uploads\/sites\/342\/2025\/04\/TCE-Estagio_Obrigatorio_Externo_protegido_Apolice_Demais-Locais_atualizada_em_08_04_2025.docx\" target=\"_blank\" rel=\"noreferrer noopener\">Termo de compromisso de est\u00e1gio obrigat\u00f3rio<\/a><\/li>\n<\/ul>\n\n\n\n<p><\/p>\n\n\n\n<p class=\"has-medium-font-size\"><strong>3) Est\u00e1gios Obrigat\u00f3rios internos (CTISM e Col\u00e9gio Polit\u00e9cnico)<\/strong><\/p>\n\n\n\n<ul class=\"wp-block-list\">\n<li><a href=\"https:\/\/www.ufsm.br\/app\/uploads\/sites\/342\/2025\/04\/TCE-Estagio-Estudante-da-UFSM-na-UFSM_protegido_Apolice_atualizada_em_08_04_2025.doc\" target=\"_blank\" rel=\"noreferrer noopener\">Termo de compromisso de est\u00e1gio interno<\/a><\/li>\n<\/ul>\n\n\n\n<p><\/p>\n\n\n\n<p class=\"has-medium-font-size\"><strong>4) Est\u00e1gios Obrigat\u00f3rios em Escolas Municipais de Santa Maria<\/strong><\/p>\n\n\n\n<ul class=\"wp-block-list\">\n<li><a href=\"https:\/\/www.ufsm.br\/app\/uploads\/sites\/342\/2025\/04\/TCE-Estagio_Obrigatorio_Externo_protegido-Apolice_Escolas_Municipais_SM_atualizado_em_08_04_2025.docx\" target=\"_blank\" rel=\"noreferrer noopener\">Termo de Est\u00e1gio Obrigat\u00f3rio Externo<\/a><\/li>\n\n\n\n<li><a href=\"https:\/\/www.ufsm.br\/app\/uploads\/sites\/342\/2024\/07\/CARTA-DE-APRESENTACAO_Escolas_Municipais_08_07_2024.docx\" target=\"_blank\" rel=\"noreferrer noopener\">Carta de apresenta\u00e7\u00e3o em est\u00e1gio obrigat\u00f3rio<\/a><\/li>\n<\/ul>\n\n\n\n<p class=\"has-medium-font-size\"><strong>TRAMITA\u00c7\u00c3O<\/strong><\/p>\n\n\n\n<p>Mesmo que o sistema liste outros documentos necess\u00e1rios, \u00e9 preciso inserir <strong>apenas<\/strong> a documenta\u00e7\u00e3o listada acima, para sua respectiva situa\u00e7\u00e3o, no momento da tramita\u00e7\u00e3o via PEN.<\/p>\n\n\n\n<p>Ap\u00f3s os documentos estarem devidamente preenchidos, e os tr\u00e2mites de cria\u00e7\u00e3o do processo via PEN serem realizados com a confer\u00eancia do orientador (conforme descrito no Tutorial), o n\u00famero do processo precisa ser anotado, de modo que seja acompanhada regularmente a tramita\u00e7\u00e3o do plano e a coleta de assinaturas atrav\u00e9s do link: <a rel=\"noreferrer noopener\" href=\"https:\/\/portal.ufsm.br\/documentos\/publico\/processo\/consulta.html\" target=\"_blank\">https:\/\/portal.ufsm.br\/documentos\/publico\/processo\/consulta.html<\/a><\/p>\n\n\n\n<p>As etapas do processo de tramita\u00e7\u00e3o podem ser visualizadas em: <a rel=\"noreferrer noopener\" href=\"https:\/\/www.ufsm.br\/pro-reitorias\/prograd\/code\/estagios\/tutorial-estagio-obrigatorio\/\" target=\"_blank\">https:\/\/www.ufsm.br\/pro-reitorias\/prograd\/code\/estagios\/tutorial-estagio-obrigatorio\/  <\/a><\/p>\n","protected":false},"excerpt":{"rendered":"<p>Se voc\u00ea est\u00e1 matriculado, no semestre 1\/2025, em Est\u00e1gio Supervisionado em Ensino de Ci\u00eancias ou Est\u00e1gio Supervisionado em Ensino de F\u00edsica, aqui voc\u00ea encontrar\u00e1 instru\u00e7\u00f5es para a tramita\u00e7\u00e3o dos respectivos planos de est\u00e1gio. INFORMA\u00c7\u00d5ES PRELIMINARES IMPORTANTES INSTRU\u00c7\u00d5ES 1) Ler o Tutorial de processos de est\u00e1gio para estudantes de gradua\u00e7\u00e3o. Nele est\u00e3o contidas as instru\u00e7\u00f5es para [&hellip;]<\/p>\n","protected":false},"author":4867,"featured_media":0,"parent":0,"menu_order":0,"comment_status":"closed","ping_status":"closed","template":"","meta":{"footnotes":""},"categories":[],"tags":[],"class_list":["post-717","page","type-page","status-publish","hentry"],"acf":[],"_links":{"self":[{"href":"https:\/\/www.ufsm.br\/cursos\/graduacao\/santa-maria\/fisica\/wp-json\/wp\/v2\/pages\/717","targetHints":{"allow":["GET"]}}],"collection":[{"href":"https:\/\/www.ufsm.br\/cursos\/graduacao\/santa-maria\/fisica\/wp-json\/wp\/v2\/pages"}],"about":[{"href":"https:\/\/www.ufsm.br\/cursos\/graduacao\/santa-maria\/fisica\/wp-json\/wp\/v2\/types\/page"}],"author":[{"embeddable":true,"href":"https:\/\/www.ufsm.br\/cursos\/graduacao\/santa-maria\/fisica\/wp-json\/wp\/v2\/users\/4867"}],"replies":[{"embeddable":true,"href":"https:\/\/www.ufsm.br\/cursos\/graduacao\/santa-maria\/fisica\/wp-json\/wp\/v2\/comments?post=717"}],"version-history":[{"count":0,"href":"https:\/\/www.ufsm.br\/cursos\/graduacao\/santa-maria\/fisica\/wp-json\/wp\/v2\/pages\/717\/revisions"}],"wp:attachment":[{"href":"https:\/\/www.ufsm.br\/cursos\/graduacao\/santa-maria\/fisica\/wp-json\/wp\/v2\/media?parent=717"}],"wp:term":[{"taxonomy":"category","embeddable":true,"href":"https:\/\/www.ufsm.br\/cursos\/graduacao\/santa-maria\/fisica\/wp-json\/wp\/v2\/categories?post=717"},{"taxonomy":"post_tag","embeddable":true,"href":"https:\/\/www.ufsm.br\/cursos\/graduacao\/santa-maria\/fisica\/wp-json\/wp\/v2\/tags?post=717"}],"curies":[{"name":"wp","href":"https:\/\/api.w.org\/{rel}","templated":true}]}}