{"id":187,"date":"2018-12-10T12:07:19","date_gmt":"2018-12-10T14:07:19","guid":{"rendered":"https:\/\/www.ufsm.br\/cursos\/graduacao\/santa-maria\/geografia\/?page_id=187"},"modified":"2024-12-18T15:04:58","modified_gmt":"2024-12-18T18:04:58","slug":"trabalho-de-graduacao","status":"publish","type":"page","link":"https:\/\/www.ufsm.br\/cursos\/graduacao\/santa-maria\/geografia\/trabalho-de-graduacao","title":{"rendered":"Trabalho de Gradua\u00e7\u00e3o"},"content":{"rendered":"<p><img fetchpriority=\"high\" decoding=\"async\" src=\"http:\/\/w3.ufsm.br\/geografia\/images\/1000312_165954633591496_184272806_n.jpg\" alt=\"1000312 165954633591496 184272806 n\" width=\"641\" height=\"174\" \/><\/p>\n<p>A disciplina Trabalho de Gradua\u00e7\u00e3o, seja para o curso de Bacharelado ou para o curso de Licenciatura Plena, guarda a peculiaridade de ocorrer extra-sala de aula, uma vez que envolve o estabelecimento de rela\u00e7\u00e3o entre o aluno e o seu orientador atrav\u00e9s de contatos peri\u00f3dicos, obedecendo ao calend\u00e1rio da UFSM e de comum acordo entre ambas partes.<\/p>\n<p>O objetivo principal da elabora\u00e7\u00e3o deste trabalho de conclus\u00e3o de curso baseia-se na elabora\u00e7\u00e3o de um projeto de pesquisa referente a um problema espec\u00edfico no campo da Geografia que deve ser executado e defendido para uma banca ao final de dois (02) semestre de curso das disciplinas.<\/p>\n","protected":false},"excerpt":{"rendered":"<p>A disciplina Trabalho de Gradua\u00e7\u00e3o, seja para o curso de Bacharelado ou para o curso de Licenciatura Plena, guarda a peculiaridade de ocorrer extra-sala de aula, uma vez que envolve o estabelecimento de rela\u00e7\u00e3o entre o aluno e o seu orientador atrav\u00e9s de contatos peri\u00f3dicos, obedecendo ao calend\u00e1rio da UFSM e de comum acordo entre [&hellip;]<\/p>\n","protected":false},"author":117,"featured_media":0,"parent":0,"menu_order":0,"comment_status":"closed","ping_status":"closed","template":"","meta":{"footnotes":""},"categories":[],"tags":[],"class_list":["post-187","page","type-page","status-publish","hentry"],"acf":[],"_links":{"self":[{"href":"https:\/\/www.ufsm.br\/cursos\/graduacao\/santa-maria\/geografia\/wp-json\/wp\/v2\/pages\/187","targetHints":{"allow":["GET"]}}],"collection":[{"href":"https:\/\/www.ufsm.br\/cursos\/graduacao\/santa-maria\/geografia\/wp-json\/wp\/v2\/pages"}],"about":[{"href":"https:\/\/www.ufsm.br\/cursos\/graduacao\/santa-maria\/geografia\/wp-json\/wp\/v2\/types\/page"}],"author":[{"embeddable":true,"href":"https:\/\/www.ufsm.br\/cursos\/graduacao\/santa-maria\/geografia\/wp-json\/wp\/v2\/users\/117"}],"replies":[{"embeddable":true,"href":"https:\/\/www.ufsm.br\/cursos\/graduacao\/santa-maria\/geografia\/wp-json\/wp\/v2\/comments?post=187"}],"version-history":[{"count":0,"href":"https:\/\/www.ufsm.br\/cursos\/graduacao\/santa-maria\/geografia\/wp-json\/wp\/v2\/pages\/187\/revisions"}],"wp:attachment":[{"href":"https:\/\/www.ufsm.br\/cursos\/graduacao\/santa-maria\/geografia\/wp-json\/wp\/v2\/media?parent=187"}],"wp:term":[{"taxonomy":"category","embeddable":true,"href":"https:\/\/www.ufsm.br\/cursos\/graduacao\/santa-maria\/geografia\/wp-json\/wp\/v2\/categories?post=187"},{"taxonomy":"post_tag","embeddable":true,"href":"https:\/\/www.ufsm.br\/cursos\/graduacao\/santa-maria\/geografia\/wp-json\/wp\/v2\/tags?post=187"}],"curies":[{"name":"wp","href":"https:\/\/api.w.org\/{rel}","templated":true}]}}