{"id":221,"date":"2018-12-10T12:52:50","date_gmt":"2018-12-10T14:52:50","guid":{"rendered":"https:\/\/www.ufsm.br\/cursos\/graduacao\/santa-maria\/geografia\/?page_id=221"},"modified":"2018-12-10T12:52:51","modified_gmt":"2018-12-10T14:52:51","slug":"resolucoes-especiais","status":"publish","type":"page","link":"https:\/\/www.ufsm.br\/cursos\/graduacao\/santa-maria\/geografia\/resolucoes-especiais","title":{"rendered":"Resolu\u00e7\u00f5es Especiais"},"content":{"rendered":"<p><img fetchpriority=\"high\" decoding=\"async\" src=\"http:\/\/w3.ufsm.br\/geografia\/images\/imagem4.JPG\" alt=\"imagem4\" width=\"625\" height=\"85\" \/><\/p>\n<p>As resolu\u00e7\u00f5es da UFSM podem ser consultadas publicamente atrav\u00e9s deste\u00a0<a href=\"http:\/\/portal.ufsm.br\/documentos\/documentos\/consulta.html\" target=\"_blank\" rel=\"noopener\">link<\/a>.<\/p>\n<p>Segue abaixo as principais resolu\u00e7\u00f5es que tratam especialmente dos tr\u00e2mites de matr\u00edcula e condu\u00e7\u00e3o da vida acad\u00eamica dentro da Universidade Federal de Santa Maria.<\/p>\n<p>Demais resolu\u00e7\u00f5es de maior import\u00e2ncia para os alunos de gradua\u00e7\u00e3o podem ser consultadas no\u00a0Guia do Estudante\u00a0da UFSM.<\/p>\n","protected":false},"excerpt":{"rendered":"<p>As resolu\u00e7\u00f5es da UFSM podem ser consultadas publicamente atrav\u00e9s deste\u00a0link. Segue abaixo as principais resolu\u00e7\u00f5es que tratam especialmente dos tr\u00e2mites de matr\u00edcula e condu\u00e7\u00e3o da vida acad\u00eamica dentro da Universidade Federal de Santa Maria. Demais resolu\u00e7\u00f5es de maior import\u00e2ncia para os alunos de gradua\u00e7\u00e3o podem ser consultadas no\u00a0Guia do Estudante\u00a0da UFSM.<\/p>\n","protected":false},"author":117,"featured_media":0,"parent":0,"menu_order":0,"comment_status":"closed","ping_status":"closed","template":"","meta":{"footnotes":""},"categories":[],"tags":[],"class_list":["post-221","page","type-page","status-publish","hentry"],"acf":[],"_links":{"self":[{"href":"https:\/\/www.ufsm.br\/cursos\/graduacao\/santa-maria\/geografia\/wp-json\/wp\/v2\/pages\/221","targetHints":{"allow":["GET"]}}],"collection":[{"href":"https:\/\/www.ufsm.br\/cursos\/graduacao\/santa-maria\/geografia\/wp-json\/wp\/v2\/pages"}],"about":[{"href":"https:\/\/www.ufsm.br\/cursos\/graduacao\/santa-maria\/geografia\/wp-json\/wp\/v2\/types\/page"}],"author":[{"embeddable":true,"href":"https:\/\/www.ufsm.br\/cursos\/graduacao\/santa-maria\/geografia\/wp-json\/wp\/v2\/users\/117"}],"replies":[{"embeddable":true,"href":"https:\/\/www.ufsm.br\/cursos\/graduacao\/santa-maria\/geografia\/wp-json\/wp\/v2\/comments?post=221"}],"version-history":[{"count":0,"href":"https:\/\/www.ufsm.br\/cursos\/graduacao\/santa-maria\/geografia\/wp-json\/wp\/v2\/pages\/221\/revisions"}],"wp:attachment":[{"href":"https:\/\/www.ufsm.br\/cursos\/graduacao\/santa-maria\/geografia\/wp-json\/wp\/v2\/media?parent=221"}],"wp:term":[{"taxonomy":"category","embeddable":true,"href":"https:\/\/www.ufsm.br\/cursos\/graduacao\/santa-maria\/geografia\/wp-json\/wp\/v2\/categories?post=221"},{"taxonomy":"post_tag","embeddable":true,"href":"https:\/\/www.ufsm.br\/cursos\/graduacao\/santa-maria\/geografia\/wp-json\/wp\/v2\/tags?post=221"}],"curies":[{"name":"wp","href":"https:\/\/api.w.org\/{rel}","templated":true}]}}