{"id":221,"date":"2023-03-31T17:55:19","date_gmt":"2023-03-31T20:55:19","guid":{"rendered":"https:\/\/www.ufsm.br\/cursos\/graduacao\/santa-maria\/historia\/?page_id=221"},"modified":"2025-07-09T10:34:50","modified_gmt":"2025-07-09T13:34:50","slug":"atividades-complementares-de-graduacao-acg","status":"publish","type":"page","link":"https:\/\/www.ufsm.br\/cursos\/graduacao\/santa-maria\/historia\/atividades-complementares-de-graduacao-acg","title":{"rendered":"Atividades Complementares de Gradua\u00e7\u00e3o \u2013 ACG"},"content":{"rendered":"\t\t<div data-elementor-type=\"wp-page\" data-elementor-id=\"221\" class=\"elementor elementor-221\">\n\t\t\t\t\t\t<section class=\"elementor-section elementor-top-section elementor-element elementor-element-1857b7a8 elementor-section-boxed elementor-section-height-default elementor-section-height-default\" data-id=\"1857b7a8\" data-element_type=\"section\">\n\t\t\t\t\t\t<div class=\"elementor-container elementor-column-gap-default\">\n\t\t\t\t\t<div class=\"elementor-column elementor-col-100 elementor-top-column elementor-element elementor-element-ae99d58\" data-id=\"ae99d58\" data-element_type=\"column\">\n\t\t\t<div class=\"elementor-widget-wrap elementor-element-populated\">\n\t\t\t\t\t\t<div class=\"elementor-element elementor-element-4d798ed7 elementor-widget elementor-widget-text-editor\" data-id=\"4d798ed7\" data-element_type=\"widget\" data-widget_type=\"text-editor.default\">\n\t\t\t\t<div class=\"elementor-widget-container\">\n\t\t\t\t\t\t\t<p>As atividades Complementares de Gradua\u00e7\u00e3o compreendem a estrutura n\u00e3o curricular do curso e tem por objetivo prover ao educando um contato direto com a realidade da profiss\u00e3o, atrav\u00e9s da inser\u00e7\u00e3o dos alunos em atividades de pesquisa, ensino e extens\u00e3o.<\/p>\n<p style=\"font-size: 16px\">Confira o documento abaixo:\u00a0<\/p>\n<p style=\"font-size: 16px\"><a href=\"https:\/\/www.ufsm.br\/app\/uploads\/sites\/463\/2025\/07\/Atividades-Complementares-de-Graduacao-%E2%80%93-ACG-3.pdf\">Atividades Complementares de Gradua\u00e7\u00e3o \u2013 ACG<\/a><\/p>\n<p><a href=\"https:\/\/www.ufsm.br\/cursos\/graduacao\/santa-maria\/historia\/projeto-pedagogico\">Confira no PPC do curso a Carga Hor\u00e1ria m\u00ednima exigida<\/a>.<\/p>\n<p><a href=\"https:\/\/www.ufsm.br\/pro-reitorias\/prograd\/cofre-corem\/solicitacao-de-registro-de-acg\">\u00a0Tutorial sobre a utiliza\u00e7\u00e3o do sistema<\/a><\/p>\n<ul>\n<li><strong><a href=\"https:\/\/www.youtube.com\/watch?v=umbS8mnSUQU\" target=\"_blank\" rel=\"noopener\">Tutorial em v\u00eddeo<\/a><\/strong><\/li>\n<\/ul>\n<p><!-- \/wp:tadv\/classic-paragraph --><\/p>\t\t\t\t\t\t<\/div>\n\t\t\t\t<\/div>\n\t\t\t\t\t<\/div>\n\t\t<\/div>\n\t\t\t\t\t<\/div>\n\t\t<\/section>\n\t\t\t\t<section class=\"elementor-section elementor-top-section elementor-element elementor-element-dd4d4be elementor-section-boxed elementor-section-height-default elementor-section-height-default\" data-id=\"dd4d4be\" data-element_type=\"section\">\n\t\t\t\t\t\t<div class=\"elementor-container elementor-column-gap-default\">\n\t\t\t\t\t<div class=\"elementor-column elementor-col-100 elementor-top-column elementor-element elementor-element-a304f3d\" data-id=\"a304f3d\" data-element_type=\"column\">\n\t\t\t<div class=\"elementor-widget-wrap elementor-element-populated\">\n\t\t\t\t\t\t<div class=\"elementor-element elementor-element-c75e250 elementor-widget elementor-widget-text-editor\" data-id=\"c75e250\" data-element_type=\"widget\" data-widget_type=\"text-editor.default\">\n\t\t\t\t<div class=\"elementor-widget-container\">\n\t\t\t\t\t\t\t<p><strong>Modalidades relativas \u00e0s Atividades Complementar de Gradua\u00e7\u00e3o \u2013 ACG<\/strong><\/p>\n<p>\u00a0<\/p>\n<table>\n<tbody>\n<tr>\n<td width=\"106\">\n<p>\u00a0\u00a0 C\u00f3digo<\/p>\n<\/td>\n<td width=\"457\">\n<p>Atividades<\/p>\n<\/td>\n<td width=\"67\">\n<p>Horas<\/p>\n<\/td>\n<td width=\"78\">\n<p>Cr\u00e9ditos<\/p>\n<\/td>\n<\/tr>\n<tr>\n<td width=\"106\">\n<p><strong>ACG73411<\/strong><\/p>\n<\/td>\n<td width=\"457\">\n<p><strong>Eventos (Palestrante\/Participante)<\/strong><\/p>\n<\/td>\n<td width=\"67\">\n<p><strong>60<\/strong><\/p>\n<\/td>\n<td width=\"78\">\n<p><strong>(4)<\/strong><\/p>\n<\/td>\n<\/tr>\n<tr>\n<td width=\"106\">\n<p><strong>ACG72976<\/strong><\/p>\n<\/td>\n<td width=\"457\">\n<p><strong>Atividades de Extens\u00e3o<\/strong><\/p>\n<\/td>\n<td width=\"67\">\n<p><strong>75<\/strong><\/p>\n<\/td>\n<td width=\"78\">\n<p><strong>(5)<\/strong><\/p>\n<\/td>\n<\/tr>\n<tr>\n<td width=\"106\">\n<p><strong>ACG72981<\/strong><\/p>\n<\/td>\n<td width=\"457\">\n<p><strong>Est\u00e1gios Extracurriculares<\/strong><\/p>\n<\/td>\n<td width=\"67\">\n<p><strong>75<\/strong><\/p>\n<\/td>\n<td width=\"78\">\n<p><strong>(5)<\/strong><\/p>\n<\/td>\n<\/tr>\n<tr>\n<td width=\"106\">\n<p><strong>ACG72975<\/strong><\/p>\n<\/td>\n<td width=\"457\">\n<p><strong>Ativ. Inicia\u00e7\u00e3o Cient\u00edfica e Pesquisa<\/strong><\/p>\n<\/td>\n<td width=\"67\">\n<p><strong>120<\/strong><\/p>\n<\/td>\n<td width=\"78\">\n<p><strong>(8)<\/strong><\/p>\n<\/td>\n<\/tr>\n<tr>\n<td width=\"106\">\n<p><strong>ACG75097<\/strong><\/p>\n<\/td>\n<td width=\"457\">\n<p><strong>Publica\u00e7\u00e3o de Trabalhos<\/strong><\/p>\n<\/td>\n<td width=\"67\">\n<p><strong>75<\/strong><\/p>\n<\/td>\n<td width=\"78\">\n<p><strong>(5)<\/strong><\/p>\n<\/td>\n<\/tr>\n<tr>\n<td width=\"106\">\n<p><strong>ACG9005<\/strong><\/p>\n<\/td>\n<td width=\"457\">\n<p><strong>Part. Em \u00d3rg\u00e3os Colegiados<\/strong><\/p>\n<\/td>\n<td width=\"67\">\n<p><strong>15<\/strong><\/p>\n<\/td>\n<td width=\"78\">\n<p><strong>(1)<\/strong><\/p>\n<\/td>\n<\/tr>\n<tr>\n<td width=\"106\">\n<p>ACG9006<\/p>\n<\/td>\n<td width=\"457\">\n<p>Monitoria (com Bolsa)<\/p>\n<\/td>\n<td width=\"67\">\n<p>60<\/p>\n<\/td>\n<td width=\"78\">\n<p>(4)<\/p>\n<\/td>\n<\/tr>\n<tr>\n<td width=\"106\">\n<p>ACG74581<\/p>\n<\/td>\n<td width=\"457\">\n<p>Monitoria Volunt\u00e1ria<\/p>\n<\/td>\n<td width=\"67\">\n<p>60<\/p>\n<\/td>\n<td width=\"78\">\n<p>(4)<\/p>\n<\/td>\n<\/tr>\n<tr>\n<td width=\"106\">\n<p>ACG73408<\/p>\n<\/td>\n<td width=\"457\">\n<p>Org.\/Coord. De Ativ. De Ensino, Pesquisa e Extens\u00e3o (comiss\u00f5es)<\/p>\n<\/td>\n<td width=\"67\">\n<p>45<\/p>\n<\/td>\n<td width=\"78\">\n<p>(3)<\/p>\n<\/td>\n<\/tr>\n<tr>\n<td width=\"106\">\n<p>ACG75100<\/p>\n<\/td>\n<td width=\"457\">\n<p>Integraliza\u00e7\u00e3o\/Aproveitamento de disciplinas realizadas em outros Cursos de Gradua\u00e7\u00e3o (via Conselho do Curso)<\/p>\n<\/td>\n<td width=\"67\">\n<p>120<\/p>\n<\/td>\n<td width=\"78\">\n<p>(8)<\/p>\n<\/td>\n<\/tr>\n<tr>\n<td width=\"106\">\n<p>ACG9021<\/p>\n<\/td>\n<td width=\"457\">\n<p>Atividades de PIBID (Semestral)<\/p>\n<\/td>\n<td width=\"67\">\n<p>60<\/p>\n<\/td>\n<td width=\"78\">\n<p>(4)<\/p>\n<\/td>\n<\/tr>\n<tr>\n<td width=\"106\">\n<p>ACG74344<\/p>\n<\/td>\n<td width=\"457\">\n<p>Atividades Volunt\u00e1ria<\/p>\n<\/td>\n<td width=\"67\">\n<p>15<\/p>\n<\/td>\n<td width=\"78\">\n<p>(1)<\/p>\n<\/td>\n<\/tr>\n<tr>\n<td width=\"106\">\n<p><strong>ACG72983<\/strong><\/p>\n<\/td>\n<td width=\"457\">\n<p><strong>Atua\u00e7\u00e3o em N\u00facleo tem\u00e1tico (Ens\/Pesq\/Ext)<\/strong><\/p>\n<\/td>\n<td width=\"67\">\n<p><strong>30<\/strong><\/p>\n<\/td>\n<td width=\"78\">\n<p><strong>(2)<\/strong><\/p>\n<\/td>\n<\/tr>\n<tr>\n<td width=\"106\">\n<p>ACG9014<\/p>\n<\/td>\n<td width=\"457\">\n<p>Grupo de Estudo<\/p>\n<\/td>\n<td width=\"67\">\n<p>30<\/p>\n<\/td>\n<td width=\"78\">\n<p>(2)<\/p>\n<\/td>\n<\/tr>\n<tr>\n<td width=\"106\">\n<p>ACG9016<\/p>\n<\/td>\n<td width=\"457\">\n<p>Projeto de Pesquisa<\/p>\n<\/td>\n<td width=\"67\">\n<p>15<\/p>\n<\/td>\n<td width=\"78\">\n<p>(1)<\/p>\n<\/td>\n<\/tr>\n<tr>\n<td width=\"106\">\n<p>ACG73226<\/p>\n<\/td>\n<td width=\"457\">\n<p>Comiss\u00e3o Organizadora- Comiss\u00e3o de Eventos<\/p>\n<\/td>\n<td width=\"67\">\n<p>15<\/p>\n<\/td>\n<td width=\"78\">\n<p>(1)<\/p>\n<\/td>\n<\/tr>\n<tr>\n<td width=\"106\">\n<p>ACG75101<\/p>\n<\/td>\n<td width=\"457\">\n<p>\u00a0Paleografia na Hist\u00f3ria<\/p>\n<\/td>\n<td width=\"67\">\n<p>15<\/p>\n<\/td>\n<td width=\"78\">\n<p>(1)<\/p>\n<\/td>\n<\/tr>\n<tr>\n<td width=\"106\">\n<p>ACG73039<\/p>\n<\/td>\n<td width=\"457\">\n<p>\u00a0Apresenta\u00e7\u00e3o de Trabalhos<\/p>\n<\/td>\n<td width=\"67\">\n<p>75<\/p>\n<\/td>\n<td width=\"78\">\n<p>(5)<\/p>\n<\/td>\n<\/tr>\n<\/tbody>\n<\/table>\t\t\t\t\t\t<\/div>\n\t\t\t\t<\/div>\n\t\t\t\t\t<\/div>\n\t\t<\/div>\n\t\t\t\t\t<\/div>\n\t\t<\/section>\n\t\t\t\t<\/div>\n\t\t","protected":false},"excerpt":{"rendered":"<p>As atividades Complementares de Gradua\u00e7\u00e3o compreendem a estrutura n\u00e3o curricular do curso e tem por objetivo prover ao educando um contato direto com a realidade da profiss\u00e3o, atrav\u00e9s da inser\u00e7\u00e3o dos alunos em atividades de pesquisa, ensino e extens\u00e3o. Confira o documento abaixo:\u00a0 Atividades Complementares de Gradua\u00e7\u00e3o \u2013 ACG Confira no PPC do curso a [&hellip;]<\/p>\n","protected":false},"author":4916,"featured_media":0,"parent":0,"menu_order":0,"comment_status":"closed","ping_status":"closed","template":"","meta":{"footnotes":""},"categories":[],"tags":[],"class_list":["post-221","page","type-page","status-publish","hentry"],"acf":[],"_links":{"self":[{"href":"https:\/\/www.ufsm.br\/cursos\/graduacao\/santa-maria\/historia\/wp-json\/wp\/v2\/pages\/221","targetHints":{"allow":["GET"]}}],"collection":[{"href":"https:\/\/www.ufsm.br\/cursos\/graduacao\/santa-maria\/historia\/wp-json\/wp\/v2\/pages"}],"about":[{"href":"https:\/\/www.ufsm.br\/cursos\/graduacao\/santa-maria\/historia\/wp-json\/wp\/v2\/types\/page"}],"author":[{"embeddable":true,"href":"https:\/\/www.ufsm.br\/cursos\/graduacao\/santa-maria\/historia\/wp-json\/wp\/v2\/users\/4916"}],"replies":[{"embeddable":true,"href":"https:\/\/www.ufsm.br\/cursos\/graduacao\/santa-maria\/historia\/wp-json\/wp\/v2\/comments?post=221"}],"version-history":[{"count":0,"href":"https:\/\/www.ufsm.br\/cursos\/graduacao\/santa-maria\/historia\/wp-json\/wp\/v2\/pages\/221\/revisions"}],"wp:attachment":[{"href":"https:\/\/www.ufsm.br\/cursos\/graduacao\/santa-maria\/historia\/wp-json\/wp\/v2\/media?parent=221"}],"wp:term":[{"taxonomy":"category","embeddable":true,"href":"https:\/\/www.ufsm.br\/cursos\/graduacao\/santa-maria\/historia\/wp-json\/wp\/v2\/categories?post=221"},{"taxonomy":"post_tag","embeddable":true,"href":"https:\/\/www.ufsm.br\/cursos\/graduacao\/santa-maria\/historia\/wp-json\/wp\/v2\/tags?post=221"}],"curies":[{"name":"wp","href":"https:\/\/api.w.org\/{rel}","templated":true}]}}