{"id":29,"date":"2018-01-18T09:10:07","date_gmt":"2018-01-18T11:10:07","guid":{"rendered":"https:\/\/www.ufsm.br\/cursos\/graduacao\/nutricao\/12352\/?page_id=29"},"modified":"2025-08-31T18:35:23","modified_gmt":"2025-08-31T21:35:23","slug":"contato","status":"publish","type":"page","link":"https:\/\/www.ufsm.br\/cursos\/graduacao\/santa-maria\/jornalismo\/contato","title":{"rendered":"Contato"},"content":{"rendered":"\n<h2 class=\"wp-block-heading\">DAACOM \u2013 Divis\u00e3o de Apoio Administrativo \u00e0s Ci\u00eancias da Comunica\u00e7\u00e3o.<\/h2>\n\n\n\n<ul class=\"wp-block-list\">\n<li>Av. Roraima, 1000 \u2013 Pr\u00e9dio 21, segundo andar \u2013 Sala 5233<br>Cidade Universit\u00e1ria \u2013 Bairro Camobi \u2013 Santa Maria \u2013 CEP: 97105-900<\/li>\n\n\n\n<li>(55) 3220-8487<\/li>\n\n\n\n<li>(55) 3220-8491<\/li>\n\n\n\n<li>(55) 3220-8811<\/li>\n\n\n\n<li>(55) 3220-8579<a href=\"https:\/\/api.whatsapp.com\/send?phone=555532208487\"><br>WhatsApp da Secretaria \u2013 clique<\/a><\/li>\n\n\n\n<li>E-mail geral: daacom.ccsh@ufsm.br<\/li>\n\n\n\n<li>E-mail para assuntos de est\u00e1gios: estagioscom.ccsh@ufsm.br<\/li>\n<\/ul>\n\n\n\n<h2 class=\"wp-block-heading\">Coordena\u00e7\u00e3o do Curso 2023-2025&nbsp;<\/h2>\n\n\n\n<ul class=\"wp-block-list\">\n<li><strong>Coordenador<\/strong>: Prof\u00aa Dr\u00aa Luciana Menezes Carvalho<\/li>\n\n\n\n<li><strong>Coordenador Substituto:<\/strong>\u00a0Prof. Dr. Reges Toni Schwaab<\/li>\n<\/ul>\n\n\n\n<ul class=\"wp-block-list\">\n<li>E-mail do(a) coordenador(a) em exerc\u00edcio: coordenacaojn@ufsm.br<\/li>\n<\/ul>\n\n\n\n<p><\/p>\n","protected":false},"excerpt":{"rendered":"<p>DAACOM \u2013 Divis\u00e3o de Apoio Administrativo \u00e0s Ci\u00eancias da Comunica\u00e7\u00e3o. Coordena\u00e7\u00e3o do Curso 2023-2025&nbsp;<\/p>\n","protected":false},"author":8,"featured_media":0,"parent":0,"menu_order":0,"comment_status":"closed","ping_status":"closed","template":"","meta":{"footnotes":""},"categories":[],"tags":[],"class_list":["post-29","page","type-page","status-publish","hentry"],"acf":[],"_links":{"self":[{"href":"https:\/\/www.ufsm.br\/cursos\/graduacao\/santa-maria\/jornalismo\/wp-json\/wp\/v2\/pages\/29","targetHints":{"allow":["GET"]}}],"collection":[{"href":"https:\/\/www.ufsm.br\/cursos\/graduacao\/santa-maria\/jornalismo\/wp-json\/wp\/v2\/pages"}],"about":[{"href":"https:\/\/www.ufsm.br\/cursos\/graduacao\/santa-maria\/jornalismo\/wp-json\/wp\/v2\/types\/page"}],"author":[{"embeddable":true,"href":"https:\/\/www.ufsm.br\/cursos\/graduacao\/santa-maria\/jornalismo\/wp-json\/wp\/v2\/users\/8"}],"replies":[{"embeddable":true,"href":"https:\/\/www.ufsm.br\/cursos\/graduacao\/santa-maria\/jornalismo\/wp-json\/wp\/v2\/comments?post=29"}],"version-history":[{"count":0,"href":"https:\/\/www.ufsm.br\/cursos\/graduacao\/santa-maria\/jornalismo\/wp-json\/wp\/v2\/pages\/29\/revisions"}],"wp:attachment":[{"href":"https:\/\/www.ufsm.br\/cursos\/graduacao\/santa-maria\/jornalismo\/wp-json\/wp\/v2\/media?parent=29"}],"wp:term":[{"taxonomy":"category","embeddable":true,"href":"https:\/\/www.ufsm.br\/cursos\/graduacao\/santa-maria\/jornalismo\/wp-json\/wp\/v2\/categories?post=29"},{"taxonomy":"post_tag","embeddable":true,"href":"https:\/\/www.ufsm.br\/cursos\/graduacao\/santa-maria\/jornalismo\/wp-json\/wp\/v2\/tags?post=29"}],"curies":[{"name":"wp","href":"https:\/\/api.w.org\/{rel}","templated":true}]}}