{"id":506,"date":"2024-07-16T17:25:23","date_gmt":"2024-07-16T20:25:23","guid":{"rendered":"https:\/\/www.ufsm.br\/cursos\/graduacao\/santa-maria\/licenciatura-em-teatro\/?page_id=506"},"modified":"2024-07-16T17:25:25","modified_gmt":"2024-07-16T20:25:25","slug":"orientacoes-para-homologacao-de-ata-de-defesa-de-tcc","status":"publish","type":"page","link":"https:\/\/www.ufsm.br\/cursos\/graduacao\/santa-maria\/licenciatura-em-teatro\/orientacoes-para-homologacao-de-ata-de-defesa-de-tcc","title":{"rendered":"Orienta\u00e7\u00f5es para homologa\u00e7\u00e3o de Ata de defesa de TCC"},"content":{"rendered":"\n<div data-wp-interactive=\"core\/file\" class=\"wp-block-file\"><object data-wp-bind--hidden=\"!state.hasPdfPreview\" hidden class=\"wp-block-file__embed\" data=\"https:\/\/www.ufsm.br\/app\/uploads\/sites\/503\/2024\/07\/Orientacoes-Homologacao-de-Ata-de-defesa-de-TCC.pdf\" type=\"application\/pdf\" style=\"width:100%;height:600px\" aria-label=\"Incorporado de Orientacoes-Homologacao-de-Ata-de-defesa-de-TCC.\"><\/object><a id=\"wp-block-file--media-58335ad8-6713-4b3f-857f-6676dc8d2b84\" href=\"https:\/\/www.ufsm.br\/app\/uploads\/sites\/503\/2024\/07\/Orientacoes-Homologacao-de-Ata-de-defesa-de-TCC.pdf\">Orientacoes-Homologacao-de-Ata-de-defesa-de-TCC<\/a><a href=\"https:\/\/www.ufsm.br\/app\/uploads\/sites\/503\/2024\/07\/Orientacoes-Homologacao-de-Ata-de-defesa-de-TCC.pdf\" class=\"wp-block-file__button wp-element-button\" download aria-describedby=\"wp-block-file--media-58335ad8-6713-4b3f-857f-6676dc8d2b84\">Baixar<\/a><\/div>\n","protected":false},"excerpt":{"rendered":"","protected":false},"author":484,"featured_media":0,"parent":0,"menu_order":0,"comment_status":"closed","ping_status":"closed","template":"","meta":{"footnotes":""},"categories":[],"tags":[],"class_list":["post-506","page","type-page","status-publish","hentry"],"acf":[],"_links":{"self":[{"href":"https:\/\/www.ufsm.br\/cursos\/graduacao\/santa-maria\/licenciatura-em-teatro\/wp-json\/wp\/v2\/pages\/506","targetHints":{"allow":["GET"]}}],"collection":[{"href":"https:\/\/www.ufsm.br\/cursos\/graduacao\/santa-maria\/licenciatura-em-teatro\/wp-json\/wp\/v2\/pages"}],"about":[{"href":"https:\/\/www.ufsm.br\/cursos\/graduacao\/santa-maria\/licenciatura-em-teatro\/wp-json\/wp\/v2\/types\/page"}],"author":[{"embeddable":true,"href":"https:\/\/www.ufsm.br\/cursos\/graduacao\/santa-maria\/licenciatura-em-teatro\/wp-json\/wp\/v2\/users\/484"}],"replies":[{"embeddable":true,"href":"https:\/\/www.ufsm.br\/cursos\/graduacao\/santa-maria\/licenciatura-em-teatro\/wp-json\/wp\/v2\/comments?post=506"}],"version-history":[{"count":0,"href":"https:\/\/www.ufsm.br\/cursos\/graduacao\/santa-maria\/licenciatura-em-teatro\/wp-json\/wp\/v2\/pages\/506\/revisions"}],"wp:attachment":[{"href":"https:\/\/www.ufsm.br\/cursos\/graduacao\/santa-maria\/licenciatura-em-teatro\/wp-json\/wp\/v2\/media?parent=506"}],"wp:term":[{"taxonomy":"category","embeddable":true,"href":"https:\/\/www.ufsm.br\/cursos\/graduacao\/santa-maria\/licenciatura-em-teatro\/wp-json\/wp\/v2\/categories?post=506"},{"taxonomy":"post_tag","embeddable":true,"href":"https:\/\/www.ufsm.br\/cursos\/graduacao\/santa-maria\/licenciatura-em-teatro\/wp-json\/wp\/v2\/tags?post=506"}],"curies":[{"name":"wp","href":"https:\/\/api.w.org\/{rel}","templated":true}]}}