{"id":158,"date":"2018-12-12T11:58:49","date_gmt":"2018-12-12T13:58:49","guid":{"rendered":"https:\/\/www.ufsm.br\/cursos\/graduacao\/santa-maria\/matematica\/?page_id=158"},"modified":"2024-04-03T14:36:31","modified_gmt":"2024-04-03T17:36:31","slug":"pre-requisitos","status":"publish","type":"page","link":"https:\/\/www.ufsm.br\/cursos\/graduacao\/santa-maria\/matematica\/pre-requisitos","title":{"rendered":"Pr\u00e9-requisitos"},"content":{"rendered":"<p style=\"font-weight: 400\">A partir do ano de 2015 foram institu\u00eddas as disciplinas de pr\u00e9-requisitos \u00a0para algumas disciplinas dos Cursos de Matem\u00e1tica Bacharelado e Licenciatura.<\/p>\n<p style=\"font-weight: 400\"><b><strong>Disciplinas Comuns ao Bacharelado e Licenciatura:<\/strong><\/b><\/p>\n<table style=\"font-weight: 400\">\n<tbody>\n<tr>\n<td><b><strong>\u00a0 \u00a0 \u00a0 \u00a0 \u00a0 \u00a0 \u00a0 \u00a0 \u00a0Disciplina \u00a0<\/strong><\/b><\/td>\n<td><b><strong>\u00a0 \u00a0 \u00a0 \u00a0 \u00a0 \u00a0 \u00a0 Pr\u00e9-requisitos<\/strong><\/b><\/td>\n<\/tr>\n<tr>\n<td>MTM 1053 &#8211; Geometria Plana<\/td>\n<td>MTM 1045 &#8211; Introdu\u00e7\u00e3o \u00e0 L\u00f3gica<\/td>\n<\/tr>\n<tr>\n<td>MTM 1055 &#8211; Geometria Espacial<\/td>\n<td>MTM 1053 &#8211; Geometria Plana<\/td>\n<\/tr>\n<tr>\n<td>MTM 1051 &#8211; Aritm\u00e9tica<\/td>\n<td>MTM 1045 &#8211; Introdu\u00e7\u00e3o \u00e0 L\u00f3gica<\/td>\n<\/tr>\n<tr>\n<td>MTM 1050 &#8211; C\u00e1lculo II<\/td>\n<td>MTM 1047 &#8211; C\u00e1lculo I<\/td>\n<\/tr>\n<tr>\n<td>MTM 1052 &#8211; C\u00e1lculo III<\/td>\n<td>MTM 1047 &#8211; C\u00e1lculo I<\/td>\n<\/tr>\n<tr>\n<td>MTM 1059 &#8211; An\u00e1lise Matem\u00e1tica I<\/td>\n<td>MTM 1047 &#8211; C\u00e1lculo I<\/td>\n<\/tr>\n<tr>\n<td>FSC 103 \u2013 F\u00edsica I<\/td>\n<td>MTM 1047 &#8211; C\u00e1lculo I<\/td>\n<\/tr>\n<tr>\n<td>MTM 1056 \u2013 Hist\u00f3ria da Matem\u00e1tica<\/td>\n<td>MTM 1053 &#8211; Geometria Plana<\/td>\n<\/tr>\n<tr>\n<td>Trabalho de Conclus\u00e3o de Curso I<\/td>\n<td>M\u00ednimo 1650 horas\u00b9<br \/>\nM\u00ednimo 2100 horas\u00b2<\/td>\n<\/tr>\n<tr>\n<td>Trabalho de Conclus\u00e3o de Curso II<\/td>\n<td>Trabalho de Conclus\u00e3o de Curso I<\/td>\n<\/tr>\n<\/tbody>\n<\/table>\n<p style=\"font-weight: 400\">1\u00ba\u00a0A carga hor\u00e1ria m\u00ednima para cursar a disciplina TCC I\u00a0 no\u00a0<b><strong>Bacharelado\u00a0<\/strong><\/b>foi obtida pelo c\u00e1lculo: Carga hor\u00e1ria total do curso (2580 h) menos carga hor\u00e1ria dos dois \u00faltimos semestres (600 h) menos carga hor\u00e1ria de ACGs (210h) menos 120 horas.<\/p>\n<p style=\"font-weight: 400\">2\u00baA carga hor\u00e1ria m\u00ednima para cursar a disciplina TCC I \u00a0na\u00a0<b><strong>Licenciatura<\/strong><\/b>\u00a0foi obtida pelo c\u00e1lculo: Carga hor\u00e1ria total do curso (3045 h) menos carga hor\u00e1ria dos dois \u00faltimos semestres (615 h) menos carga hor\u00e1ria de ACGs (210h) menos 120 horas.<\/p>\n<p style=\"font-weight: 400\"><b><strong>\u00a0<\/strong><\/b><\/p>\n<p style=\"font-weight: 400\">\u00a0<b><strong>Disciplinas espec\u00edficas do Curso de Matem\u00e1tica Licenciatura:\u00a0<\/strong><\/b><b><strong>\u00a0<\/strong><\/b><b><strong>\u00a0<\/strong><\/b><\/p>\n<p style=\"font-weight: 400\"><b><strong>\u00a0<\/strong><\/b><b><strong>\u00a0<\/strong><\/b><\/p>\n<table style=\"font-weight: 400\">\n<tbody>\n<tr>\n<td><b><strong>\u00a0 \u00a0 \u00a0 \u00a0 \u00a0 \u00a0 \u00a0 \u00a0 \u00a0Disciplina \u00a0<\/strong><\/b><\/td>\n<td><b><strong>\u00a0 \u00a0 \u00a0 \u00a0 \u00a0 \u00a0 \u00a0 Pr\u00e9-requisitos<\/strong><\/b><\/td>\n<\/tr>\n<tr>\n<td>MTM 1058 &#8211; Matem\u00e1tica Financeira<\/td>\n<td>MTM 1048 \u2013 Matem\u00e1tica Discreta<\/td>\n<\/tr>\n<tr>\n<td>MTM 1060 &#8211; Recursos Tecnol\u00f3gicos no Ensino de Matem\u00e1tica II<\/td>\n<td>MTM 1046 &#8211; Recursos Tecnol\u00f3gicos no Ensino de Matem\u00e1tica I<\/td>\n<\/tr>\n<tr>\n<td>MTM 1062 \u2013 Educa\u00e7\u00e3o Matem\u00e1tica II<\/td>\n<td>MTM 1061 \u2013 Educa\u00e7\u00e3o Matem\u00e1tica I<\/td>\n<\/tr>\n<tr>\n<td>MEN 1233 \u2013 Did\u00e1tica da Matem\u00e1tica II<\/td>\n<td>MEN 1232 \u2013 Did\u00e1tica da Matem\u00e1tica I<\/td>\n<\/tr>\n<tr>\n<td>MTM 1057 \u2013 M\u00e9todos Matem\u00e1ticos<\/td>\n<td>MTM 1047 &#8211; C\u00e1lculo I<br \/>\nMTM 1049 &#8211; \u00c1lgebra Linear I<\/td>\n<\/tr>\n<tr>\n<td>MEN 1100 &#8211; Est\u00e1gio Supervisionado de Matem\u00e1tica no Ensino Fundamental<\/td>\n<td>Disciplinas at\u00e9 o 6\u00ba semestre (diurno) ou 8\u00ba semestre (noturno), inclusive.<\/td>\n<\/tr>\n<tr>\n<td>MEN 1101 &#8211; Est\u00e1gio Supervisionado de Matem\u00e1tica no Ensino M\u00e9dio<\/td>\n<td>Disciplinas at\u00e9 o 7\u00ba semestre (diurno) ou 9\u00ba semestre (noturno), inclusive.<\/td>\n<\/tr>\n<\/tbody>\n<\/table>\n<p style=\"font-weight: 400\"><b><strong>\u00a0<\/strong><\/b><\/p>\n<p style=\"font-weight: 400\"><b><strong>Disciplinas espec\u00edficas do Curso de Matem\u00e1tica Bacharelado:\u00a0<\/strong><\/b><\/p>\n<table style=\"font-weight: 400\">\n<tbody>\n<tr>\n<td><b><strong>\u00a0 \u00a0 \u00a0 \u00a0 \u00a0 \u00a0 \u00a0 \u00a0 \u00a0Disciplina \u00a0<\/strong><\/b><\/td>\n<td><b><strong>\u00a0 \u00a0 \u00a0 \u00a0 \u00a0 \u00a0 \u00a0 Pr\u00e9-requisitos<\/strong><\/b><\/td>\n<\/tr>\n<tr>\n<td>MTM 1065 &#8211; \u00c1lgebra Linear II<\/td>\n<td>MTM 1049 &#8211; \u00c1lgebra Linear I<\/td>\n<\/tr>\n<tr>\n<td>MTM 1021 &#8211; Equa\u00e7\u00f5es Diferenciais A<\/td>\n<td>MTM 1047 &#8211; C\u00e1lculo I<\/td>\n<\/tr>\n<\/tbody>\n<\/table>\n<p>MTM 1049 \u2013 \u00c1lgebra Linear IMTM 1069 &#8211; Vari\u00e1vel ComplexaMTM 1047 &#8211; C\u00e1lculo IMTM 1070 &#8211; An\u00e1lise Matem\u00e1tica IIMTM 1059 \u2013 An\u00e1lise Matem\u00e1tica IMTM1066 &#8211; Espa\u00e7os M\u00e9tricosMTM 1059 \u2013 An\u00e1lise Matem\u00e1tica IMTM 1068 &#8211; \u00c1lgebra IIMTM 1054 &#8211; \u00c1lgebra IMTM 1071 &#8211; An\u00e1lise no\u00a0R<sup>n<\/sup>MTM 1050 &#8211; C\u00e1lculo II<\/p>\n<p>MTM 1070 &#8211; An\u00e1lise Matem\u00e1tica IIMTM 1063 &#8211; Equa\u00e7\u00f5es Diferenciais ParciaisMTM 1050 &#8211; C\u00e1lculo IIMTM 1064 &#8211; Equa\u00e7\u00f5es Diferenciais Ordin\u00e1riasMTM 1021 &#8211; Equa\u00e7\u00f5es Diferenciais A<\/p>\n<p>MTM 1065 &#8211; \u00c1lgebra Linear II<\/p>\n<p>MTM 1066 &#8211; Espa\u00e7os M\u00e9tricosMTM 1067 \u2013 Geometria Diferencial\u00a0MTM 1049 \u2013 \u00c1lgebra Linear I<\/p>\n<p>MTM 1050 &#8211; C\u00e1lculo II<\/p>\n<p style=\"font-weight: 400\">\n","protected":false},"excerpt":{"rendered":"<p>A partir do ano de 2015 foram institu\u00eddas as disciplinas de pr\u00e9-requisitos \u00a0para algumas disciplinas dos Cursos de Matem\u00e1tica Bacharelado e Licenciatura. Disciplinas Comuns ao Bacharelado e Licenciatura: \u00a0 \u00a0 \u00a0 \u00a0 \u00a0 \u00a0 \u00a0 \u00a0 \u00a0Disciplina \u00a0 \u00a0 \u00a0 \u00a0 \u00a0 \u00a0 \u00a0 \u00a0 Pr\u00e9-requisitos MTM 1053 &#8211; Geometria Plana MTM 1045 &#8211; Introdu\u00e7\u00e3o [&hellip;]<\/p>\n","protected":false},"author":117,"featured_media":0,"parent":0,"menu_order":0,"comment_status":"closed","ping_status":"closed","template":"","meta":{"footnotes":""},"categories":[],"tags":[],"class_list":["post-158","page","type-page","status-publish","hentry"],"acf":[],"_links":{"self":[{"href":"https:\/\/www.ufsm.br\/cursos\/graduacao\/santa-maria\/matematica\/wp-json\/wp\/v2\/pages\/158","targetHints":{"allow":["GET"]}}],"collection":[{"href":"https:\/\/www.ufsm.br\/cursos\/graduacao\/santa-maria\/matematica\/wp-json\/wp\/v2\/pages"}],"about":[{"href":"https:\/\/www.ufsm.br\/cursos\/graduacao\/santa-maria\/matematica\/wp-json\/wp\/v2\/types\/page"}],"author":[{"embeddable":true,"href":"https:\/\/www.ufsm.br\/cursos\/graduacao\/santa-maria\/matematica\/wp-json\/wp\/v2\/users\/117"}],"replies":[{"embeddable":true,"href":"https:\/\/www.ufsm.br\/cursos\/graduacao\/santa-maria\/matematica\/wp-json\/wp\/v2\/comments?post=158"}],"version-history":[{"count":0,"href":"https:\/\/www.ufsm.br\/cursos\/graduacao\/santa-maria\/matematica\/wp-json\/wp\/v2\/pages\/158\/revisions"}],"wp:attachment":[{"href":"https:\/\/www.ufsm.br\/cursos\/graduacao\/santa-maria\/matematica\/wp-json\/wp\/v2\/media?parent=158"}],"wp:term":[{"taxonomy":"category","embeddable":true,"href":"https:\/\/www.ufsm.br\/cursos\/graduacao\/santa-maria\/matematica\/wp-json\/wp\/v2\/categories?post=158"},{"taxonomy":"post_tag","embeddable":true,"href":"https:\/\/www.ufsm.br\/cursos\/graduacao\/santa-maria\/matematica\/wp-json\/wp\/v2\/tags?post=158"}],"curies":[{"name":"wp","href":"https:\/\/api.w.org\/{rel}","templated":true}]}}