{"id":169,"date":"2018-12-12T12:14:08","date_gmt":"2018-12-12T14:14:08","guid":{"rendered":"https:\/\/www.ufsm.br\/cursos\/graduacao\/santa-maria\/matematica\/?page_id=169"},"modified":"2024-04-03T10:40:47","modified_gmt":"2024-04-03T13:40:47","slug":"dispensa-aproveitamento-de-disciplinas","status":"publish","type":"page","link":"https:\/\/www.ufsm.br\/cursos\/graduacao\/santa-maria\/matematica\/dispensa-aproveitamento-de-disciplinas","title":{"rendered":"Dispensa\/Aproveitamento de Disciplinas"},"content":{"rendered":"<p><strong>Procedimentos para o c\u00f4mputo de disciplinas j\u00e1 cursadas como DCG ou Disciplinas Obrigat\u00f3rias:<\/strong><\/p>\n<p>&#8211;<\/p>\n<p>O sistema\u00a0virtual de dispensa de disciplina de gradua\u00e7\u00e3o est\u00e1 dispon\u00edvel no\u00a0<a href=\"https:\/\/portal.ufsm.br\/aluno\/\">portal do aluno<\/a>\u00a0na aba \u201cALTERA\u00c7\u00c3O CURRICULAR\u201d e pode ser usado por acad\u00eamicos interessados em solicitar a dispensa de disciplinas cursadas em cursos de mesmo n\u00edvel ou de n\u00edvel superior, internos ou externos \u00e0 UFSM. Acesse o\u00a0manual\u00a0<a href=\"https:\/\/www.ufsm.br\/app\/uploads\/sites\/342\/2021\/06\/Manual_de_Dispensa_Online.pdf\">clicando aqui<\/a>\u00a0para saber como solicitar a dispensa via portal do aluno.<\/p>\n<p>ATEN\u00c7\u00c3O<\/p>\n<ul>\n<li>As coordena\u00e7\u00f5es de curso devem acompanhar desde j\u00e1 os pedidos de dispensa de disciplinas, por meio de suas caixas postais individuais, no sistema Web da UFSM.<\/li>\n<li>A implementa\u00e7\u00e3o da dispensa de disciplinas de gradua\u00e7\u00e3o por autodidatismo e de ACG (atividades complementares de gradua\u00e7\u00e3o) no ambiente virtual encontra-se em fase final de desenvolvimento. Portanto, continuam sendo solicitadas e processadas pelo m\u00e9todo at\u00e9 agora utilizado.<\/li>\n<li>A nova resolu\u00e7\u00e3o sobre os processos de dispensa de disciplinas de gradua\u00e7\u00e3o, autodidatismo e outras formas pode ser vista no link a seguir.\u00a0<a href=\"https:\/\/www.ufsm.br\/orgaos-executivos\/derca\/wp-content\/uploads\/sites\/51\/2018\/08\/Resolu%C3%A7%C3%A3o-N.-025.2017-DISPENSA-DE-DISCIPLINAS-DE-GRADUA%C3%87%C3%83O.pdf\">Resolu\u00e7\u00e3o N. 025.2017 \u2013 DISPENSA DE DISCIPLINAS DE GRADUA\u00c7\u00c3O<\/a><\/li>\n<\/ul>\n<p>Em rela\u00e7\u00e3o ao c\u00f4mputo como DCG, se a disciplina cursada n\u00e3o constar do rol aprovado pelo Colegiado do Curso, a mesma ser\u00e1 analisada de forma a contemplar uma poss\u00edvel equival\u00eancia com as mesmas. Em rela\u00e7\u00e3o a dispensa\/aproveitamento de disciplinas obrigat\u00f3rias, a equival\u00eancia ser\u00e1 concedida se a disciplina cursada possuir carga hor\u00e1ria, no m\u00ednimo, igual a disciplina pretendida no curso e, no m\u00ednimo, 75% de programa equivalente.<\/p>\n","protected":false},"excerpt":{"rendered":"<p>Procedimentos para o c\u00f4mputo de disciplinas j\u00e1 cursadas como DCG ou Disciplinas Obrigat\u00f3rias: &#8211; O sistema\u00a0virtual de dispensa de disciplina de gradua\u00e7\u00e3o est\u00e1 dispon\u00edvel no\u00a0portal do aluno\u00a0na aba \u201cALTERA\u00c7\u00c3O CURRICULAR\u201d e pode ser usado por acad\u00eamicos interessados em solicitar a dispensa de disciplinas cursadas em cursos de mesmo n\u00edvel ou de n\u00edvel superior, internos ou [&hellip;]<\/p>\n","protected":false},"author":117,"featured_media":0,"parent":0,"menu_order":0,"comment_status":"closed","ping_status":"closed","template":"","meta":{"footnotes":""},"categories":[],"tags":[],"class_list":["post-169","page","type-page","status-publish","hentry"],"acf":[],"_links":{"self":[{"href":"https:\/\/www.ufsm.br\/cursos\/graduacao\/santa-maria\/matematica\/wp-json\/wp\/v2\/pages\/169","targetHints":{"allow":["GET"]}}],"collection":[{"href":"https:\/\/www.ufsm.br\/cursos\/graduacao\/santa-maria\/matematica\/wp-json\/wp\/v2\/pages"}],"about":[{"href":"https:\/\/www.ufsm.br\/cursos\/graduacao\/santa-maria\/matematica\/wp-json\/wp\/v2\/types\/page"}],"author":[{"embeddable":true,"href":"https:\/\/www.ufsm.br\/cursos\/graduacao\/santa-maria\/matematica\/wp-json\/wp\/v2\/users\/117"}],"replies":[{"embeddable":true,"href":"https:\/\/www.ufsm.br\/cursos\/graduacao\/santa-maria\/matematica\/wp-json\/wp\/v2\/comments?post=169"}],"version-history":[{"count":0,"href":"https:\/\/www.ufsm.br\/cursos\/graduacao\/santa-maria\/matematica\/wp-json\/wp\/v2\/pages\/169\/revisions"}],"wp:attachment":[{"href":"https:\/\/www.ufsm.br\/cursos\/graduacao\/santa-maria\/matematica\/wp-json\/wp\/v2\/media?parent=169"}],"wp:term":[{"taxonomy":"category","embeddable":true,"href":"https:\/\/www.ufsm.br\/cursos\/graduacao\/santa-maria\/matematica\/wp-json\/wp\/v2\/categories?post=169"},{"taxonomy":"post_tag","embeddable":true,"href":"https:\/\/www.ufsm.br\/cursos\/graduacao\/santa-maria\/matematica\/wp-json\/wp\/v2\/tags?post=169"}],"curies":[{"name":"wp","href":"https:\/\/api.w.org\/{rel}","templated":true}]}}