{"id":170,"date":"2018-12-12T12:17:27","date_gmt":"2018-12-12T14:17:27","guid":{"rendered":"https:\/\/www.ufsm.br\/cursos\/graduacao\/santa-maria\/matematica\/?page_id=170"},"modified":"2024-04-03T14:42:00","modified_gmt":"2024-04-03T17:42:00","slug":"solicitacao-de-disciplinas-em-outros-cursos","status":"publish","type":"page","link":"https:\/\/www.ufsm.br\/cursos\/graduacao\/santa-maria\/matematica\/solicitacao-de-disciplinas-em-outros-cursos","title":{"rendered":"Solicita\u00e7\u00e3o de Disciplinas em Outros Cursos"},"content":{"rendered":"<p>A fim de contabilizar disciplinas como DCG ou Aproveitamento\/Dispensa de Disciplinas Obrigat\u00f3rias, o acad\u00eamico do Curso de Matem\u00e1tica (Bacharelado\/Licenciatura) poder\u00e1 solicitar cursar disciplinas em outros cursos de gradua\u00e7\u00e3o da UFSM. Procedimentos:<\/p>\n<p>1\u00ba &#8211; Verificar se a disciplina pretendida est\u00e1 em concord\u00e2ncia com a\u00a0Resolu\u00e7\u00e3o 015\/99\u00a0, que estabelece as diretrizes para DCG;<br \/>\n2\u00ba &#8211; Completar o formul\u00e1rio de solicita\u00e7\u00e3o de disciplinas em outro curso, que pode ser\u00a0<a href=\"http:\/\/www.jotformz.com\/form\/43234402637651\">acessado aqui\u00a0<\/a><br \/>\n3\u00ba &#8211; Caso a solicita\u00e7\u00e3o seja deferida, retirar a autoriza\u00e7\u00e3o na Coordena\u00e7\u00e3o do Curso de Matem\u00e1tica e entreg\u00e1-la na Coordena\u00e7\u00e3o do Curso pretendido, dentro do per\u00edodo determinado no\u00a0<a href=\"http:\/\/site.ufsm.br\/ufsm\/calendario-academico\">Calend\u00e1rio Acad\u00eamico<\/a>\u00a0.<\/p>\n<p>Lembre-se que ap\u00f3s a aprova\u00e7\u00e3o da disciplina cursada em outro curso, dever\u00e1 solicitar junto a Secretaria do Curso de Matem\u00e1tica, a Dispensa\/Aproveitamento da mesma, conforme orienta\u00e7\u00f5es no menu \u201c<a href=\"https:\/\/www.ufsm.br\/cursos\/graduacao\/santa-maria\/matematica\/dispensa-aproveitamento-de-disciplinas\/\">Dispensa\/Aproveitamento de Disciplinas\u201d<\/a><\/p>\n","protected":false},"excerpt":{"rendered":"<p>A fim de contabilizar disciplinas como DCG ou Aproveitamento\/Dispensa de Disciplinas Obrigat\u00f3rias, o acad\u00eamico do Curso de Matem\u00e1tica (Bacharelado\/Licenciatura) poder\u00e1 solicitar cursar disciplinas em outros cursos de gradua\u00e7\u00e3o da UFSM. Procedimentos: 1\u00ba &#8211; Verificar se a disciplina pretendida est\u00e1 em concord\u00e2ncia com a\u00a0Resolu\u00e7\u00e3o 015\/99\u00a0, que estabelece as diretrizes para DCG; 2\u00ba &#8211; Completar o formul\u00e1rio [&hellip;]<\/p>\n","protected":false},"author":117,"featured_media":0,"parent":0,"menu_order":0,"comment_status":"closed","ping_status":"closed","template":"","meta":{"footnotes":""},"categories":[],"tags":[],"class_list":["post-170","page","type-page","status-publish","hentry"],"acf":[],"_links":{"self":[{"href":"https:\/\/www.ufsm.br\/cursos\/graduacao\/santa-maria\/matematica\/wp-json\/wp\/v2\/pages\/170","targetHints":{"allow":["GET"]}}],"collection":[{"href":"https:\/\/www.ufsm.br\/cursos\/graduacao\/santa-maria\/matematica\/wp-json\/wp\/v2\/pages"}],"about":[{"href":"https:\/\/www.ufsm.br\/cursos\/graduacao\/santa-maria\/matematica\/wp-json\/wp\/v2\/types\/page"}],"author":[{"embeddable":true,"href":"https:\/\/www.ufsm.br\/cursos\/graduacao\/santa-maria\/matematica\/wp-json\/wp\/v2\/users\/117"}],"replies":[{"embeddable":true,"href":"https:\/\/www.ufsm.br\/cursos\/graduacao\/santa-maria\/matematica\/wp-json\/wp\/v2\/comments?post=170"}],"version-history":[{"count":0,"href":"https:\/\/www.ufsm.br\/cursos\/graduacao\/santa-maria\/matematica\/wp-json\/wp\/v2\/pages\/170\/revisions"}],"wp:attachment":[{"href":"https:\/\/www.ufsm.br\/cursos\/graduacao\/santa-maria\/matematica\/wp-json\/wp\/v2\/media?parent=170"}],"wp:term":[{"taxonomy":"category","embeddable":true,"href":"https:\/\/www.ufsm.br\/cursos\/graduacao\/santa-maria\/matematica\/wp-json\/wp\/v2\/categories?post=170"},{"taxonomy":"post_tag","embeddable":true,"href":"https:\/\/www.ufsm.br\/cursos\/graduacao\/santa-maria\/matematica\/wp-json\/wp\/v2\/tags?post=170"}],"curies":[{"name":"wp","href":"https:\/\/api.w.org\/{rel}","templated":true}]}}