{"id":142,"date":"2018-11-26T16:35:55","date_gmt":"2018-11-26T18:35:55","guid":{"rendered":"https:\/\/www.ufsm.br\/cursos\/graduacao\/santa-maria\/medicina-veterinaria\/?page_id=142"},"modified":"2018-11-26T16:35:56","modified_gmt":"2018-11-26T18:35:56","slug":"informacoes-sobre-o-diploma","status":"publish","type":"page","link":"https:\/\/www.ufsm.br\/cursos\/graduacao\/santa-maria\/medicina-veterinaria\/informacoes-sobre-o-diploma","title":{"rendered":"Informa\u00e7\u00f5es sobre o Diploma"},"content":{"rendered":"<p>A emiss\u00e3o do diploma somente ser\u00e1 realizado 30 (trinta) dias ap\u00f3s a entrega da ata da cerim\u00f4nia de formatura ao DERCA.<\/p>\n<p>N\u00e3o h\u00e1 cobran\u00e7a de taxa para a emiss\u00e3o do diploma.<\/p>\n<p>Na retirada do diploma o formado dever\u00e1 assinar e conferir o diploma e ser\u00e1 entregue tamb\u00e9m no ato o hist\u00f3rico final (contendo apenas as aprova\u00e7\u00f5es).<\/p>\n<p>*Para aprovados nos cursos de p\u00f3s-gradua\u00e7\u00e3o da UFSM, o DERCA exige ap\u00f3s a retirada a entrega de uma fotoc\u00f3pia do diploma para o graduado poder realizar sua matricula no programa de p\u00f3s gradua\u00e7\u00e3o escolhido.<\/p>\n","protected":false},"excerpt":{"rendered":"<p>A emiss\u00e3o do diploma somente ser\u00e1 realizado 30 (trinta) dias ap\u00f3s a entrega da ata da cerim\u00f4nia de formatura ao DERCA. N\u00e3o h\u00e1 cobran\u00e7a de taxa para a emiss\u00e3o do diploma. Na retirada do diploma o formado dever\u00e1 assinar e conferir o diploma e ser\u00e1 entregue tamb\u00e9m no ato o hist\u00f3rico final (contendo apenas as [&hellip;]<\/p>\n","protected":false},"author":115,"featured_media":0,"parent":0,"menu_order":0,"comment_status":"closed","ping_status":"closed","template":"","meta":{"footnotes":""},"categories":[],"tags":[],"class_list":["post-142","page","type-page","status-publish","hentry"],"acf":[],"_links":{"self":[{"href":"https:\/\/www.ufsm.br\/cursos\/graduacao\/santa-maria\/medicina-veterinaria\/wp-json\/wp\/v2\/pages\/142","targetHints":{"allow":["GET"]}}],"collection":[{"href":"https:\/\/www.ufsm.br\/cursos\/graduacao\/santa-maria\/medicina-veterinaria\/wp-json\/wp\/v2\/pages"}],"about":[{"href":"https:\/\/www.ufsm.br\/cursos\/graduacao\/santa-maria\/medicina-veterinaria\/wp-json\/wp\/v2\/types\/page"}],"author":[{"embeddable":true,"href":"https:\/\/www.ufsm.br\/cursos\/graduacao\/santa-maria\/medicina-veterinaria\/wp-json\/wp\/v2\/users\/115"}],"replies":[{"embeddable":true,"href":"https:\/\/www.ufsm.br\/cursos\/graduacao\/santa-maria\/medicina-veterinaria\/wp-json\/wp\/v2\/comments?post=142"}],"version-history":[{"count":0,"href":"https:\/\/www.ufsm.br\/cursos\/graduacao\/santa-maria\/medicina-veterinaria\/wp-json\/wp\/v2\/pages\/142\/revisions"}],"wp:attachment":[{"href":"https:\/\/www.ufsm.br\/cursos\/graduacao\/santa-maria\/medicina-veterinaria\/wp-json\/wp\/v2\/media?parent=142"}],"wp:term":[{"taxonomy":"category","embeddable":true,"href":"https:\/\/www.ufsm.br\/cursos\/graduacao\/santa-maria\/medicina-veterinaria\/wp-json\/wp\/v2\/categories?post=142"},{"taxonomy":"post_tag","embeddable":true,"href":"https:\/\/www.ufsm.br\/cursos\/graduacao\/santa-maria\/medicina-veterinaria\/wp-json\/wp\/v2\/tags?post=142"}],"curies":[{"name":"wp","href":"https:\/\/api.w.org\/{rel}","templated":true}]}}