{"id":166,"date":"2018-12-07T09:03:16","date_gmt":"2018-12-07T11:03:16","guid":{"rendered":"https:\/\/www.ufsm.br\/cursos\/graduacao\/santa-maria\/meteorologia\/?page_id=166"},"modified":"2021-03-19T18:46:12","modified_gmt":"2021-03-19T21:46:12","slug":"diretorio-academico","status":"publish","type":"page","link":"https:\/\/www.ufsm.br\/cursos\/graduacao\/santa-maria\/meteorologia\/diretorio-academico","title":{"rendered":"Diret\u00f3rio Acad\u00eamico"},"content":{"rendered":"<div><\/div>\n<div class=\"pull-left item-image\"><span style=\"font-size: inherit\">Os integrantes do Diret\u00f3rio Acad\u00eamico do curso de Meteorologia da UFSM (<\/span><strong style=\"font-size: inherit\">DAMET<\/strong><span style=\"font-size: inherit\">) s\u00e3o:<\/span><\/div>\n<div><strong>\u00a0Paulo Henrique Gomes, <\/strong><strong>Leonardo Zucuni Furlan, <\/strong><strong>Elisvania Machado de Souza, <\/strong><strong>Allan Severo Finger, <\/strong><strong>Gabriel Brutti Eckhardt, e <\/strong><strong>J\u00falia Cardoso Telles <\/strong><\/div>\n<div>\n<div><\/div>\n<div>Contato\u00a0<strong>DAMET<\/strong>:\u00a0<span id=\"cloak24b8ee72c035b5139d3a53481ac6eeac\"><a href=\"mailto:dameteorologia@gmail.com\">dameteorologia@gmail.com<\/a><\/span><\/div>\n<div><\/div>\n<div><a href=\"https:\/\/www.facebook.com\/DAMet.UFSM\/\">https:\/\/www.facebook.com\/DAMet.UFSM\/<\/a><\/div>\n<\/div>\n","protected":false},"excerpt":{"rendered":"<p>Os integrantes do Diret\u00f3rio Acad\u00eamico do curso de Meteorologia da UFSM (DAMET) s\u00e3o: \u00a0Paulo Henrique Gomes, Leonardo Zucuni Furlan, Elisvania Machado de Souza, Allan Severo Finger, Gabriel Brutti Eckhardt, e J\u00falia Cardoso Telles Contato\u00a0DAMET:\u00a0dameteorologia@gmail.com https:\/\/www.facebook.com\/DAMet.UFSM\/<\/p>\n","protected":false},"author":194,"featured_media":0,"parent":0,"menu_order":0,"comment_status":"closed","ping_status":"closed","template":"","meta":{"footnotes":""},"categories":[],"tags":[],"class_list":["post-166","page","type-page","status-publish","hentry"],"acf":[],"_links":{"self":[{"href":"https:\/\/www.ufsm.br\/cursos\/graduacao\/santa-maria\/meteorologia\/wp-json\/wp\/v2\/pages\/166","targetHints":{"allow":["GET"]}}],"collection":[{"href":"https:\/\/www.ufsm.br\/cursos\/graduacao\/santa-maria\/meteorologia\/wp-json\/wp\/v2\/pages"}],"about":[{"href":"https:\/\/www.ufsm.br\/cursos\/graduacao\/santa-maria\/meteorologia\/wp-json\/wp\/v2\/types\/page"}],"author":[{"embeddable":true,"href":"https:\/\/www.ufsm.br\/cursos\/graduacao\/santa-maria\/meteorologia\/wp-json\/wp\/v2\/users\/194"}],"replies":[{"embeddable":true,"href":"https:\/\/www.ufsm.br\/cursos\/graduacao\/santa-maria\/meteorologia\/wp-json\/wp\/v2\/comments?post=166"}],"version-history":[{"count":0,"href":"https:\/\/www.ufsm.br\/cursos\/graduacao\/santa-maria\/meteorologia\/wp-json\/wp\/v2\/pages\/166\/revisions"}],"wp:attachment":[{"href":"https:\/\/www.ufsm.br\/cursos\/graduacao\/santa-maria\/meteorologia\/wp-json\/wp\/v2\/media?parent=166"}],"wp:term":[{"taxonomy":"category","embeddable":true,"href":"https:\/\/www.ufsm.br\/cursos\/graduacao\/santa-maria\/meteorologia\/wp-json\/wp\/v2\/categories?post=166"},{"taxonomy":"post_tag","embeddable":true,"href":"https:\/\/www.ufsm.br\/cursos\/graduacao\/santa-maria\/meteorologia\/wp-json\/wp\/v2\/tags?post=166"}],"curies":[{"name":"wp","href":"https:\/\/api.w.org\/{rel}","templated":true}]}}