{"id":183,"date":"2018-12-07T09:13:32","date_gmt":"2018-12-07T11:13:32","guid":{"rendered":"https:\/\/www.ufsm.br\/cursos\/graduacao\/santa-maria\/meteorologia\/?page_id=183"},"modified":"2022-12-15T10:52:10","modified_gmt":"2022-12-15T13:52:10","slug":"colegiado-e-nde","status":"publish","type":"page","link":"https:\/\/www.ufsm.br\/cursos\/graduacao\/santa-maria\/meteorologia\/colegiado-e-nde","title":{"rendered":"Colegiado e NDE"},"content":{"rendered":"<h4>Colegiado<\/h4>\n<p>Ao colegiado do curso cabe a administra\u00e7\u00e3o e coordena\u00e7\u00e3o do mesmo, de acordo com o artigo 107 do Regimento Geral da UFSM.<\/p>\n<p>Os membros do colegiado do Curso de gradua\u00e7\u00e3o em Meteorologia para o bi\u00eanio 2019-2021 s\u00e3o:<\/p>\n<ul>\n<li>Prof. J\u00f4natan Dupont Tatsch (Presidente)<\/li>\n<li>Profa. Simone Erotildes Teleginski Ferraz (Vice-Presidente)<\/li>\n<li>Profa. Nathalie Tissot Boiaski<\/li>\n<li>Prof. Ernani de Lima Nascimento<\/li>\n<li>Prof. Otavio Acevedo<\/li>\n<li>Acad\u00eamico Leonardo Zucuni Furlan<\/li>\n<li>Dr. Daniel Caetano Santos (<span style=\"font-size: revert;color: initial\">representante CREA)<\/span><\/li>\n<\/ul>\n<p>Membros Suplentes<\/p>\n<ul>\n<li>Prof. Everson Dal Piva<\/li>\n<li><span style=\"font-size: revert;color: initial\">Prof. Hans Rog\u00e9rio Zimmernann<\/span><\/li>\n<li><span style=\"font-size: revert;color: initial\">Profa. Damaris Kirsch Pinheiro<\/span><\/li>\n<li>Acad\u00eamico Paulo Henrique Gomes<\/li>\n<\/ul>\n<h4><a id=\"NDE\"><\/a>N\u00facleo Docente Estruturante (NDE)<\/h4>\n<p>O N\u00facleo Docente Estruturante \u00e9 proposto pelo Colegiado e \u00e9 respons\u00e1vel pela concep\u00e7\u00e3o, acompanhamento, consolida\u00e7\u00e3o e avalia\u00e7\u00e3o do projeto pedag\u00f3gico do curso. Para o bi\u00eanio 2022-2024 o NDE foi composto pelos seguintes membros:<\/p>\n<ul>\n<li>Prof. J\u00f4natan Dupont Tatsch (Presidente)<\/li>\n<li><span style=\"font-size: revert;color: initial\">Prof. Hans Rog\u00e9rio Zimmernann (Secret\u00e1rio)<\/span><\/li>\n<li>Prof. Everson Dal Piva<\/li>\n<li><span style=\"font-size: revert;color: initial\">Profa. Damaris Kirsch Pinheiro<\/span><\/li>\n<li>Prof. Franciano Scremin Puhales<\/li>\n<\/ul>\n","protected":false},"excerpt":{"rendered":"<p>Colegiado Ao colegiado do curso cabe a administra\u00e7\u00e3o e coordena\u00e7\u00e3o do mesmo, de acordo com o artigo 107 do Regimento Geral da UFSM. Os membros do colegiado do Curso de gradua\u00e7\u00e3o em Meteorologia para o bi\u00eanio 2019-2021 s\u00e3o: Prof. J\u00f4natan Dupont Tatsch (Presidente) Profa. Simone Erotildes Teleginski Ferraz (Vice-Presidente) Profa. Nathalie Tissot Boiaski Prof. Ernani [&hellip;]<\/p>\n","protected":false},"author":194,"featured_media":0,"parent":0,"menu_order":0,"comment_status":"closed","ping_status":"closed","template":"","meta":{"footnotes":""},"categories":[],"tags":[],"class_list":["post-183","page","type-page","status-publish","hentry"],"acf":[],"_links":{"self":[{"href":"https:\/\/www.ufsm.br\/cursos\/graduacao\/santa-maria\/meteorologia\/wp-json\/wp\/v2\/pages\/183","targetHints":{"allow":["GET"]}}],"collection":[{"href":"https:\/\/www.ufsm.br\/cursos\/graduacao\/santa-maria\/meteorologia\/wp-json\/wp\/v2\/pages"}],"about":[{"href":"https:\/\/www.ufsm.br\/cursos\/graduacao\/santa-maria\/meteorologia\/wp-json\/wp\/v2\/types\/page"}],"author":[{"embeddable":true,"href":"https:\/\/www.ufsm.br\/cursos\/graduacao\/santa-maria\/meteorologia\/wp-json\/wp\/v2\/users\/194"}],"replies":[{"embeddable":true,"href":"https:\/\/www.ufsm.br\/cursos\/graduacao\/santa-maria\/meteorologia\/wp-json\/wp\/v2\/comments?post=183"}],"version-history":[{"count":0,"href":"https:\/\/www.ufsm.br\/cursos\/graduacao\/santa-maria\/meteorologia\/wp-json\/wp\/v2\/pages\/183\/revisions"}],"wp:attachment":[{"href":"https:\/\/www.ufsm.br\/cursos\/graduacao\/santa-maria\/meteorologia\/wp-json\/wp\/v2\/media?parent=183"}],"wp:term":[{"taxonomy":"category","embeddable":true,"href":"https:\/\/www.ufsm.br\/cursos\/graduacao\/santa-maria\/meteorologia\/wp-json\/wp\/v2\/categories?post=183"},{"taxonomy":"post_tag","embeddable":true,"href":"https:\/\/www.ufsm.br\/cursos\/graduacao\/santa-maria\/meteorologia\/wp-json\/wp\/v2\/tags?post=183"}],"curies":[{"name":"wp","href":"https:\/\/api.w.org\/{rel}","templated":true}]}}