{"id":412,"date":"2022-08-10T17:34:07","date_gmt":"2022-08-10T20:34:07","guid":{"rendered":"https:\/\/www.ufsm.br\/cursos\/graduacao\/santa-maria\/meteorologia\/?page_id=412"},"modified":"2022-08-10T17:34:08","modified_gmt":"2022-08-10T20:34:08","slug":"clube-de-meteorologia-da-quarta-colonia","status":"publish","type":"page","link":"https:\/\/www.ufsm.br\/cursos\/graduacao\/santa-maria\/meteorologia\/clube-de-meteorologia-da-quarta-colonia","title":{"rendered":"Clube de Meteorologia da Quarta Col\u00f4nia"},"content":{"rendered":"\n<p>O Clube de Meteorologia da Quarta Col\u00f4nia \u00e9 um projeto de extens\u00e3o que se insere no contexto do <span id=\"OutFieldTag_36p6Cw9MFqLB0gAm\" class=\"\" aria-labelledby=\"OutFieldTag_36p6Cw9MFqLB0gAm_label\">Projeto Estrat\u00e9gico Geoparque Quarta Col\u00f4nia, por iniciativa da Pr\u00f3-Reitoria de Extens\u00e3o da Universidade Federal de Santa Maria (UFSM). A regi\u00e3o carece de monitoramento meteorol\u00f3gico e clim\u00e1tico que possa subsidiar as atividades socioecon\u00f4micas e contribuir para mitigar poss\u00edveis desastres ambientais decorrentes de eventos meteorol\u00f3gicos extremos e poss\u00edveis impactos das mudan\u00e7as clim\u00e1ticas. <\/span><span id=\"OutFieldTag_36p6Cw9MFqLB0gAm\" class=\"\" aria-labelledby=\"OutFieldTag_36p6Cw9MFqLB0gAm_label\">Com isso, a proposta de extens\u00e3o contempla as seguintes a\u00e7\u00f5es priorit\u00e1rias do Geoparque Quarta Col\u00f4nia Aspirante UNESCO: <\/span><\/p>\n<p><span id=\"OutFieldTag_36p6Cw9MFqLB0gAm\" class=\"\" aria-labelledby=\"OutFieldTag_36p6Cw9MFqLB0gAm_label\">1) Patrim\u00f4nio Natural: por meio do monitoramento meteorol\u00f3gico que ser\u00e1 realizado nas escolas e divulgado numa base de dados internacional patrocinada pela NASA atrav\u00e9s do programa GLOBE <em>(Global Learning and Observations to Benefit the Environment)<\/em> ; difus\u00e3o do conhecimento sobre climatologia e mudan\u00e7as clim\u00e1ticas em eventos para a comunidade da regi\u00e3o, envolvendo estudantes das escolas e do curso de Meteorologia da UFSM. <br \/><\/span><\/p>\n<p><span id=\"OutFieldTag_36p6Cw9MFqLB0gAm\" class=\"\" aria-labelledby=\"OutFieldTag_36p6Cw9MFqLB0gAm_label\">2) Educa\u00e7\u00e3o: elabora\u00e7\u00e3o de material did\u00e1tico sobre Meteorologia; manual de observa\u00e7\u00e3o meteorol\u00f3gica; manuten\u00e7\u00e3o da rede de observa\u00e7\u00e3o internacional; concurso de fotografias de fen\u00f4menos\/eventos meteorol\u00f3gicos; concurso de melhor observador meteorol\u00f3gico; Olimp\u00edada de Meteorologia da Quarta Col\u00f4nia; material de apoio aos alunos interessados em linguagem de programa\u00e7\u00e3o para desenvolvimento dos sensores meteorol\u00f3gicos de baixo custo que ser\u00e3o utilizados nas escolas<\/span><\/p>\n<p><span id=\"OutFieldTag_36p6Cw9MFqLB0gAm\" class=\"\" aria-labelledby=\"OutFieldTag_36p6Cw9MFqLB0gAm_label\">A abordagem do m\u00f3dulo \u201cAtmosfera\u201d do programa GLOBE em formato de videoaulas a serem disponibilizados no canal do Youtube do projeto tamb\u00e9m visa despertar nos estudantes a pr\u00e1tica de observa\u00e7\u00e3o do meio ambiente.<br \/><\/span><\/p>\n<p><strong>Um documento com mais detalhes sobre o que \u00e9 o projeto \u00e9 encontrado <a href=\"https:\/\/portal.ufsm.br\/projetos\/publico\/projetos\/view.html?idProjeto=68352\">AQUI<\/a>.<\/strong><\/p>\n<p>\u00a0<\/p>\n","protected":false},"excerpt":{"rendered":"<p>O Clube de Meteorologia da Quarta Col\u00f4nia \u00e9 um projeto de extens\u00e3o que se insere no contexto do Projeto Estrat\u00e9gico Geoparque Quarta Col\u00f4nia, por iniciativa da Pr\u00f3-Reitoria de Extens\u00e3o da Universidade Federal de Santa Maria (UFSM). A regi\u00e3o carece de monitoramento meteorol\u00f3gico e clim\u00e1tico que possa subsidiar as atividades socioecon\u00f4micas e contribuir para mitigar poss\u00edveis [&hellip;]<\/p>\n","protected":false},"author":5834,"featured_media":0,"parent":0,"menu_order":0,"comment_status":"closed","ping_status":"closed","template":"","meta":{"footnotes":""},"categories":[],"tags":[],"class_list":["post-412","page","type-page","status-publish","hentry"],"acf":[],"_links":{"self":[{"href":"https:\/\/www.ufsm.br\/cursos\/graduacao\/santa-maria\/meteorologia\/wp-json\/wp\/v2\/pages\/412","targetHints":{"allow":["GET"]}}],"collection":[{"href":"https:\/\/www.ufsm.br\/cursos\/graduacao\/santa-maria\/meteorologia\/wp-json\/wp\/v2\/pages"}],"about":[{"href":"https:\/\/www.ufsm.br\/cursos\/graduacao\/santa-maria\/meteorologia\/wp-json\/wp\/v2\/types\/page"}],"author":[{"embeddable":true,"href":"https:\/\/www.ufsm.br\/cursos\/graduacao\/santa-maria\/meteorologia\/wp-json\/wp\/v2\/users\/5834"}],"replies":[{"embeddable":true,"href":"https:\/\/www.ufsm.br\/cursos\/graduacao\/santa-maria\/meteorologia\/wp-json\/wp\/v2\/comments?post=412"}],"version-history":[{"count":0,"href":"https:\/\/www.ufsm.br\/cursos\/graduacao\/santa-maria\/meteorologia\/wp-json\/wp\/v2\/pages\/412\/revisions"}],"wp:attachment":[{"href":"https:\/\/www.ufsm.br\/cursos\/graduacao\/santa-maria\/meteorologia\/wp-json\/wp\/v2\/media?parent=412"}],"wp:term":[{"taxonomy":"category","embeddable":true,"href":"https:\/\/www.ufsm.br\/cursos\/graduacao\/santa-maria\/meteorologia\/wp-json\/wp\/v2\/categories?post=412"},{"taxonomy":"post_tag","embeddable":true,"href":"https:\/\/www.ufsm.br\/cursos\/graduacao\/santa-maria\/meteorologia\/wp-json\/wp\/v2\/tags?post=412"}],"curies":[{"name":"wp","href":"https:\/\/api.w.org\/{rel}","templated":true}]}}