{"id":1302,"date":"2025-10-21T12:29:20","date_gmt":"2025-10-21T15:29:20","guid":{"rendered":"https:\/\/www.ufsm.br\/cursos\/graduacao\/santa-maria\/musica\/?page_id=1302"},"modified":"2025-10-27T12:23:53","modified_gmt":"2025-10-27T15:23:53","slug":"trabalho-de-conclusao-de-curso-tcc","status":"publish","type":"page","link":"https:\/\/www.ufsm.br\/cursos\/graduacao\/santa-maria\/musica\/trabalho-de-conclusao-de-curso-tcc","title":{"rendered":"Trabalho de Conclus\u00e3o de Curso (TCC)"},"content":{"rendered":"<p>Apresentamos aqui as principais informa\u00e7\u00f5es sobre o <strong>Trabalho de Conclus\u00e3o de Curso (TCC)<\/strong> para os cursos de m\u00fasica da UFSM. S\u00e3o fornecidas informa\u00e7\u00f5es gerais para agilizar os processos de solicita\u00e7\u00e3o de matr\u00edcula, escolha do orientador, normatiza\u00e7\u00e3o do trabalho, defini\u00e7\u00e3o de banca e entrega da vers\u00e3o final.<\/p>\n<p>Para informa\u00e7\u00f5es mais detalhadas, confira o <a href=\"https:\/\/www.ufsm.br\/cursos\/graduacao\/santa-maria\/musica\/projeto-pedagogico\"><strong>PPC do seu curso<\/strong><\/a>.<\/p>\n<p>Discente do curso de <strong>M\u00fasica &#8211; Bacharelado<\/strong>, confira tamb\u00e9m as <strong><a href=\"https:\/\/www.ufsm.br\/app\/uploads\/sites\/485\/2023\/08\/Normas-Complementares-TCC-Bacharelado-em-Musica.pdf\">Normas Complementares de TCC<\/a><\/strong>\u00a0de seu curso.<\/p>\n<p>Discente do curso de <strong>M\u00fasica e Tecnologia &#8211; Bacharelado<\/strong>, confira tamb\u00e9m as <a href=\"https:\/\/www.ufsm.br\/app\/uploads\/sites\/485\/2025\/10\/TCC_Musitec-informacoes-completas.pdf\"><strong>instru\u00e7\u00f5es gerais<\/strong><\/a> e <a href=\"https:\/\/www.ufsm.br\/app\/uploads\/sites\/485\/2025\/10\/TCC_Musitec-prazos.pdf\"><strong>quadro geral de prazos<\/strong><\/a> de seu curso.<\/p>\n\n\n<div style=\"height:39px\" aria-hidden=\"true\" class=\"wp-block-spacer\"><\/div>\n\n\n<p><strong>O QUE \u00c9 O TCC?<\/strong><\/p>\n<p>O <strong>Trabalho de Conclus\u00e3o de Curso (TCC)<\/strong> \u00e9 um trabalho acad\u00eamico exigido ao final dos cursos de gradua\u00e7\u00e3o que tem como objetivo demonstrar a capacidade do estudante de aplicar o conhecimento adquirido para a realiza\u00e7\u00e3o de um projeto espec\u00edfico. Espera-se que esse trabalho esteja alinhado a uma \u00e1rea de interesse do discente, relacionando-se com o seu perfil de atua\u00e7\u00e3o profissional e demonstrando capacidade de reflex\u00e3o art\u00edstico-acad\u00eamica.<\/p>\n<p>Na UFSM, o TCC possui duas etapas. Em<span style=\"font-size: revert;color: initial\">\u00a0<strong>TTC I<\/strong>, o discente deve elaborar um projeto com tem\u00e1tica relacionada \u00e0s atividades e ao conhecimento adquirido ao longo de seu curso. Em <strong>TCC II<\/strong>, o discente deve desenvolver o projeto aprovado em TCC I, culminando na reda\u00e7\u00e3o do trabalho escrito final e na sua defesa em sess\u00e3o p\u00fablica.<\/span><\/p>\n<p><strong>ATEN\u00c7\u00c3O: \u00e9 responsabilidade do discente o desenvolvimento do TCC, que deve ser conduzido sob supervis\u00e3o do orientador.<\/strong><\/p>\n<p>Discentes do curso de <strong>M\u00fasica &#8211; Bacharelado<\/strong> podem ser dispensados da realiza\u00e7\u00e3o das bancas de defesa do TCC I e II caso tenham publicado um artigo acad\u00eamico enquanto discente do curso. O discente deve ser o primeiro autor do artigo, o qual precisa ter sido elaborado com a orienta\u00e7\u00e3o de um docente de seu curso e publicado em uma revista indexada pela CAPES. Neste caso, o discente deve apresentar a \u00edntegra do artigo j\u00e1 publicado, com ISBN e D.O.I. (se for o caso), ou carta de aprova\u00e7\u00e3o da revista (para artigos no prelo).<\/p>\n\n\n<div style=\"height:39px\" aria-hidden=\"true\" class=\"wp-block-spacer\"><\/div>\n\n\n<p><strong>SOBRE O TCC<\/strong><\/p>\n<p>O TCC pode assumir dois tipos distintos:<\/p>\n<p>1) <strong>Monografia<\/strong>: trabalho acad\u00eamico mais tradicional, fundamentado na revis\u00e3o bibliogr\u00e1fica e na ado\u00e7\u00e3o de um referencial metodol\u00f3gico para o desenvolvimento de uma pesquisa, visando adequado embasamento das conclus\u00f5es apresentadas;<\/p>\n<p>2) <strong>Memorial<\/strong> ou <strong>relato de experi\u00eancia<\/strong>: trabalho mais autorreferencial, focado na narra\u00e7\u00e3o e na reflex\u00e3o sobre experi\u00eancias pr\u00e1ticas do discente e referente a uma produ\u00e7\u00e3o art\u00edstica ou pedag\u00f3gica desenvolvida durante o TCC.<\/p>\n<p>Tanto o projeto (TCC I) quanto a monografia ou memorial (TCC II) devem ser elaborados de acordo com as normas vigentes na UFSM sobre trabalhos acad\u00eamicos. Assim, cabe ao discente conferir atentamente o <a href=\"https:\/\/www.ufsm.br\/orgaos-suplementares\/biblioteca\/normas-abnt-mdt\"><strong>Manual de Disserta\u00e7\u00f5es e Teses da UFSM e normas ABNT<\/strong><\/a>.<\/p>\n\n\n<div style=\"height:39px\" aria-hidden=\"true\" class=\"wp-block-spacer\"><\/div>\n\n\n<p><strong>A ESCOLHA DO ORIENTADOR<\/strong><\/p>\n<p>A escolha do orientador \u00e9 livre dentre os docentes que ministram aula em seu curso. Essa escolha deve levar em considera\u00e7\u00e3o o alinhamento entre a tem\u00e1tica escolhida para o TCC e a \u00e1rea de atua\u00e7\u00e3o e conhecimento do docente. Excepcionalmente, pode-se indicar docente de outro departamento\/unidade como orientador de TCC, condicionada \u00e0 aprova\u00e7\u00e3o do Colegiado de Curso. Nesses casos, \u00e9 necess\u00e1rio enviar solicita\u00e7\u00e3o formal \u00e0 coordena\u00e7\u00e3o de seu curso, acompanhada de uma justificativa.<\/p>\n<p>A figura do co-orientador \u00e9 opcional, devendo ser acordada entre o discente e seu orientador.<\/p>\n<p><strong>Importante<\/strong>: o discente poder\u00e1 solicitar a troca de orientador mediante justificativa por escrito enviada ao Colegiado de Curso, mas deve respeitar os prazo vigentes (ver mais adiante). Do mesmo modo, o orientador pode deixar a orienta\u00e7\u00e3o do discente, caso este n\u00e3o cumpra as atividades e prazos acordados.<\/p>\n\n\n<div style=\"height:39px\" aria-hidden=\"true\" class=\"wp-block-spacer\"><\/div>\n\n\n<p><strong>SOBRE A BANCA<\/strong><\/p>\n<p>Ao final de cada etapa do TCC deve ser realizada uma banca, onde o discente dever\u00e1 defender o projeto (TCC I) outro a monografia\/memorial (TCC II).<\/p>\n<p><strong>Obs.: discentes do curso de M\u00fasica &#8211; Licenciatura n\u00e3o precisam realizar banca ao final de TCC I<\/strong>.<\/p>\n<p>A composi\u00e7\u00e3o da banca varia de acordo com o curso:<\/p>\n<ul>\n<li><strong>M\u00fasica &#8211; Bacharelado<\/strong>: composta por <strong>tr\u00eas membros<\/strong>, o orientador (presidente) e mais dois docentes; <strong>dois membros devem ser integrantes do Departamento de M\u00fasica<\/strong>;<\/li>\n<li><strong>M\u00fasica e Tecnologia &#8211; Bacharelado<\/strong>: composta por <strong>tr\u00eas membros<\/strong>, o orientador (presidente) e mais dois docentes, <strong>devendo ainda incluir a indica\u00e7\u00e3o de um membro suplente<\/strong>;<\/li>\n<li><strong>M\u00fasica &#8211; Licenciatura<\/strong>: composta por <strong>dois membros<\/strong>, o orientador (presidente) e mais um docente.<\/li>\n<\/ul>\n<p>A escolha dos membros da banca deve ser acordada entre discente o orientador, levando em considera\u00e7\u00e3o as poss\u00edveis contribui\u00e7\u00f5es e cr\u00edticas que cada membro poder\u00e1 fazer sobre o trabalho realizado.<\/p>\n<p><strong>ATEN\u00c7\u00c3O: \u00e9 responsabilidade do discente realizar o convite aos membros da banca, definir e confirmar a data de realiza\u00e7\u00e3o da banca, assim como reservar o local e os equipamentos necess\u00e1rios para sua realiza\u00e7\u00e3o com anteced\u00eancia.<\/strong><\/p>\n<p>A banca de TCC I do curso de M\u00fasica &#8211; Bacharelado deve ser aberta ao p\u00fablico. Para o cursos de M\u00fasica e Tecnologia &#8211; Bacharelado, \u00e9 facultativo a banca de TCC I ser aberta ao p\u00fablico.<\/p>\n<p><strong>Para todos os cursos, a banca de TCC II deve ser realizada em sess\u00e3o p\u00fablica.<\/strong><\/p>\n<p>Durante a banca, o discente dever\u00e1 fazer uma apresenta\u00e7\u00e3o oral de seu trabalho, com dura\u00e7\u00e3o m\u00e9dia de at\u00e9 15 minutos (20 minutos para discentes de M\u00fasica e Tecnologia &#8211; Bacharelado). Depois, haver\u00e1 cerca de 20 minutos para argui\u00e7\u00e3o da banca, seguido de leitura do parecer final da banca. Discentes do curso de M\u00fasica &#8211; Bacharelado possuem 10 minutos extras para demonstra\u00e7\u00e3o pr\u00e1tica (exemplos audiovisuais ao vivo ou pr\u00e9-gravados), caso necess\u00e1rio.\u00a0Maiores detalhes sobre a banca podem ser obtidos nos documentos espec\u00edficos de cada curso, listados ao in\u00edcio dessa p\u00e1gina.<\/p>\n<p>O curso de M\u00fasica &#8211; Bacharelado prev\u00ea a possibilidade de realiza\u00e7\u00e3o de bancas em formato online, a qual deve ser gravada. Em caso de d\u00favida, entre em contato com o coordenador de seu curso.<\/p>\n\n\n<div style=\"height:39px\" aria-hidden=\"true\" class=\"wp-block-spacer\"><\/div>\n\n\n<p><strong>AVALIA\u00c7\u00c3O<\/strong><\/p>\n<p>Ap\u00f3s apresenta\u00e7\u00e3o do trabalho pelo discente e da argui\u00e7\u00e3o, os membros da banca devem se reunir para a emiss\u00e3o de um parecer conjunto e para a emiss\u00e3o da avalia\u00e7\u00e3o final APROVADO (equivalente a nota 7,0 ou superior) ou REPROVADO (equivalente a nota 6,9 ou inferior). As disciplinas TCC I e TCC II n\u00e3o preveem a possibilidade de exame final. Itens avaliados pela banca: coer\u00eancia da bibliografia selecionada em rela\u00e7\u00e3o ao texto desenvolvido; coer\u00eancia dos objetivos propostos, da metodologia utilizada e dos resultados apresentados; relev\u00e2ncia para a pr\u00e1tica profissional do discente e para sua \u00e1rea de conhecimento.<\/p>\n\n\n<div style=\"height:39px\" aria-hidden=\"true\" class=\"wp-block-spacer\"><\/div>\n\n\n<p><strong>PRAZOS<\/strong><\/p>\n<p><strong>1- Solicita\u00e7\u00e3o de matr\u00edcula<\/strong>: ao in\u00edcio do semestre, o discente dever\u00e1 solicitar matr\u00edcula \u00e0 coordena\u00e7\u00e3o de seu curso, com indica\u00e7\u00e3o do orientador.\u00a0Verifique com o coordenador do seu curso o procedimento exato a ser seguido.<\/p>\n<p><strong>2- Defini\u00e7\u00e3o da banca<\/strong>:\u00a0 em at\u00e9 30 dias antes da realiza\u00e7\u00e3o da banca, o discente dever\u00e1 enviar \u00e0 coordena\u00e7\u00e3o de seu curso a confirma\u00e7\u00e3o de que a banca est\u00e1 definida, devendo incluir a confirma\u00e7\u00e3o do orientador de que o discente est\u00e1 apto para a banca e a confirma\u00e7\u00e3o de aceite de participa\u00e7\u00e3o dos demais membros.<\/p>\n<p><strong>3- Libera\u00e7\u00e3o para defesa<\/strong>: em at\u00e9 15 dias antes da realiza\u00e7\u00e3o da banca, o discente dever\u00e1 enviar \u00e0 coordena\u00e7\u00e3o de seu curso a confirma\u00e7\u00e3o de realiza\u00e7\u00e3o da banca, incluindo a confirma\u00e7\u00e3o de todos os membros de que receberam c\u00f3pia do trabalho. Obs.: discentes do curso de M\u00fasica e Tecnologia &#8211; Bacharelado, devem enviar o texto final at\u00e9 10 dias antes da realiza\u00e7\u00e3o da banca.<\/p>\n<p><strong>4- Realiza\u00e7\u00e3o da banca<\/strong>: a banca deve ocorrer dentro do per\u00edodo letivo, conforme calend\u00e1rio acad\u00eamico oficial da UFSM. <strong>\u00c9 responsabilidade do discente garantir que a banca ocorra dentro do prazo.<\/strong><\/p>\n<p><strong>5- Entrega da vers\u00e3o final do trabalho escrito (apenas para TCC II)<\/strong>: ap\u00f3s a realiza\u00e7\u00e3o da banca, o discente ter\u00e1 at\u00e9 15 dias para a entrega da vers\u00e3o final do trabalho, que deve incluir as corre\u00e7\u00f5es solicitadas pela banca.<\/p>\n<p><strong>Pr\u00e9-requisitos para solicitar matr\u00edcula em TCC I<\/strong>: aprova\u00e7\u00e3o na disciplina Metodologia da Pesquisa em M\u00fasica (todos os cursos) e ter conclu\u00eddo 80% da carga hor\u00e1ria do curso (apenas M\u00fasica e Tecnologia).<\/p>\n<p><strong>Pr\u00e9-requisitos para solicitar matr\u00edcula em TCC II<\/strong>: aprova\u00e7\u00e3o em TCC I.<\/p>\n\n\n<div style=\"height:39px\" aria-hidden=\"true\" class=\"wp-block-spacer\"><\/div>\n\n\n<p><strong>TRAMITA\u00c7\u00c3O &#8211; PROCESSO PEN-SIE (APENAS TCC II)<\/strong><\/p>\n<p>Para a oficializa\u00e7\u00e3o da entrega do exemplar final revisado referente \u00e0 disciplina TCC II, <strong>\u00e9 necess\u00e1rio que o orientador abra um processo PEN-SIE, anexando a ata com a avalia\u00e7\u00e3o final e o parecer emitido pela banca<\/strong>. <strong>Esse processo deve ser encaminhado ao discente, para que ele assine a ata, anexe a vers\u00e3o final do trabalho e o <a href=\"https:\/\/www.ufsm.br\/orgaos-suplementares\/biblioteca\/formulario-de-autorizacao-para-publicacao-online-de-teses-e-dissertacoes\">formul\u00e1rio de autoriza\u00e7\u00e3o de publica\u00e7\u00e3o<\/a><\/strong>. Depois, o processo \u00e9 encaminhado para os demais membros, para assinatura, e ent\u00e3o envia \u00e0 secretaria integrada II.<\/p>\n<p><strong>Aten\u00e7\u00e3o: o processo n\u00e3o deve ser tramitado para a coordena\u00e7\u00e3o, conforme fluxograma abaixo:<\/strong><\/p>\n<p><img decoding=\"async\" src=\"https:\/\/www.ufsm.br\/app\/uploads\/sites\/485\/2024\/07\/tramite_TFG.png\" \/><\/p>","protected":false},"excerpt":{"rendered":"<p>Apresentamos aqui as principais informa\u00e7\u00f5es sobre o Trabalho de Conclus\u00e3o de Curso (TCC) para os cursos de m\u00fasica da UFSM. S\u00e3o fornecidas informa\u00e7\u00f5es gerais para agilizar os processos de solicita\u00e7\u00e3o de matr\u00edcula, escolha do orientador, normatiza\u00e7\u00e3o do trabalho, defini\u00e7\u00e3o de banca e entrega da vers\u00e3o final. Para informa\u00e7\u00f5es mais detalhadas, confira o PPC do seu [&hellip;]<\/p>\n","protected":false},"author":2572,"featured_media":0,"parent":0,"menu_order":0,"comment_status":"closed","ping_status":"closed","template":"","meta":{"footnotes":""},"categories":[],"tags":[],"class_list":["post-1302","page","type-page","status-publish","hentry"],"acf":[],"_links":{"self":[{"href":"https:\/\/www.ufsm.br\/cursos\/graduacao\/santa-maria\/musica\/wp-json\/wp\/v2\/pages\/1302","targetHints":{"allow":["GET"]}}],"collection":[{"href":"https:\/\/www.ufsm.br\/cursos\/graduacao\/santa-maria\/musica\/wp-json\/wp\/v2\/pages"}],"about":[{"href":"https:\/\/www.ufsm.br\/cursos\/graduacao\/santa-maria\/musica\/wp-json\/wp\/v2\/types\/page"}],"author":[{"embeddable":true,"href":"https:\/\/www.ufsm.br\/cursos\/graduacao\/santa-maria\/musica\/wp-json\/wp\/v2\/users\/2572"}],"replies":[{"embeddable":true,"href":"https:\/\/www.ufsm.br\/cursos\/graduacao\/santa-maria\/musica\/wp-json\/wp\/v2\/comments?post=1302"}],"version-history":[{"count":0,"href":"https:\/\/www.ufsm.br\/cursos\/graduacao\/santa-maria\/musica\/wp-json\/wp\/v2\/pages\/1302\/revisions"}],"wp:attachment":[{"href":"https:\/\/www.ufsm.br\/cursos\/graduacao\/santa-maria\/musica\/wp-json\/wp\/v2\/media?parent=1302"}],"wp:term":[{"taxonomy":"category","embeddable":true,"href":"https:\/\/www.ufsm.br\/cursos\/graduacao\/santa-maria\/musica\/wp-json\/wp\/v2\/categories?post=1302"},{"taxonomy":"post_tag","embeddable":true,"href":"https:\/\/www.ufsm.br\/cursos\/graduacao\/santa-maria\/musica\/wp-json\/wp\/v2\/tags?post=1302"}],"curies":[{"name":"wp","href":"https:\/\/api.w.org\/{rel}","templated":true}]}}