{"id":401,"date":"2019-06-10T16:50:05","date_gmt":"2019-06-10T19:50:05","guid":{"rendered":"https:\/\/www.ufsm.br\/cursos\/graduacao\/santa-maria\/musica\/?page_id=401"},"modified":"2019-07-08T14:29:43","modified_gmt":"2019-07-08T17:29:43","slug":"encontros-2013","status":"publish","type":"page","link":"https:\/\/www.ufsm.br\/cursos\/graduacao\/santa-maria\/musica\/encontros-2013","title":{"rendered":"Encontros 2013"},"content":{"rendered":"\n<p>Os Encontros sobre Pedagogia do Piano 2013 aconteceram entre os meses de outubro e dezembro e abordaram os seguintes t\u00f3picos:<\/p>\n<ul>\n<li>empreendedorismo na profiss\u00e3o;<\/li>\n<li>estrat\u00e9gias de estudo do piano;<\/li>\n<li>performance historicamente informada;<\/li>\n<li>memoriza\u00e7\u00e3o em m\u00fasica;<\/li>\n<li>repert\u00f3rio para n\u00edveis iniciais e intermedi\u00e1rios;<\/li>\n<li>sa\u00fade do m\u00fasico;<\/li>\n<li>t\u00e9cnicas para o ensino de piano em grupo;<\/li>\n<li>t\u00e9cnica pian\u00edstica;<\/li>\n<li>motiva\u00e7\u00e3o no ensino do piano;<\/li>\n<li>composi\u00e7\u00e3o para iniciantes.\u00a0<\/li>\n<\/ul>\n<p>\u00a0<\/p>\n<p>Palestrantes Convidados e Temas abordados em 2013:\u00a0<\/p>\n<p>\u00a0<\/p>\n<p><strong>Profa. Dra. Vera Portinho Vianna<\/strong>\u00a0(UFSM \u2013 RS)<\/p>\n<p>\u201cMemoriza\u00e7\u00e3o em M\u00fasica\u201d<\/p>\n<p>\u00a0<\/p>\n<p><strong>Profa. Taisa Fitz<\/strong>\u00a0(Clavisol \u2013 Santa Maria \u2013 RS)<\/p>\n<p>\u201cPlanejando uma Escola de M\u00fasica: A Experi\u00eancia da Escola Clavisoll\u201d<\/p>\n<p>\u00a0<\/p>\n<p><strong>Prof. Dr. Lu\u00eds Cl\u00e1udio Barros<\/strong>\u00a0(UDESC \u2013 SC)<\/p>\n<p>\u201cO efeito do estudo de m\u00e3os separadas na otimiza\u00e7\u00e3o da performance pian\u00edstica: um estudo observacional da pr\u00e1tica do instrumento\u201d<\/p>\n<p>\u00a0<\/p>\n<p><strong>Profa. Ms. Ziliane Teixeira<\/strong>\u00a0(UFSM \u2013 RS)<\/p>\n<p>\u201cSa\u00fade do M\u00fasico: Epidemiologia e Fatores de Riscos Relacionados \u00e0 Pr\u00e1tica Musical\u201d<\/p>\n<p>\u00a0<\/p>\n<p>\u00a0<\/p>\n<p><strong>Profa. Dra. Carina Joly<\/strong>\u00a0(Profa. Aut\u00f4noma &#8211; Sui\u00e7a\/Brasil)<\/p>\n<p>\u201cMuito Al\u00e9m Dos Seus L\u00e1bios, Muito Al\u00e9m Das Suas M\u00e3os: Um Trabalho \u00a0 Corporal Para M\u00fasicos\u201d<\/p>\n<p>\u00a0<\/p>\n<p><strong>Prof. Dr. Pedro Persone<\/strong>\u00a0(UFSM \u2013 RS)<\/p>\n<p>\u201cIntrodu\u00e7\u00e3o \u00e0 Performance de Obras do Per\u00edodo Barroco\u201d<\/p>\n<p>\u00a0<\/p>\n<p><strong>Profa. \u00a0Dra. Claudia Deltregia<\/strong>\u00a0(UFSM) \u2013 RS)<\/p>\n<p>\u201cT\u00e9cnica pian\u00edstica para Alunos Iniciantes\u201d<\/p>\n<p>\u201cRepert\u00f3rio para n\u00edveis elementares e intermedi\u00e1rios: desenvolvendo a \u00a0habilidade de interpretar estilos e sonoridades variadas desde as primeiras aulas de piano\u201d<\/p>\n<p>\u00a0<\/p>\n<p><strong>Profa. Ms. Mirka da Pieva<\/strong>\u00a0(professora aut\u00f4noma \u2013 RJ)<\/p>\n<p>\u201cO uso de jogos para ensinar elementos da escrita musical\u201d<\/p>\n<p>\u201cIdeias pr\u00e1ticas para promover a motiva\u00e7\u00e3o e a criatividade nas aulas\u201d<\/p>\n<p>\u00a0<\/p>\n<p><strong>Profa. Dra. Irina Pevzner<\/strong>\u00a0(Academy of Charleston \u2013 EUA).<\/p>\n<p>\u201cA Import\u00e2ncia da Motiva\u00e7\u00e3o e do Refor\u00e7o Positivo Durante o Estudo do Piano\u201d<\/p>\n<p>\u00a0<\/p>\n<p>Recitais de piano:\u00a0<strong>Mirka da Pieva<\/strong><\/p>\n<p><strong>Carina Joly<\/strong><\/p>\n<p>\u00a0<\/p>\n","protected":false},"excerpt":{"rendered":"<p>Os Encontros sobre Pedagogia do Piano 2013 aconteceram entre os meses de outubro e dezembro e abordaram os seguintes t\u00f3picos: empreendedorismo na profiss\u00e3o; estrat\u00e9gias de estudo do piano; performance historicamente informada; memoriza\u00e7\u00e3o em m\u00fasica; repert\u00f3rio para n\u00edveis iniciais e intermedi\u00e1rios; sa\u00fade do m\u00fasico; t\u00e9cnicas para o ensino de piano em grupo; t\u00e9cnica pian\u00edstica; motiva\u00e7\u00e3o no [&hellip;]<\/p>\n","protected":false},"author":723,"featured_media":0,"parent":0,"menu_order":0,"comment_status":"closed","ping_status":"closed","template":"","meta":{"footnotes":""},"categories":[],"tags":[],"class_list":["post-401","page","type-page","status-publish","hentry"],"acf":[],"_links":{"self":[{"href":"https:\/\/www.ufsm.br\/cursos\/graduacao\/santa-maria\/musica\/wp-json\/wp\/v2\/pages\/401","targetHints":{"allow":["GET"]}}],"collection":[{"href":"https:\/\/www.ufsm.br\/cursos\/graduacao\/santa-maria\/musica\/wp-json\/wp\/v2\/pages"}],"about":[{"href":"https:\/\/www.ufsm.br\/cursos\/graduacao\/santa-maria\/musica\/wp-json\/wp\/v2\/types\/page"}],"author":[{"embeddable":true,"href":"https:\/\/www.ufsm.br\/cursos\/graduacao\/santa-maria\/musica\/wp-json\/wp\/v2\/users\/723"}],"replies":[{"embeddable":true,"href":"https:\/\/www.ufsm.br\/cursos\/graduacao\/santa-maria\/musica\/wp-json\/wp\/v2\/comments?post=401"}],"version-history":[{"count":0,"href":"https:\/\/www.ufsm.br\/cursos\/graduacao\/santa-maria\/musica\/wp-json\/wp\/v2\/pages\/401\/revisions"}],"wp:attachment":[{"href":"https:\/\/www.ufsm.br\/cursos\/graduacao\/santa-maria\/musica\/wp-json\/wp\/v2\/media?parent=401"}],"wp:term":[{"taxonomy":"category","embeddable":true,"href":"https:\/\/www.ufsm.br\/cursos\/graduacao\/santa-maria\/musica\/wp-json\/wp\/v2\/categories?post=401"},{"taxonomy":"post_tag","embeddable":true,"href":"https:\/\/www.ufsm.br\/cursos\/graduacao\/santa-maria\/musica\/wp-json\/wp\/v2\/tags?post=401"}],"curies":[{"name":"wp","href":"https:\/\/api.w.org\/{rel}","templated":true}]}}