{"id":769,"date":"2020-03-14T14:10:32","date_gmt":"2020-03-14T17:10:32","guid":{"rendered":"https:\/\/www.ufsm.br\/cursos\/graduacao\/santa-maria\/musica\/?page_id=769"},"modified":"2025-07-08T14:54:25","modified_gmt":"2025-07-08T17:54:25","slug":"salas-de-concerto-e-auditorios","status":"publish","type":"page","link":"https:\/\/www.ufsm.br\/cursos\/graduacao\/santa-maria\/musica\/salas-de-concerto-e-auditorios","title":{"rendered":"Salas de Concerto e Audit\u00f3rios"},"content":{"rendered":"\n<h2><strong>Centro de Conven\u00e7\u00f5es da UFSM<\/strong><\/h2>\n<p><a href=\"https:\/\/www.ufsm.br\/outros-orgaos\/cc\/\"><strong>Website oficial<\/strong><\/a><\/p>\n<p>Inaugurado em 2017, o Centro de Conven\u00e7\u00f5es da UFSM recebe diversos eventos, como solenidades, eventos cient\u00edficos e extensionistas, al\u00e9m de espet\u00e1culos art\u00edsticos e musicais. O centro de conven\u00e7\u00f5es abriga um dos maiores teatros do Rio Grande do Sul, com 6,8 mil m<sup>2<\/sup> de \u00e1rea constru\u00edda e capacidade para quase 1.200 pessoas, com toda a infraestrutura necess\u00e1ria para receber eventos de grande porte. O centro de conven\u00e7\u00f5es abriga tamb\u00e9m uma sala multiuso e uma sala de ensaios.<\/p>\n<p>O Centro de Conven\u00e7\u00f5es da UFSM \u00e9 o local da maior parte das apresenta\u00e7\u00f5es realizadas pela <a href=\"https:\/\/www.ufsm.br\/cursos\/graduacao\/santa-maria\/musica\/grupos-artisticos\/#orquestra-sinfonica\"><strong>Orquestra Sinf\u00f4nica de Santa Maria<\/strong><\/a> e pela <a href=\"https:\/\/www.ufsm.br\/cursos\/graduacao\/santa-maria\/musica\/grupos-artisticos\/#banda-sinfonica\"><strong>Banda Sinf\u00f4nica da UFSM<\/strong><\/a>, al\u00e9m de abrigar os ensaios destes grupos. Oo teatro do Centro de Conven\u00e7\u00f5es tamb\u00e9m conta com um piano de cauda Steinway &amp; Sons modelo D.<\/p>\n\n\n\n<figure class=\"wp-block-embed is-type-video is-provider-youtube wp-block-embed-youtube aligncenter wp-embed-aspect-16-9 wp-has-aspect-ratio\"><div class=\"wp-block-embed__wrapper\">\n<iframe title=\"Veja como est\u00e1 o Centro de Conven\u00e7\u00f5es da UFSM\" width=\"500\" height=\"281\" src=\"https:\/\/www.youtube.com\/embed\/QQWqPlabf5g?feature=oembed\" frameborder=\"0\" allow=\"accelerometer; autoplay; clipboard-write; encrypted-media; gyroscope; picture-in-picture; web-share\" referrerpolicy=\"strict-origin-when-cross-origin\" allowfullscreen><\/iframe>\n<\/div><figcaption class=\"wp-element-caption\">V\u00eddeo do Centro de Conven\u00e7\u00f5es da UFSM.<\/figcaption><\/figure>\n\n\n\n<div style=\"height:20px\" aria-hidden=\"true\" class=\"wp-block-spacer\"><\/div>\n\n\n\n<h2><strong>Teatro Caixa Preta<\/strong><\/h2>\n<p><a href=\"https:\/\/www.ufsm.br\/unidades-universitarias\/cal\/servicos\/teatro-caixa-preta\"><strong>Website oficial<\/strong><\/a><\/p>\n<p>Fundado em 1988 junto ao Centro de Artes e Letras, \u00e9 um espa\u00e7o multiuso com estrutura totalmente modul\u00e1vel, possibilitando grande versatilidade nas configura\u00e7\u00f5es de palco e plateia. \u00c9 utilizado para diversos eventos, como palestras, shows, espet\u00e1culos e exposi\u00e7\u00f5es, al\u00e9m de poder ser utilizados para atividades de ensino da UFSM.<\/p>\n\n\n\n<div style=\"height:20px\" aria-hidden=\"true\" class=\"wp-block-spacer\"><\/div>\n\n\n\n<h2><strong>Sala Sebastian Benda (sala 1202)<\/strong><\/h2>\n<p><strong>Website oficial<\/strong><\/p>\n<p>Espa\u00e7o localizado no Pr\u00e9dio 40b, com capacidade para cerca de 50 lugares, no qual s\u00e3o realizados muitos dos recitais dos cursos de M\u00fasica da UFSM. Conta com um piano de cauda.<\/p>\n<p>Reservas: <a href=\"mailto:divulgamusicaufsm@gmail.com\">divulgamusicaufsm@gmail.com<\/a><\/p>\n\n\n\n<div style=\"height:20px\" aria-hidden=\"true\" class=\"wp-block-spacer\"><\/div>\n\n\n\n<h2><strong>Sal\u00e3o Imembu\u00ed<\/strong><\/h2>\n<p><a href=\"https:\/\/www.ufsm.br\/unidades-universitarias\/cal\/musica-salao-imembui\"><strong>Website oficial<\/strong><\/a><\/p>\n<p>Espa\u00e7o localizado no pr\u00e9dio da Reitoria, possui 260 m<sup>2<\/sup> e conta com 145 lugares. Utilizado para a realiza\u00e7\u00e3o de concertos, palestras, minicursos e eventos cient\u00edficos, administrativos e extensionistas diversos. Seu diferencial \u00e9 o painel assinado pelo professor e Artista Pl\u00e1stica Eduardo Trevisan.<\/p>\n\n\n\n<div style=\"height:20px\" aria-hidden=\"true\" class=\"wp-block-spacer\"><\/div>\n\n\n\n<h2><strong>Espa\u00e7o Multiuso (Pr\u00e9dio 62D)<\/strong><\/h2>\n<p><a href=\"https:\/\/www.ufsm.br\/pro-reitorias\/pre\/servicos\/agendamento-dos-espacos-de-uso-comum\/\"><strong>Website oficial<\/strong><\/a><\/p>\n<p>Espa\u00e7o aberto apra a realiza\u00e7\u00e3o de eventos diversos, como palestras, encontros, workshops, concertos e espet\u00e1culos, possui capacidade para 200 lugares.<\/p>\n\n\n\n<div style=\"height:20px\" aria-hidden=\"true\" class=\"wp-block-spacer\"><\/div>\n\n\n\n<h2><strong>Miniaudit\u00f3rio 1203 &#8211; Sala Geraldo Maissiat<\/strong><\/h2>\n<p><a href=\"https:\/\/www.ufsm.br\/unidades-universitarias\/cal\/miniauditorio-geraldo-maissiat-sala-1203\"><strong>Website oficial<\/strong><\/a><\/p>\n<p>Espa\u00e7o dentro do pr\u00e9dio 40 (Centro de Artes e Letras) e utilizado para a realiza\u00e7\u00e3o de reuni\u00f5es, palestras e outros eventos internos e externos \u00e0 UFSM, com capacidade para cerca de 50 pessoas.<\/p>\n","protected":false},"excerpt":{"rendered":"<p>Centro de Conven\u00e7\u00f5es da UFSM Website oficial Inaugurado em 2017, o Centro de Conven\u00e7\u00f5es da UFSM recebe diversos eventos, como solenidades, eventos cient\u00edficos e extensionistas, al\u00e9m de espet\u00e1culos art\u00edsticos e musicais. O centro de conven\u00e7\u00f5es abriga um dos maiores teatros do Rio Grande do Sul, com 6,8 mil m2 de \u00e1rea constru\u00edda e capacidade para [&hellip;]<\/p>\n","protected":false},"author":2572,"featured_media":691,"parent":0,"menu_order":0,"comment_status":"closed","ping_status":"closed","template":"","meta":{"footnotes":""},"categories":[],"tags":[],"class_list":["post-769","page","type-page","status-publish","has-post-thumbnail","hentry"],"acf":[],"_links":{"self":[{"href":"https:\/\/www.ufsm.br\/cursos\/graduacao\/santa-maria\/musica\/wp-json\/wp\/v2\/pages\/769","targetHints":{"allow":["GET"]}}],"collection":[{"href":"https:\/\/www.ufsm.br\/cursos\/graduacao\/santa-maria\/musica\/wp-json\/wp\/v2\/pages"}],"about":[{"href":"https:\/\/www.ufsm.br\/cursos\/graduacao\/santa-maria\/musica\/wp-json\/wp\/v2\/types\/page"}],"author":[{"embeddable":true,"href":"https:\/\/www.ufsm.br\/cursos\/graduacao\/santa-maria\/musica\/wp-json\/wp\/v2\/users\/2572"}],"replies":[{"embeddable":true,"href":"https:\/\/www.ufsm.br\/cursos\/graduacao\/santa-maria\/musica\/wp-json\/wp\/v2\/comments?post=769"}],"version-history":[{"count":0,"href":"https:\/\/www.ufsm.br\/cursos\/graduacao\/santa-maria\/musica\/wp-json\/wp\/v2\/pages\/769\/revisions"}],"wp:featuredmedia":[{"embeddable":true,"href":"https:\/\/www.ufsm.br\/cursos\/graduacao\/santa-maria\/musica\/wp-json\/wp\/v2\/media\/691"}],"wp:attachment":[{"href":"https:\/\/www.ufsm.br\/cursos\/graduacao\/santa-maria\/musica\/wp-json\/wp\/v2\/media?parent=769"}],"wp:term":[{"taxonomy":"category","embeddable":true,"href":"https:\/\/www.ufsm.br\/cursos\/graduacao\/santa-maria\/musica\/wp-json\/wp\/v2\/categories?post=769"},{"taxonomy":"post_tag","embeddable":true,"href":"https:\/\/www.ufsm.br\/cursos\/graduacao\/santa-maria\/musica\/wp-json\/wp\/v2\/tags?post=769"}],"curies":[{"name":"wp","href":"https:\/\/api.w.org\/{rel}","templated":true}]}}