{"id":673,"date":"2022-11-21T11:57:01","date_gmt":"2022-11-21T14:57:01","guid":{"rendered":"https:\/\/www.ufsm.br\/cursos\/graduacao\/santa-maria\/odontologia\/?page_id=673"},"modified":"2022-11-21T11:59:57","modified_gmt":"2022-11-21T14:59:57","slug":"atestados-medicos","status":"publish","type":"page","link":"https:\/\/www.ufsm.br\/cursos\/graduacao\/santa-maria\/odontologia\/atestados-medicos","title":{"rendered":"Atestados M\u00e9dicos"},"content":{"rendered":"\n<p><img fetchpriority=\"high\" decoding=\"async\" class=\"alignnone  wp-image-674\" src=\"https:\/\/www.ufsm.br\/app\/uploads\/sites\/443\/2022\/11\/Informacao-sobre-atestado-Medico-300x227.png\" alt=\"\" width=\"1022\" height=\"773\" srcset=\"https:\/\/www.ufsm.br\/app\/uploads\/sites\/443\/2022\/11\/Informacao-sobre-atestado-Medico-300x227.png 300w, https:\/\/www.ufsm.br\/app\/uploads\/sites\/443\/2022\/11\/Informacao-sobre-atestado-Medico-768x580.png 768w, https:\/\/www.ufsm.br\/app\/uploads\/sites\/443\/2022\/11\/Informacao-sobre-atestado-Medico.png 773w\" sizes=\"(max-width: 1022px) 100vw, 1022px\" \/><\/p>\n\n\n\n<p><strong>INFORMA\u00c7\u00d5ES DEPARTAMENTOS DID\u00c1TICOS<\/strong><\/p>\n<p>\u00a0<\/p>\n<p>DEPARTAMENTO DE ODONTOLOGIA RESTAURADORA (DORS)<br \/>Contato: 3220-9271<br \/>E-mail: odontorestauradora@gmail.com <br \/>Endere\u00e7o: Pr\u00e9dio 26F \u2013 2\u00ba andar \u2013 Av. Roraima n\u00ba 1000<\/p>\n<p>\u00a0<\/p>\n<p>DEPARTAMENTO DE ESTOMATOLOGIA (DSTT)<br \/>Contato: 3220-9269 \/ 3220-9270<br \/>E-mail: estomatologia116@gmail.com<br \/>Endere\u00e7o: Pr\u00e9dio 26F \u2013 Sala 2288 \u2013 2\u00ba andar \u2013 Av. Roraima n\u00ba 1000<\/p>\n<p>\u00a0<\/p>\n<p>DEPARTAMENTO DE FISIOLOGIA E FARMACOLOGIA (DFF)<br \/>Contato: 3220-8342<br \/>E-mail: fisio.farm@ufsm.br<br \/>Endere\u00e7o: PR\u00c9DIO 21, SALA 5116 \u2013 AVENIDA RORAIMA n\u00ba 1000<\/p>\n<p>\u00a0<\/p>\n<p>DEPARTAMENTO DE MORFOLOGIA (DMFG)<br \/>Contato: (55)3220-8141<br \/>E-mail: morfoccs@ufsm.br<br \/>Endere\u00e7o: PR\u00c9DIO 19, SALA 3142 \u2013 AVENIDA RORAIMA n\u00ba 1000<\/p>\n<p>\u00a0<\/p>\n<p>DEPARTAMENTO DE PATOLOGIA (DPTG)<br \/>Contato: 3220-8141<br \/>E-mail: departdepatologia@ufsm.br<br \/>Endere\u00e7o: PR\u00c9DIO 20, SALA 4112 \u2013 AVENIDA RORAIMA n\u00ba 1000<\/p>\n<p>\u00a0<\/p>\n<p>DEPARTAMENTO DE MICROBIOLOGIA E PARASITOLOGIA (DMIP)<br \/>Contato: 3220-8242<br \/>E-mail: demip@ufsm.br<br \/>Endere\u00e7o: PR\u00c9DIO 20, SALA 4218, 2\u00ba ANDAR \u2013 AVENIDA RORAIMA n\u00ba 1000<\/p>\n<p>\u00a0<\/p>\n<p>DEPARTAMENTO DE BIOQU\u00cdMICA E BIOLOGIA MOLECULAR (DBBM)<br \/>Contato: 3220-8136 \/ 3220-8137<br \/>E-mail: departamentos.ccne@ufsm.br\/depbioquimica@ufsm.br<br \/>Endere\u00e7o: Pr\u00e9dio 13, sala 1124 \u2013 Avenida Roraima n\u00ba 1000<\/p>\n<p>\u00a0<\/p>\n<p>DEPARTAMENTO DE ECOLOGIA E EVOLU\u00c7\u00c3O (DEE)<br \/>Contato: 3220-8136 \/ 3220-8137<br \/>E-mail: departamentos.ccne@ufsm.br\/deptecologiaeevolucao@ufsm.br<br \/>Endere\u00e7o: Pr\u00e9dio 13, sala 1124 \u2013 Avenida Roraima n\u00ba 1000<\/p>\n<p>\u00a0<\/p>\n<p>\u00a0<\/p>\n<p>\u00a0<\/p>\n","protected":false},"excerpt":{"rendered":"<p>INFORMA\u00c7\u00d5ES DEPARTAMENTOS DID\u00c1TICOS \u00a0 DEPARTAMENTO DE ODONTOLOGIA RESTAURADORA (DORS)Contato: 3220-9271E-mail: odontorestauradora@gmail.com Endere\u00e7o: Pr\u00e9dio 26F \u2013 2\u00ba andar \u2013 Av. Roraima n\u00ba 1000 \u00a0 DEPARTAMENTO DE ESTOMATOLOGIA (DSTT)Contato: 3220-9269 \/ 3220-9270E-mail: estomatologia116@gmail.comEndere\u00e7o: Pr\u00e9dio 26F \u2013 Sala 2288 \u2013 2\u00ba andar \u2013 Av. Roraima n\u00ba 1000 \u00a0 DEPARTAMENTO DE FISIOLOGIA E FARMACOLOGIA (DFF)Contato: 3220-8342E-mail: fisio.farm@ufsm.brEndere\u00e7o: PR\u00c9DIO 21, [&hellip;]<\/p>\n","protected":false},"author":545,"featured_media":0,"parent":0,"menu_order":0,"comment_status":"closed","ping_status":"closed","template":"","meta":{"footnotes":""},"categories":[],"tags":[],"class_list":["post-673","page","type-page","status-publish","hentry"],"acf":[],"_links":{"self":[{"href":"https:\/\/www.ufsm.br\/cursos\/graduacao\/santa-maria\/odontologia\/wp-json\/wp\/v2\/pages\/673","targetHints":{"allow":["GET"]}}],"collection":[{"href":"https:\/\/www.ufsm.br\/cursos\/graduacao\/santa-maria\/odontologia\/wp-json\/wp\/v2\/pages"}],"about":[{"href":"https:\/\/www.ufsm.br\/cursos\/graduacao\/santa-maria\/odontologia\/wp-json\/wp\/v2\/types\/page"}],"author":[{"embeddable":true,"href":"https:\/\/www.ufsm.br\/cursos\/graduacao\/santa-maria\/odontologia\/wp-json\/wp\/v2\/users\/545"}],"replies":[{"embeddable":true,"href":"https:\/\/www.ufsm.br\/cursos\/graduacao\/santa-maria\/odontologia\/wp-json\/wp\/v2\/comments?post=673"}],"version-history":[{"count":0,"href":"https:\/\/www.ufsm.br\/cursos\/graduacao\/santa-maria\/odontologia\/wp-json\/wp\/v2\/pages\/673\/revisions"}],"wp:attachment":[{"href":"https:\/\/www.ufsm.br\/cursos\/graduacao\/santa-maria\/odontologia\/wp-json\/wp\/v2\/media?parent=673"}],"wp:term":[{"taxonomy":"category","embeddable":true,"href":"https:\/\/www.ufsm.br\/cursos\/graduacao\/santa-maria\/odontologia\/wp-json\/wp\/v2\/categories?post=673"},{"taxonomy":"post_tag","embeddable":true,"href":"https:\/\/www.ufsm.br\/cursos\/graduacao\/santa-maria\/odontologia\/wp-json\/wp\/v2\/tags?post=673"}],"curies":[{"name":"wp","href":"https:\/\/api.w.org\/{rel}","templated":true}]}}