{"id":171,"date":"2019-01-04T12:38:40","date_gmt":"2019-01-04T14:38:40","guid":{"rendered":"https:\/\/www.ufsm.br\/cursos\/graduacao\/santa-maria\/pedagogia\/?page_id=171"},"modified":"2025-05-19T10:56:05","modified_gmt":"2025-05-19T13:56:05","slug":"nde","status":"publish","type":"page","link":"https:\/\/www.ufsm.br\/cursos\/graduacao\/santa-maria\/pedagogia\/nde","title":{"rendered":"NDE"},"content":{"rendered":"\t\t<div data-elementor-type=\"wp-page\" data-elementor-id=\"171\" class=\"elementor elementor-171\">\n\t\t\t\t\t\t<section class=\"elementor-section elementor-top-section elementor-element elementor-element-380034f elementor-section-boxed elementor-section-height-default elementor-section-height-default\" data-id=\"380034f\" data-element_type=\"section\">\n\t\t\t\t\t\t<div class=\"elementor-container elementor-column-gap-default\">\n\t\t\t\t\t<div class=\"elementor-column elementor-col-100 elementor-top-column elementor-element elementor-element-5137a98\" data-id=\"5137a98\" data-element_type=\"column\">\n\t\t\t<div class=\"elementor-widget-wrap elementor-element-populated\">\n\t\t\t\t\t\t<div class=\"elementor-element elementor-element-0b83e2d elementor-widget elementor-widget-text-editor\" data-id=\"0b83e2d\" data-element_type=\"widget\" data-widget_type=\"text-editor.default\">\n\t\t\t\t<div class=\"elementor-widget-container\">\n\t\t\t\t\t\t\t<p><strong>N\u00daCLEO DOCENTE ESTRUTURANTE &#8211; DIURNO<\/strong><\/p>\t\t\t\t\t\t<\/div>\n\t\t\t\t<\/div>\n\t\t\t\t<div class=\"elementor-element elementor-element-64a6300 elementor-widget elementor-widget-text-editor\" data-id=\"64a6300\" data-element_type=\"widget\" data-widget_type=\"text-editor.default\">\n\t\t\t\t<div class=\"elementor-widget-container\">\n\t\t\t\t\t\t\t<p><span style=\"background-color: transparent;color: #000000;font-family: Arial, sans-serif;font-size: 11pt\">Profa. Regina Ehlers Bathelt (Presidente)<\/span><\/p><p><span style=\"background-color: transparent;color: #000000;font-family: Arial, sans-serif;font-size: 11pt\">Profa D\u00e9bora Ortiz de Le\u00e3o (Secret\u00e1ria)<\/span><\/p><p><span style=\"background-color: transparent;color: #000000;font-family: Arial, sans-serif;font-size: 11pt\">Profa. Debora Teixeira de Mello (ADE)<\/span><\/p><p><span style=\"background-color: transparent;color: #000000;font-family: Arial, sans-serif;font-size: 11pt\">Profa. Carilissa Dall&#8217;Alba (EDE)<\/span><\/p><p><span style=\"background-color: transparent;color: #000000;font-family: Arial, sans-serif;font-size: 11pt\">Profa. Paulo Ricardo Tavares da Silveira (FUE)<\/span><\/p><p><span style=\"background-color: transparent;color: #000000;font-family: Arial, sans-serif;font-size: 11pt\">Profa. Kelly Werle (MEN)<\/span><\/p><p dir=\"ltr\" style=\"line-height: 1.7999999999999998;margin-top: 0pt;margin-bottom: 0pt\"><span style=\"font-size: 11pt;font-family: Arial, sans-serif;color: #000000;background-color: transparent;vertical-align: baseline\">Profa Sueli Salva (MEN)<\/span><\/p><div><span style=\"font-size: 11pt;font-family: Arial, sans-serif;color: #000000;background-color: transparent;vertical-align: baseline\">\u00a0<\/span><\/div><p><!-- \/wp:tadv\/classic-paragraph --><\/p>\t\t\t\t\t\t<\/div>\n\t\t\t\t<\/div>\n\t\t\t\t\t<\/div>\n\t\t<\/div>\n\t\t\t\t\t<\/div>\n\t\t<\/section>\n\t\t\t\t<\/div>\n\t\t","protected":false},"excerpt":{"rendered":"<p>N\u00daCLEO DOCENTE ESTRUTURANTE &#8211; DIURNO Profa. Regina Ehlers Bathelt (Presidente) Profa D\u00e9bora Ortiz de Le\u00e3o (Secret\u00e1ria) Profa. Debora Teixeira de Mello (ADE) Profa. Carilissa Dall&#8217;Alba (EDE) Profa. Paulo Ricardo Tavares da Silveira (FUE) Profa. Kelly Werle (MEN) Profa Sueli Salva (MEN) \u00a0<\/p>\n","protected":false},"author":117,"featured_media":0,"parent":0,"menu_order":0,"comment_status":"closed","ping_status":"closed","template":"","meta":{"footnotes":""},"categories":[],"tags":[],"class_list":["post-171","page","type-page","status-publish","hentry"],"acf":[],"_links":{"self":[{"href":"https:\/\/www.ufsm.br\/cursos\/graduacao\/santa-maria\/pedagogia\/wp-json\/wp\/v2\/pages\/171","targetHints":{"allow":["GET"]}}],"collection":[{"href":"https:\/\/www.ufsm.br\/cursos\/graduacao\/santa-maria\/pedagogia\/wp-json\/wp\/v2\/pages"}],"about":[{"href":"https:\/\/www.ufsm.br\/cursos\/graduacao\/santa-maria\/pedagogia\/wp-json\/wp\/v2\/types\/page"}],"author":[{"embeddable":true,"href":"https:\/\/www.ufsm.br\/cursos\/graduacao\/santa-maria\/pedagogia\/wp-json\/wp\/v2\/users\/117"}],"replies":[{"embeddable":true,"href":"https:\/\/www.ufsm.br\/cursos\/graduacao\/santa-maria\/pedagogia\/wp-json\/wp\/v2\/comments?post=171"}],"version-history":[{"count":0,"href":"https:\/\/www.ufsm.br\/cursos\/graduacao\/santa-maria\/pedagogia\/wp-json\/wp\/v2\/pages\/171\/revisions"}],"wp:attachment":[{"href":"https:\/\/www.ufsm.br\/cursos\/graduacao\/santa-maria\/pedagogia\/wp-json\/wp\/v2\/media?parent=171"}],"wp:term":[{"taxonomy":"category","embeddable":true,"href":"https:\/\/www.ufsm.br\/cursos\/graduacao\/santa-maria\/pedagogia\/wp-json\/wp\/v2\/categories?post=171"},{"taxonomy":"post_tag","embeddable":true,"href":"https:\/\/www.ufsm.br\/cursos\/graduacao\/santa-maria\/pedagogia\/wp-json\/wp\/v2\/tags?post=171"}],"curies":[{"name":"wp","href":"https:\/\/api.w.org\/{rel}","templated":true}]}}