{"id":896,"date":"2021-03-01T15:26:01","date_gmt":"2021-03-01T18:26:01","guid":{"rendered":"https:\/\/www.ufsm.br\/cursos\/graduacao\/santa-maria\/producao-editorial\/?page_id=896"},"modified":"2021-03-01T15:26:02","modified_gmt":"2021-03-01T18:26:02","slug":"revista-oqi","status":"publish","type":"page","link":"https:\/\/www.ufsm.br\/cursos\/graduacao\/santa-maria\/producao-editorial\/revista-oqi","title":{"rendered":"Revista OQI"},"content":{"rendered":"\n<p>A <a href=\"https:\/\/www.ufsm.br\/midias\/experimental\/revista-o-qi\/\">revista OQI<\/a> \u00e9 uma revista cient\u00edfica experimental do Curso de Gradua\u00e7\u00e3o em Comunica\u00e7\u00e3o Social \u2013 Produ\u00e7\u00e3o Editorial. Com periodicidade anual, a OQI \u00e9 produzida na disciplina de<a href=\"https:\/\/www.ufsm.br\/ementario\/disciplinas\/com3067\/\"> Projeto Experimental em Revistas Cient\u00edficas<\/a>, sendo coordenada pela professora Cl\u00e1udia Bomf\u00e1.<\/p>\n<p>Para conhecer mais sobre o desenvolvimento da revista e acessar suas edi\u00e7\u00f5es, confira o <a href=\"https:\/\/www.ufsm.br\/midias\/experimental\/revista-o-qi\/\">site<\/a>.<\/p>\n","protected":false},"excerpt":{"rendered":"<p>A revista OQI \u00e9 uma revista cient\u00edfica experimental do Curso de Gradua\u00e7\u00e3o em Comunica\u00e7\u00e3o Social \u2013 Produ\u00e7\u00e3o Editorial. Com periodicidade anual, a OQI \u00e9 produzida na disciplina de Projeto Experimental em Revistas Cient\u00edficas, sendo coordenada pela professora Cl\u00e1udia Bomf\u00e1. Para conhecer mais sobre o desenvolvimento da revista e acessar suas edi\u00e7\u00f5es, confira o site.<\/p>\n","protected":false},"author":68,"featured_media":0,"parent":0,"menu_order":0,"comment_status":"closed","ping_status":"closed","template":"","meta":{"footnotes":""},"categories":[],"tags":[],"class_list":["post-896","page","type-page","status-publish","hentry"],"acf":[],"_links":{"self":[{"href":"https:\/\/www.ufsm.br\/cursos\/graduacao\/santa-maria\/producao-editorial\/wp-json\/wp\/v2\/pages\/896","targetHints":{"allow":["GET"]}}],"collection":[{"href":"https:\/\/www.ufsm.br\/cursos\/graduacao\/santa-maria\/producao-editorial\/wp-json\/wp\/v2\/pages"}],"about":[{"href":"https:\/\/www.ufsm.br\/cursos\/graduacao\/santa-maria\/producao-editorial\/wp-json\/wp\/v2\/types\/page"}],"author":[{"embeddable":true,"href":"https:\/\/www.ufsm.br\/cursos\/graduacao\/santa-maria\/producao-editorial\/wp-json\/wp\/v2\/users\/68"}],"replies":[{"embeddable":true,"href":"https:\/\/www.ufsm.br\/cursos\/graduacao\/santa-maria\/producao-editorial\/wp-json\/wp\/v2\/comments?post=896"}],"version-history":[{"count":0,"href":"https:\/\/www.ufsm.br\/cursos\/graduacao\/santa-maria\/producao-editorial\/wp-json\/wp\/v2\/pages\/896\/revisions"}],"wp:attachment":[{"href":"https:\/\/www.ufsm.br\/cursos\/graduacao\/santa-maria\/producao-editorial\/wp-json\/wp\/v2\/media?parent=896"}],"wp:term":[{"taxonomy":"category","embeddable":true,"href":"https:\/\/www.ufsm.br\/cursos\/graduacao\/santa-maria\/producao-editorial\/wp-json\/wp\/v2\/categories?post=896"},{"taxonomy":"post_tag","embeddable":true,"href":"https:\/\/www.ufsm.br\/cursos\/graduacao\/santa-maria\/producao-editorial\/wp-json\/wp\/v2\/tags?post=896"}],"curies":[{"name":"wp","href":"https:\/\/api.w.org\/{rel}","templated":true}]}}

<p>A <a href="https://www.ufsm.br/midias/experimental/revista-o-qi/">revista OQI</a> é uma revista científica experimental do Curso de Graduação em Comunicação Social – Produção Editorial. Com periodicidade anual, a OQI é produzida na disciplina de<a href="https://www.ufsm.br/ementario/disciplinas/com3067/"> Projeto Experimental em Revistas Científicas</a>, sendo coordenada pela professora Cláudia Bomfá.</p>
<p>Para conhecer mais sobre o desenvolvimento da revista e acessar suas edições, confira o <a href="https://www.ufsm.br/midias/experimental/revista-o-qi/">site</a>.</p>

<p>A revista OQI é uma revista científica experimental do Curso de Graduação em Comunicação Social – Produção Editorial. Com periodicidade anual, a OQI é produzida na disciplina de Projeto Experimental em Revistas Científicas, sendo coordenada pela professora Cláudia Bomfá. Para conhecer mais sobre o desenvolvimento da revista e acessar suas edições, confira o site.</p>
