{"id":155,"date":"2018-12-04T14:25:42","date_gmt":"2018-12-04T16:25:42","guid":{"rendered":"https:\/\/www.ufsm.br\/cursos\/graduacao\/santa-maria\/psicologia\/?page_id=155"},"modified":"2021-11-26T11:22:09","modified_gmt":"2021-11-26T14:22:09","slug":"grupos-de-pesquisa","status":"publish","type":"page","link":"https:\/\/www.ufsm.br\/cursos\/graduacao\/santa-maria\/psicologia\/grupos-de-pesquisa","title":{"rendered":"Grupos de Estudo"},"content":{"rendered":"<p>Nome do Grupo: \u00a0<strong>VIDAS &#8211; N\u00facleo de Pesquisa, Ensino e Extens\u00e3o em Psicologia Cl\u00ednica \u2013 Social<\/strong>\u00a0<a href=\"http:\/\/dgp.cnpq.br\/dgp\/espelhogrupo\/283704\" target=\"_blank\" rel=\"noopener\" data-saferedirecturl=\"https:\/\/www.google.com\/url?q=http:\/\/dgp.cnpq.br\/dgp\/espelhogrupo\/283704&amp;source=gmail&amp;ust=1637150194010000&amp;usg=AOvVaw1FIwUgJq_0MGWhmd9Hv8s5\">http:\/\/dgp.cnpq.br\/dgp\/espelhogrupo\/283704<\/a><\/p>\n<p>Eixo Tem\u00e1tico: No campo pr\u00e1tico, situa-se em uma Cl\u00ednica \u2013 Social, com \u00eanfase em grupos\\coletivos. Nas pesquisas, reflete sobre\u00a0<b>V<\/b>\u00ednculos (La\u00e7os; Afetividades),\u00a0<b>I<\/b>nterseccionalidades (de g\u00eanero e ra\u00e7a, entre outras),\u00a0<b>D<\/b>ialogicidade (Comunica\u00e7\u00e3o; Linguagem; Discursos, Grupos; Coletivos),\u00a0<b>A<\/b>lteridades (Rela\u00e7\u00e3o; Subjetividades) e\u00a0<b>S<\/b>aberes (Experi\u00eancias do cotidiano; Senso Comum; Narrativas).<\/p>\n<p>Abordagem Te\u00f3rica: A partir de uma Psicologia Social Cr\u00edtica, busca estabelecer o di\u00e1logo com diferentes perspectivas, tais como a Teoria das Representa\u00e7\u00f5es Sociais, os Estudos Feministas, a Psican\u00e1lise, a Teoria da Medicaliza\u00e7\u00e3o, as Teorias Cr\u00edticas Sociol\u00f3gicas e da Comunica\u00e7\u00e3o.<\/p>\n<p>Forma de Ingresso: An\u00fancio P\u00fablico (mural do Curso, sites da UFSM, facebook, blog, Ista); Entrevista individual ou coletiva; Carta de inten\u00e7\u00f5es.<\/p>\n<p>Professor Respons\u00e1vel: <strong>Adriane Rubio Roso<\/strong><\/p>\n<p>Contato: <u><span lang=\"PT-BR\"><a href=\"mailto:adriane.roso@ufsm.br\" target=\"_blank\" rel=\"noopener\">adriane.roso@ufsm.br<\/a><\/span><\/u><\/p>\n<p><a href=\"http:\/\/www.psicologiasocialbrasileira.blogspot.com.br\">www.psicologiasocialbrasileira.blogspot.com.br<\/a><\/p>\n<hr \/>\n<p>Nome do Grupo: <strong>N\u00facleo de Estudos Interdisciplinares em Sa\u00fade<\/strong><\/p>\n<p>Eixo Tem\u00e1tico \/ Abordagem Te\u00f3rica: Psicologia Hospitalar, Tanatologia, Bio\u00e9tica.<\/p>\n<p>Forma de Ingresso: Atualmente est\u00e1 fechado para ingresso.<\/p>\n<p>Professor Respons\u00e1vel: <strong>Alberto Manuel Quintana<\/strong><\/p>\n<p>Contato: <a href=\"mailto:albertom.quintana@gmail.com\">albertom.quintana@gmail.com<\/a><\/p>\n<hr \/>\n<p>Nome do Grupo: <strong>Centro de refer\u00eancia em estudos e apoio a mulheres, maternidade e ado\u00e7\u00e3o (Creamma)<\/strong><\/p>\n<p>Eixo Tem\u00e1tico: Pr\u00e1ticas Educativas, parentais, estilos parentais, entrega de filhos para ado\u00e7\u00e3o e gestantes de risco.<\/p>\n<p>Abordagem Te\u00f3rica: Teoria bioecol\u00f3gica e Psicologia positiva.<\/p>\n<p>Forma de Ingresso: Ocorre por procura espont\u00e2nea, convite e por edital.<\/p>\n<p>Pr\u00e9-requisito: Ter cursado a DCG de Maus Tratos na Inf\u00e2ncia, a qual d\u00e1 embasamento te\u00f3rico para o grupo.\u00a0<\/p>\n<p>Professor Respons\u00e1vel: <strong>Aline Cardoso Siqueira<\/strong><\/p>\n<p>Contato: <a href=\"mailto:alinesiq@gmail.com\">alinesiq@gmail.com<\/a><\/p>\n<p><a href=\"mailto:atendimentocreamma@gmail.com\">atendimentocreamma@gmail.com<\/a><\/p>\n<p><a href=\"http:\/\/www.facebook.com\/entregadefilhoparaadocao\">www.facebook.com\/entregadefilhoparaadocao<\/a><\/p>\n<hr \/>\n<p>Nome do Grupo: <strong>N\u00facleo de Estudos Fam\u00edlia e suas Rela\u00e7\u00f5es (NEFRE)<\/strong><\/p>\n<p>Eixo Tem\u00e1tico: Rela\u00e7\u00f5es parentais, conjugalidade e fratria em diferentes contextos sociais.\u00a0<\/p>\n<p>Forma de Ingresso: An\u00fancio p\u00fablico (Facebook e Instagram do n\u00facleo) e contato com a professora respons\u00e1vel.\u00a0<\/p>\n<p>Professor Respons\u00e1vel: <strong>Caroline Rubim Rossato Pereira<\/strong><\/p>\n<p>Contato: <a href=\"mailto:carolinerrp@ufsm.br\" target=\"_blank\" rel=\"noopener\">carolinerrp@ufsm.br<\/a><\/p>\n<p><a href=\"mailto:nefreufsm@gmail.com\">nefreufsm@gmail.com<\/a><\/p>\n<p><a href=\"https:\/\/www.instagram.com\/nefre_ufsm\/\">https:\/\/www.instagram.com\/nefre_ufsm\/<\/a><\/p>\n<p><a href=\"https:\/\/www.facebook.com\/nefreufsm\">https:\/\/www.facebook.com\/nefreufsm<\/a><\/p>\n<hr \/>\n<p>Nome do Grupo: <strong>N\u00facleo de Estudos Inf\u00e2ncia Adolesc\u00eancia e Fam\u00edlia (NEIAF)<\/strong><\/p>\n<p>Eixo Tem\u00e1tico: Rela\u00e7\u00f5es familiares: aspectos psicol\u00f3gicos, jur\u00eddicos e sociais; Viol\u00eancia com crian\u00e7as e adolescentes: aspectos cl\u00ednicos, sociais e institucionais;\u00a0Psicologia e Sa\u00fade P\u00fablica.<\/p>\n<p>Forma de Ingresso: Para entrar em contato com o grupo, basta publicar na p\u00e1gina ou deixar uma mensagem ao NEIAF ou \u00e0s suas administradoras.<\/p>\n<p>Professor Respons\u00e1vel: <strong>Dorian M\u00f4nica Arpini<\/strong><\/p>\n<p>Contato: <a href=\"mailto:monica.arpini@gmail.com\">monica.arpini@gmail.com<\/a><\/p>\n<p><a href=\"https:\/\/www.facebook.com\/NEIAF-N%C3%BAcleo-de-Estudos-Inf%C3%A2ncia-Adolesc%C3%AAncia-e-Fam%C3%ADlia-429982867372279\/\">https:\/\/www.facebook.com\/NEIAF-N%C3%BAcleo-de-Estudos-Inf%C3%A2ncia-Adolesc%C3%AAncia-e-Fam%C3%ADlia-429982867372279\/<\/a><\/p>\n<hr \/>\n<p>\u00a0<\/p>\n<p>Nome do Grupo: <strong>Pesquisa e Avalia\u00e7\u00e3o de Altera\u00e7\u00f5es da Cogni\u00e7\u00e3o Social (PAACS)<\/strong><\/p>\n<p>Eixo Tem\u00e1tico: constru\u00e7\u00e3o e valida\u00e7\u00e3o de novos instrumentos voltados para a avalia\u00e7\u00e3o dos mecanismos da cogni\u00e7\u00e3o social. Pesquisa b\u00e1sica.<\/p>\n<p>Abordagem Te\u00f3rica: Ci\u00eancias cognitivas, neuroci\u00eancia e psicopatologia forense.<\/p>\n<p>Forma de Ingresso: Atrav\u00e9s de uma ficha de leitura (Fazer a s\u00edntese de um livro, ler 2 textos, dizer o que aprendeu a partir deles e responder uma quest\u00e3o de V ou F com base em seu ponto de vista).<\/p>\n<p>Professor Respons\u00e1vel: <strong>S\u00edlvio Jos\u00e9 Lemos Vasconcellos<\/strong><\/p>\n<p>Contato: <a href=\"mailto:silviojlvasco@hotmail.com\">silviojlvasco@hotmail.com<\/a><\/p>\n<p><a href=\"http:\/\/www.facesementes.blogspot.com.br\">www.facesementes.blogspot.com.br<\/a><\/p>\n<p><a href=\"https:\/\/www.facebook.com\/paacsufsm\">https:\/\/www.facebook.com\/paacsufsm<\/a><\/p>\n<hr \/>\n<p>Nome do Grupo: <strong>N\u00facleo de estudos, pesquisa e extens\u00e3o Compartilha: Psicologia e educa\u00e7\u00e3o, transformando contextos sociais.<\/strong><\/p>\n<p>Eixo Tem\u00e1tico: Psicologia escolar cr\u00edtica, contextos sociais, viol\u00eancia; forma\u00e7\u00e3o e atua\u00e7\u00e3o profissional em psicologia.<\/p>\n<p>Abordagem Te\u00f3rica: Psicologia do desenvolvimento humano, Psicologia escolar cr\u00edtica, Pedagogia hist\u00f3rico-cr\u00edtica, Teoria Freireana, Teoria hist\u00f3rico-cultural, Terapia Cognitivo-Comportamental, Pol\u00edticas p\u00fablicas da assist\u00eancia e educacionais.<\/p>\n<p>Forma de Ingresso: O processo de entrada no grupo ocorre de forma anual, recomenda-se que quem tenha interesse inicie participando das reuni\u00f5es abertas, conhecendo assim o grupo e suas a\u00e7\u00f5es, para posteriormente ingressar de forma ativa. As reuni\u00f5es abertas s\u00e3o divulgadas pelas redes sociais.\u00a0<\/p>\n<p>Para a inser\u00e7\u00e3o como estudante de inicia\u00e7\u00e3o cient\u00edfica (ICs) orienta-se que acompanhe as publica\u00e7\u00f5es de editais\/chamadas p\u00fablicas no site (<a href=\"https:\/\/www.ufsm.br\/grupos\/compartilha\" target=\"_blank\" rel=\"noopener\" data-saferedirecturl=\"https:\/\/www.google.com\/url?q=https:\/\/www.ufsm.br\/grupos\/compartilha&amp;source=gmail&amp;ust=1638013012959000&amp;usg=AOvVaw1COlo6XQdRtluUMjg6_T6l\">https:\/\/www.ufsm.br\/grupos\/compartilha<\/a>) e nas p\u00e1ginas das redes sociais do n\u00facleo<\/p>\n<p>Professores Respons\u00e1veis: <strong>Samara Silva dos Santos e Ta\u00eds Fim Alberti<\/strong><\/p>\n<p>Contato: <a href=\"mailto:compartilha.psicologia@ufsm.br\" target=\"_blank\" rel=\"noopener\">compartilha.psicologia@ufsm.br<\/a><\/p>\n<p dir=\"ltr\">Instagram: <a href=\"https:\/\/www.instagram.com\/compartilha.ppgp\/\">@compartilha.ppgp<\/a><\/p>\n<p dir=\"ltr\">Facebook: <a href=\"https:\/\/www.facebook.com\/Compartilha.ppgp\" target=\"_blank\" rel=\"noopener\" data-saferedirecturl=\"https:\/\/www.google.com\/url?q=https:\/\/www.facebook.com\/Compartilha.ppgp&amp;source=gmail&amp;ust=1638013012959000&amp;usg=AOvVaw04HPxUWSrCaurvYiR45_5X\">https:\/\/www.facebook.com\/Compartilha.ppgp<\/a><\/p>\n<p dir=\"ltr\">Site: <a href=\"https:\/\/www.ufsm.br\/grupos\/compartilha\" target=\"_blank\" rel=\"noopener\" data-saferedirecturl=\"https:\/\/www.google.com\/url?q=https:\/\/www.ufsm.br\/grupos\/compartilha&amp;source=gmail&amp;ust=1638013012959000&amp;usg=AOvVaw1COlo6XQdRtluUMjg6_T6l\">https:\/\/www.ufsm.br\/grupos\/compartilha<\/a><\/p>\n<hr \/>\n<p>Nome do Grupo: <b>Rede de Estudos sobre\u00a0<\/b><strong>Desenvolvimento na inf\u00e2ncia, adolesc\u00eancia e juventude (REDIJUV)<\/strong><\/p>\n<p>Abordagem Te\u00f3rica: Psicologia do Desenvolvimento\/Psican\u00e1lise.<\/p>\n<p>Forma de Ingresso: An\u00fancio p\u00fablico de sele\u00e7\u00e3o de bolsistas ou participa\u00e7\u00e3o em encontros abertos divulgados no site do grupo:\u00a0<a id=\"m_-3562255389242020060LPNoLPOWALinkPreview\" href=\"https:\/\/www.ufsm.br\/grupos\/redijuv\" target=\"_blank\" rel=\"noopener\" data-saferedirecturl=\"https:\/\/www.google.com\/url?q=https:\/\/www.ufsm.br\/grupos\/redijuv&amp;source=gmail&amp;ust=1636460950407000&amp;usg=AFQjCNFA1SW5GeMoT9U9JCNNWgveuwuVQQ\">https:\/\/www.ufsm.br\/grupos\/redijuv<\/a><\/p>\n<p>Professor Respons\u00e1vel: <strong>Jana Gon\u00e7alves Zappe<\/strong><\/p>\n<p>Contato: <a id=\"m_-3562255389242020060LPlnk464569\" title=\"mailto:rede.redijuvufsm@gmail.com\" href=\"mailto:rede.redijuvufsm@gmail.com\" target=\"_blank\" rel=\"noopener noreferrer\">rede.redijuvufsm@gmail.com<\/a><\/p>\n<hr \/>\n<p>Nome do Grupo: <strong>N\u00facleo de Estudo em contextos de Desenvolvimento humano: Fam\u00edlia e Escola (NEDEFE)<\/strong><\/p>\n<p>Eixo Tem\u00e1tico: Desenvolvimento na adolesc\u00eancia, Psicologia Escolar\/Educacional, Estilos e pr\u00e1ticas educativas parentais<\/p>\n<p>Abordagem Te\u00f3rica: Psicologia do desenvolvimento humano, Psicologia escolar cr\u00edtica<\/p>\n<p>Forma de Ingresso: In\u00edcio do semestre letivo (conforme necessidade), an\u00fancio P\u00fablico (mural, facebook).<\/p>\n<p>Professor Respons\u00e1vel: <strong>Naiana Dapieve Patias<\/strong><\/p>\n<p>Contato: <a href=\"mailto:psicossocial.ufsm@gmail.com\" target=\"_blank\" rel=\"noopener noreferrer\">n<\/a><a href=\"mailto:aiana.patias@ufsm.br\" target=\"_blank\" rel=\"noopener noreferrer\">aiana.patias@ufsm.br<\/a><\/p>\n<div><a id=\"m_4762878687335650476LPlnk984803\" href=\"https:\/\/www.facebook.com\/permalink.php?id=102466751158388&amp;story_fbid=102474224490974\" target=\"_blank\" rel=\"noopener noreferrer\" data-saferedirecturl=\"https:\/\/www.google.com\/url?q=https:\/\/www.facebook.com\/permalink.php?id%3D102466751158388%26story_fbid%3D102474224490974&amp;source=gmail&amp;ust=1580478657041000&amp;usg=AFQjCNHXz4ViQBGt_WVV8WfZA_RlKS4yxg\">https:\/\/www.facebook.com\/nedefe<\/a><\/div>\n<div>\u00a0<\/div>\n<hr \/>\n<p>Nome do Grupo: <strong>Laborat\u00f3rio de Avalia\u00e7\u00e3o e Cl\u00ednica Cognitiva (LACCog)<\/strong><\/p>\n<p>Eixo Tem\u00e1tico: Psicopatologia, Psicologia cl\u00ednica, Avalia\u00e7\u00e3o psicol\u00f3gica<\/p>\n<p>Abordagem Te\u00f3rica: Terapia Cognitivo-Comportamental<\/p>\n<p>Forma de Ingresso: Quando houver vaga, ser\u00e1 divulgado processo seletivo.<\/p>\n<p>Professor Respons\u00e1vel: <strong>Clarissa Tochetto de Oliveira<\/strong><\/p>\n<p>Contato: <a href=\"mailto:clarissa.tochetto@gmail.com\" target=\"_blank\" rel=\"noopener noreferrer\">clarissa.tochetto@gmail.com<\/a><\/p>\n<p><a href=\"https:\/\/www.facebook.com\/LACCog\">https:\/\/www.facebook.com\/LACCog<\/a><\/p>\n<p><a href=\"https:\/\/www.instagram.com\/laccog.ufsm\/\">https:\/\/www.instagram.com\/laccog.ufsm\/<\/a><\/p>\n<p>\u00a0<\/p>\n<hr \/>\n<p>Nome do Grupo: <b>Grupo de pesquisa Interfaces da Psicologia Anal\u00edtica<\/b><\/p>\n<p>Este \u00e9 um projeto que visa investigar a forma como autores que escrevem sobre a Psicologia Anal\u00edtica de Carl Jung t\u00eam abordado os recentes estudos em Neuroci\u00eancias, Lingu\u00edstica e Psicologia do Desenvolvimento. Trata-se de uma revis\u00e3o sistem\u00e1tica da literatura a respeito do tema.<\/p>\n<p>Eixo Tem\u00e1tico: Teoria e cl\u00ednica junguiana, arqu\u00e9tipos e tar\u00f4<\/p>\n<p>Abordagem Te\u00f3rica: Psicologia Anal\u00edtica<\/p>\n<p>Forma de Ingresso: Formul\u00e1rio \u00e9 distribu\u00eddo por e-mail aos estudantes quando h\u00e1 sele\u00e7\u00e3o.<\/p>\n<p>Professor Respons\u00e1vel: <strong>Francisco Ritter<\/strong><\/p>\n<p>Contato: <a href=\"mailto:francisco.ritter@ufsm.br\">francisco.ritter@ufsm.br<\/a><\/p>\n\n","protected":false},"excerpt":{"rendered":"<p>Nome do Grupo: \u00a0VIDAS &#8211; N\u00facleo de Pesquisa, Ensino e Extens\u00e3o em Psicologia Cl\u00ednica \u2013 Social\u00a0http:\/\/dgp.cnpq.br\/dgp\/espelhogrupo\/283704 Eixo Tem\u00e1tico: No campo pr\u00e1tico, situa-se em uma Cl\u00ednica \u2013 Social, com \u00eanfase em grupos\\coletivos. Nas pesquisas, reflete sobre\u00a0V\u00ednculos (La\u00e7os; Afetividades),\u00a0Interseccionalidades (de g\u00eanero e ra\u00e7a, entre outras),\u00a0Dialogicidade (Comunica\u00e7\u00e3o; Linguagem; Discursos, Grupos; Coletivos),\u00a0Alteridades (Rela\u00e7\u00e3o; Subjetividades) e\u00a0Saberes (Experi\u00eancias do cotidiano; Senso [&hellip;]<\/p>\n","protected":false},"author":115,"featured_media":0,"parent":0,"menu_order":0,"comment_status":"closed","ping_status":"closed","template":"","meta":{"footnotes":""},"categories":[],"tags":[],"class_list":["post-155","page","type-page","status-publish","hentry"],"acf":[],"_links":{"self":[{"href":"https:\/\/www.ufsm.br\/cursos\/graduacao\/santa-maria\/psicologia\/wp-json\/wp\/v2\/pages\/155","targetHints":{"allow":["GET"]}}],"collection":[{"href":"https:\/\/www.ufsm.br\/cursos\/graduacao\/santa-maria\/psicologia\/wp-json\/wp\/v2\/pages"}],"about":[{"href":"https:\/\/www.ufsm.br\/cursos\/graduacao\/santa-maria\/psicologia\/wp-json\/wp\/v2\/types\/page"}],"author":[{"embeddable":true,"href":"https:\/\/www.ufsm.br\/cursos\/graduacao\/santa-maria\/psicologia\/wp-json\/wp\/v2\/users\/115"}],"replies":[{"embeddable":true,"href":"https:\/\/www.ufsm.br\/cursos\/graduacao\/santa-maria\/psicologia\/wp-json\/wp\/v2\/comments?post=155"}],"version-history":[{"count":0,"href":"https:\/\/www.ufsm.br\/cursos\/graduacao\/santa-maria\/psicologia\/wp-json\/wp\/v2\/pages\/155\/revisions"}],"wp:attachment":[{"href":"https:\/\/www.ufsm.br\/cursos\/graduacao\/santa-maria\/psicologia\/wp-json\/wp\/v2\/media?parent=155"}],"wp:term":[{"taxonomy":"category","embeddable":true,"href":"https:\/\/www.ufsm.br\/cursos\/graduacao\/santa-maria\/psicologia\/wp-json\/wp\/v2\/categories?post=155"},{"taxonomy":"post_tag","embeddable":true,"href":"https:\/\/www.ufsm.br\/cursos\/graduacao\/santa-maria\/psicologia\/wp-json\/wp\/v2\/tags?post=155"}],"curies":[{"name":"wp","href":"https:\/\/api.w.org\/{rel}","templated":true}]}}