{"id":170,"date":"2018-12-27T11:13:34","date_gmt":"2018-12-27T13:13:34","guid":{"rendered":"https:\/\/www.ufsm.br\/cursos\/graduacao\/santa-maria\/psicologia\/?page_id=170"},"modified":"2023-11-24T07:59:03","modified_gmt":"2023-11-24T10:59:03","slug":"nucleo-docente-estruturante","status":"publish","type":"page","link":"https:\/\/www.ufsm.br\/cursos\/graduacao\/santa-maria\/psicologia\/nucleo-docente-estruturante","title":{"rendered":"N\u00facleo Docente Estruturante"},"content":{"rendered":"\n<p>O <strong>N\u00facleo Docente Estruturante (NDE)<\/strong> do Curso de Psicologia \u00e9 proposto pelo Colegiado do Curso e \u00e9 respons\u00e1vel pela concep\u00e7\u00e3o, acompanhamento, consolida\u00e7\u00e3o e avalia\u00e7\u00e3o do respectivo projeto pedag\u00f3gico. As demais atribui\u00e7\u00f5es do NDE podem ser encontradas na <a href=\"https:\/\/portal.ufsm.br\/documentos\/publico\/documento.html?id=12910462\">Resolu\u00e7\u00e3o N.043\/2019<\/a>.<\/p>\n<p>O NDE do Curso de Psicologia \u00e9 constitu\u00eddo por membros do corpo docente do Curso, e de acordo com a Portaria de Pessoal CCSH\/UFSM n. 314, de 13 de outubro de 2022, s\u00e3o eles:<\/p>\n<ul>\n<li><strong>Prof.\u00aa Dr.\u00aa Aline Cardoso Siqueira<\/strong><\/li>\n<li><strong>Prof.\u00aa Dr.\u00aa Caroline Rubin Rossato Pereira<\/strong><\/li>\n<li><strong>Prof.\u00aa Dr.\u00aa Clarissa Tochetto de Oliveira<\/strong><\/li>\n<li><strong>Prof.\u00aa Dr.\u00aa<\/strong> <strong>Elisete Soares Traesel<\/strong><\/li>\n<li><strong>Prof.\u00aa Dr.\u00aa Naiana Dapieve Patias<\/strong><\/li>\n<\/ul>\n","protected":false},"excerpt":{"rendered":"<p>O N\u00facleo Docente Estruturante (NDE) do Curso de Psicologia \u00e9 proposto pelo Colegiado do Curso e \u00e9 respons\u00e1vel pela concep\u00e7\u00e3o, acompanhamento, consolida\u00e7\u00e3o e avalia\u00e7\u00e3o do respectivo projeto pedag\u00f3gico. As demais atribui\u00e7\u00f5es do NDE podem ser encontradas na Resolu\u00e7\u00e3o N.043\/2019. O NDE do Curso de Psicologia \u00e9 constitu\u00eddo por membros do corpo docente do Curso, e [&hellip;]<\/p>\n","protected":false},"author":194,"featured_media":0,"parent":0,"menu_order":0,"comment_status":"closed","ping_status":"closed","template":"","meta":{"footnotes":""},"categories":[],"tags":[],"class_list":["post-170","page","type-page","status-publish","hentry"],"acf":[],"_links":{"self":[{"href":"https:\/\/www.ufsm.br\/cursos\/graduacao\/santa-maria\/psicologia\/wp-json\/wp\/v2\/pages\/170","targetHints":{"allow":["GET"]}}],"collection":[{"href":"https:\/\/www.ufsm.br\/cursos\/graduacao\/santa-maria\/psicologia\/wp-json\/wp\/v2\/pages"}],"about":[{"href":"https:\/\/www.ufsm.br\/cursos\/graduacao\/santa-maria\/psicologia\/wp-json\/wp\/v2\/types\/page"}],"author":[{"embeddable":true,"href":"https:\/\/www.ufsm.br\/cursos\/graduacao\/santa-maria\/psicologia\/wp-json\/wp\/v2\/users\/194"}],"replies":[{"embeddable":true,"href":"https:\/\/www.ufsm.br\/cursos\/graduacao\/santa-maria\/psicologia\/wp-json\/wp\/v2\/comments?post=170"}],"version-history":[{"count":0,"href":"https:\/\/www.ufsm.br\/cursos\/graduacao\/santa-maria\/psicologia\/wp-json\/wp\/v2\/pages\/170\/revisions"}],"wp:attachment":[{"href":"https:\/\/www.ufsm.br\/cursos\/graduacao\/santa-maria\/psicologia\/wp-json\/wp\/v2\/media?parent=170"}],"wp:term":[{"taxonomy":"category","embeddable":true,"href":"https:\/\/www.ufsm.br\/cursos\/graduacao\/santa-maria\/psicologia\/wp-json\/wp\/v2\/categories?post=170"},{"taxonomy":"post_tag","embeddable":true,"href":"https:\/\/www.ufsm.br\/cursos\/graduacao\/santa-maria\/psicologia\/wp-json\/wp\/v2\/tags?post=170"}],"curies":[{"name":"wp","href":"https:\/\/api.w.org\/{rel}","templated":true}]}}