{"id":328,"date":"2021-04-21T22:19:45","date_gmt":"2021-04-22T01:19:45","guid":{"rendered":"https:\/\/www.ufsm.br\/cursos\/graduacao\/santa-maria\/psicologia\/?page_id=328"},"modified":"2022-09-16T11:27:23","modified_gmt":"2022-09-16T14:27:23","slug":"inscricoes-para-atendimento-no-projeto-transformar","status":"publish","type":"page","link":"https:\/\/www.ufsm.br\/cursos\/graduacao\/santa-maria\/psicologia\/inscricoes-para-atendimento-no-projeto-transformar","title":{"rendered":"Inscri\u00e7\u00f5es para atendimento no Projeto Transformar"},"content":{"rendered":"\t\t<div data-elementor-type=\"wp-page\" data-elementor-id=\"328\" class=\"elementor elementor-328\">\n\t\t\t\t\t\t<section class=\"elementor-section elementor-top-section elementor-element elementor-element-0e2692f elementor-section-boxed elementor-section-height-default elementor-section-height-default\" data-id=\"0e2692f\" data-element_type=\"section\">\n\t\t\t\t\t\t<div class=\"elementor-container elementor-column-gap-default\">\n\t\t\t\t\t<div class=\"elementor-column elementor-col-100 elementor-top-column elementor-element elementor-element-c1b660d\" data-id=\"c1b660d\" data-element_type=\"column\">\n\t\t\t<div class=\"elementor-widget-wrap elementor-element-populated\">\n\t\t\t\t\t\t<div class=\"elementor-element elementor-element-cb946c0 elementor-widget elementor-widget-text-editor\" data-id=\"cb946c0\" data-element_type=\"widget\" data-widget_type=\"text-editor.default\">\n\t\t\t\t<div class=\"elementor-widget-container\">\n\t\t\t\t\t\t\t<p>O <strong>Projeto Transformar<\/strong> \u00e9 um projeto de ensino em parceria com a Cl\u00ednica de Estudos e Interven\u00e7\u00f5es em Psicologia (CEIP) e com o Departamento de Psicologia da Universidade Federal de Santa Maria. O objetivo do projeto \u00e9 aproximar os estudantes do contexto de atua\u00e7\u00e3o profissional em diferentes atividades pr\u00e1ticas. Dentre elas, a\u00e7\u00f5es de psicoeduca\u00e7\u00e3o, interven\u00e7\u00f5es psicoterap\u00eauticas em grupo e tamb\u00e9m abranger o atendimento psicol\u00f3gico cl\u00ednico individual \u00e0 comunidade. As a\u00e7\u00f5es ser\u00e3o desenvolvidas por estudantes do curso de Psicologia da Universidade Federal de Santa Maria, sob a supervis\u00e3o de profissional da Psicologia e fundamentadas na abordagem Cognitivo-Comportamental.<\/p>\t\t\t\t\t\t<\/div>\n\t\t\t\t<\/div>\n\t\t\t\t\t<\/div>\n\t\t<\/div>\n\t\t\t\t\t<\/div>\n\t\t<\/section>\n\t\t\t\t<section class=\"elementor-section elementor-top-section elementor-element elementor-element-6774053 elementor-section-boxed elementor-section-height-default elementor-section-height-default\" data-id=\"6774053\" data-element_type=\"section\">\n\t\t\t\t\t\t<div class=\"elementor-container elementor-column-gap-default\">\n\t\t\t\t\t<div class=\"elementor-column elementor-col-100 elementor-top-column elementor-element elementor-element-4437af3\" data-id=\"4437af3\" data-element_type=\"column\">\n\t\t\t<div class=\"elementor-widget-wrap elementor-element-populated\">\n\t\t\t\t\t\t<div class=\"elementor-element elementor-element-33623ab elementor-widget elementor-widget-heading\" data-id=\"33623ab\" data-element_type=\"widget\" data-widget_type=\"heading.default\">\n\t\t\t\t<div class=\"elementor-widget-container\">\n\t\t\t<h5 class=\"elementor-heading-title elementor-size-default\">PARA MAIS INFORMA\u00c7\u00d5ES, VISITE O SITE DO PROJETO TRANSFORMAR, CLICANDO NO LOGO ABAIXO:<\/h5>\t\t<\/div>\n\t\t\t\t<\/div>\n\t\t\t\t\t<\/div>\n\t\t<\/div>\n\t\t\t\t\t<\/div>\n\t\t<\/section>\n\t\t\t\t<section class=\"elementor-section elementor-top-section elementor-element elementor-element-3ac9e84 elementor-section-boxed elementor-section-height-default elementor-section-height-default\" data-id=\"3ac9e84\" data-element_type=\"section\">\n\t\t\t\t\t\t<div class=\"elementor-container elementor-column-gap-default\">\n\t\t\t\t\t<div class=\"elementor-column elementor-col-100 elementor-top-column elementor-element elementor-element-24dd5e5\" data-id=\"24dd5e5\" data-element_type=\"column\">\n\t\t\t<div class=\"elementor-widget-wrap elementor-element-populated\">\n\t\t\t\t\t\t<div class=\"elementor-element elementor-element-b984314 elementor-widget elementor-widget-image\" data-id=\"b984314\" data-element_type=\"widget\" data-widget_type=\"image.default\">\n\t\t\t\t<div class=\"elementor-widget-container\">\n\t\t\t\t\t\t\t\t\t\t\t\t\t\t<a href=\"https:\/\/www.ufsm.br\/cursos\/graduacao\/santa-maria\/psicologia\/projeto-transformar\" target=\"_blank\">\n\t\t\t\t\t\t\t<img decoding=\"async\" width=\"300\" height=\"142\" src=\"https:\/\/www.ufsm.br\/app\/uploads\/sites\/473\/2021\/04\/Transformar-Psicologia-1-300x142.jpg\" class=\"attachment-medium size-medium wp-image-327\" alt=\"\" srcset=\"https:\/\/www.ufsm.br\/app\/uploads\/sites\/473\/2021\/04\/Transformar-Psicologia-1-300x142.jpg 300w, https:\/\/www.ufsm.br\/app\/uploads\/sites\/473\/2021\/04\/Transformar-Psicologia-1-e1619052461645.jpg 150w\" sizes=\"(max-width: 300px) 100vw, 300px\" \/>\t\t\t\t\t\t\t\t<\/a>\n\t\t\t\t\t\t\t\t\t\t\t\t\t<\/div>\n\t\t\t\t<\/div>\n\t\t\t\t\t<\/div>\n\t\t<\/div>\n\t\t\t\t\t<\/div>\n\t\t<\/section>\n\t\t\t\t<\/div>\n\t\t","protected":false},"excerpt":{"rendered":"<p>O Projeto Transformar \u00e9 um projeto de ensino em parceria com a Cl\u00ednica de Estudos e Interven\u00e7\u00f5es em Psicologia (CEIP) e com o Departamento de Psicologia da Universidade Federal de Santa Maria. O objetivo do projeto \u00e9 aproximar os estudantes do contexto de atua\u00e7\u00e3o profissional em diferentes atividades pr\u00e1ticas. Dentre elas, a\u00e7\u00f5es de psicoeduca\u00e7\u00e3o, interven\u00e7\u00f5es [&hellip;]<\/p>\n","protected":false},"author":1224,"featured_media":0,"parent":0,"menu_order":0,"comment_status":"closed","ping_status":"closed","template":"","meta":{"footnotes":""},"categories":[],"tags":[],"class_list":["post-328","page","type-page","status-publish","hentry"],"acf":[],"_links":{"self":[{"href":"https:\/\/www.ufsm.br\/cursos\/graduacao\/santa-maria\/psicologia\/wp-json\/wp\/v2\/pages\/328","targetHints":{"allow":["GET"]}}],"collection":[{"href":"https:\/\/www.ufsm.br\/cursos\/graduacao\/santa-maria\/psicologia\/wp-json\/wp\/v2\/pages"}],"about":[{"href":"https:\/\/www.ufsm.br\/cursos\/graduacao\/santa-maria\/psicologia\/wp-json\/wp\/v2\/types\/page"}],"author":[{"embeddable":true,"href":"https:\/\/www.ufsm.br\/cursos\/graduacao\/santa-maria\/psicologia\/wp-json\/wp\/v2\/users\/1224"}],"replies":[{"embeddable":true,"href":"https:\/\/www.ufsm.br\/cursos\/graduacao\/santa-maria\/psicologia\/wp-json\/wp\/v2\/comments?post=328"}],"version-history":[{"count":0,"href":"https:\/\/www.ufsm.br\/cursos\/graduacao\/santa-maria\/psicologia\/wp-json\/wp\/v2\/pages\/328\/revisions"}],"wp:attachment":[{"href":"https:\/\/www.ufsm.br\/cursos\/graduacao\/santa-maria\/psicologia\/wp-json\/wp\/v2\/media?parent=328"}],"wp:term":[{"taxonomy":"category","embeddable":true,"href":"https:\/\/www.ufsm.br\/cursos\/graduacao\/santa-maria\/psicologia\/wp-json\/wp\/v2\/categories?post=328"},{"taxonomy":"post_tag","embeddable":true,"href":"https:\/\/www.ufsm.br\/cursos\/graduacao\/santa-maria\/psicologia\/wp-json\/wp\/v2\/tags?post=328"}],"curies":[{"name":"wp","href":"https:\/\/api.w.org\/{rel}","templated":true}]}}