{"id":29,"date":"2018-01-18T09:10:07","date_gmt":"2018-01-18T11:10:07","guid":{"rendered":"https:\/\/www.ufsm.br\/cursos\/graduacao\/nutricao\/12352\/?page_id=29"},"modified":"2019-02-26T14:59:47","modified_gmt":"2019-02-26T17:59:47","slug":"contato","status":"publish","type":"page","link":"https:\/\/www.ufsm.br\/cursos\/graduacao\/santa-maria\/quimica\/contato","title":{"rendered":"Contato"},"content":{"rendered":"<h3>Coordena\u00e7\u00e3o do curso de Qu\u00edmica &#8211; Bacharelado<\/h3>\n<table style=\"border-style: none;height: 120px\">\n<tbody>\n<tr style=\"height: 40px\">\n<td style=\"width: 40px;border-style: none;height: 40px;text-align: center\"><img decoding=\"async\" class=\"alignnone wp-image-406\" src=\"https:\/\/www.ufsm.br\/cursos\/graduacao\/santa-maria\/quimica\/wp-content\/uploads\/sites\/454\/2019\/02\/whatsapp-icone-7.png\" alt=\"\" width=\"20\" height=\"20\" \/><\/td>\n<td style=\"width: 522px;border-style: none;height: 40px\">+55 (55) 3220-8142<\/td>\n<\/tr>\n<tr style=\"height: 40px\">\n<td style=\"width: 40px;border-style: none;height: 40px;text-align: center\"><img decoding=\"async\" class=\"alignnone wp-image-405\" src=\"https:\/\/www.ufsm.br\/cursos\/graduacao\/santa-maria\/quimica\/wp-content\/uploads\/sites\/454\/2019\/02\/gmail-cone-icon-7.png\" alt=\"\" width=\"18\" height=\"13\" \/><\/td>\n<td style=\"width: 522px;border-style: none;height: 40px\"><a href=\"mailto:quimicabacharelado@ufsm.br\">quimicabacharelado@ufsm.br<\/a><\/td>\n<\/tr>\n<tr style=\"height: 40px\">\n<td style=\"width: 40px;border-style: none;height: 40px;text-align: center\"><img decoding=\"async\" class=\"alignnone wp-image-404\" src=\"https:\/\/www.ufsm.br\/cursos\/graduacao\/santa-maria\/quimica\/wp-content\/uploads\/sites\/454\/2019\/02\/facebook-icone-icon-7.png\" alt=\"\" width=\"17\" height=\"17\" \/><\/td>\n<td style=\"width: 522px;border-style: none;height: 40px\"><a href=\"https:\/\/www.facebook.com\/QuimicaUFSM\" target=\"_blank\" rel=\"noopener\">QuimicaUFSM<\/a><\/td>\n<\/tr>\n<\/tbody>\n<\/table>\n\n\n<hr class=\"wp-block-separator\" \/>\n\n\n\n<h3>Coordena\u00e7\u00e3o do curso de Qu\u00edmica &#8211; Licenciatura<\/h3>\n<table style=\"border-style: none;height: 80px\">\n<tbody>\n<tr style=\"height: 40px\">\n<td style=\"width: 40px;border-style: none;height: 40px;text-align: center\"><img loading=\"lazy\" decoding=\"async\" class=\"alignnone wp-image-403\" src=\"https:\/\/www.ufsm.br\/cursos\/graduacao\/santa-maria\/quimica\/wp-content\/uploads\/sites\/454\/2019\/02\/19578da673b0660-e1551202034227.jpg\" alt=\"\" width=\"19\" height=\"19\" \/><\/td>\n<td style=\"width: 522px;border-style: none;height: 40px\">+55 (55) 3220-8142<\/td>\n<\/tr>\n<tr style=\"height: 40px\">\n<td style=\"width: 40px;border-style: none;height: 40px;text-align: center\"><img decoding=\"async\" class=\"alignnone wp-image-405\" src=\"https:\/\/www.ufsm.br\/cursos\/graduacao\/santa-maria\/quimica\/wp-content\/uploads\/sites\/454\/2019\/02\/gmail-cone-icon-7.png\" alt=\"\" width=\"18\" height=\"13\" \/><\/td>\n<td style=\"width: 522px;border-style: none;height: 40px\"><a href=\"mailto:quimicalicenciatura@ufsm.br\">quimicalicenciatura@ufsm.br<\/a><\/td>\n<\/tr>\n<\/tbody>\n<\/table>\n","protected":false},"excerpt":{"rendered":"<p>Coordena\u00e7\u00e3o do curso de Qu\u00edmica &#8211; Bacharelado +55 (55) 3220-8142 quimicabacharelado@ufsm.br QuimicaUFSM Coordena\u00e7\u00e3o do curso de Qu\u00edmica &#8211; Licenciatura +55 (55) 3220-8142 quimicalicenciatura@ufsm.br<\/p>\n","protected":false},"author":8,"featured_media":0,"parent":0,"menu_order":0,"comment_status":"closed","ping_status":"closed","template":"","meta":{"footnotes":""},"categories":[],"tags":[],"class_list":["post-29","page","type-page","status-publish","hentry"],"acf":[],"_links":{"self":[{"href":"https:\/\/www.ufsm.br\/cursos\/graduacao\/santa-maria\/quimica\/wp-json\/wp\/v2\/pages\/29","targetHints":{"allow":["GET"]}}],"collection":[{"href":"https:\/\/www.ufsm.br\/cursos\/graduacao\/santa-maria\/quimica\/wp-json\/wp\/v2\/pages"}],"about":[{"href":"https:\/\/www.ufsm.br\/cursos\/graduacao\/santa-maria\/quimica\/wp-json\/wp\/v2\/types\/page"}],"author":[{"embeddable":true,"href":"https:\/\/www.ufsm.br\/cursos\/graduacao\/santa-maria\/quimica\/wp-json\/wp\/v2\/users\/8"}],"replies":[{"embeddable":true,"href":"https:\/\/www.ufsm.br\/cursos\/graduacao\/santa-maria\/quimica\/wp-json\/wp\/v2\/comments?post=29"}],"version-history":[{"count":0,"href":"https:\/\/www.ufsm.br\/cursos\/graduacao\/santa-maria\/quimica\/wp-json\/wp\/v2\/pages\/29\/revisions"}],"wp:attachment":[{"href":"https:\/\/www.ufsm.br\/cursos\/graduacao\/santa-maria\/quimica\/wp-json\/wp\/v2\/media?parent=29"}],"wp:term":[{"taxonomy":"category","embeddable":true,"href":"https:\/\/www.ufsm.br\/cursos\/graduacao\/santa-maria\/quimica\/wp-json\/wp\/v2\/categories?post=29"},{"taxonomy":"post_tag","embeddable":true,"href":"https:\/\/www.ufsm.br\/cursos\/graduacao\/santa-maria\/quimica\/wp-json\/wp\/v2\/tags?post=29"}],"curies":[{"name":"wp","href":"https:\/\/api.w.org\/{rel}","templated":true}]}}