{"id":498,"date":"2019-04-16T18:34:46","date_gmt":"2019-04-16T21:34:46","guid":{"rendered":"https:\/\/www.ufsm.br\/cursos\/graduacao\/santa-maria\/quimica\/?page_id=498"},"modified":"2022-03-29T10:14:45","modified_gmt":"2022-03-29T13:14:45","slug":"pre-requisitos","status":"publish","type":"page","link":"https:\/\/www.ufsm.br\/cursos\/graduacao\/santa-maria\/quimica\/licenciatura\/pre-requisitos","title":{"rendered":"Pr\u00e9-requisitos"},"content":{"rendered":"\n<p style=\"text-align: justify\">Em geral, para que uma disciplina possa ser cursada em um dado semestre, o aluno deve previamente ter sido aprovado em outra. Esse tipo de mecanismo \u00e9 chamado &#8220;pr\u00e9-requisito&#8221;.<\/p>\n<p style=\"text-align: justify\">A lista oficial de pr\u00e9-requisitos para as disciplinas do Curso de Qu\u00edmica Licenciatura Plena pode ser consultada no menu <em><span style=\"text-decoration: underline\">Informa\u00e7\u00f5es Curriculares<\/span><\/em>. Selecione o curso, o semestre e a disciplina. Ao lado desta aparecer\u00e3o as informa\u00e7\u00f5es como <span style=\"text-decoration: underline\"><em>Programa, Equival\u00eancias e Pr\u00e9-requisitos<\/em><\/span>.<\/p>\n","protected":false},"excerpt":{"rendered":"<p>Em geral, para que uma disciplina possa ser cursada em um dado semestre, o aluno deve previamente ter sido aprovado em outra. Esse tipo de mecanismo \u00e9 chamado &#8220;pr\u00e9-requisito&#8221;. A lista oficial de pr\u00e9-requisitos para as disciplinas do Curso de Qu\u00edmica Licenciatura Plena pode ser consultada no menu Informa\u00e7\u00f5es Curriculares. Selecione o curso, o semestre [&hellip;]<\/p>\n","protected":false},"author":719,"featured_media":0,"parent":370,"menu_order":0,"comment_status":"closed","ping_status":"closed","template":"","meta":{"footnotes":""},"categories":[],"tags":[],"class_list":["post-498","page","type-page","status-publish","hentry"],"acf":[],"_links":{"self":[{"href":"https:\/\/www.ufsm.br\/cursos\/graduacao\/santa-maria\/quimica\/wp-json\/wp\/v2\/pages\/498","targetHints":{"allow":["GET"]}}],"collection":[{"href":"https:\/\/www.ufsm.br\/cursos\/graduacao\/santa-maria\/quimica\/wp-json\/wp\/v2\/pages"}],"about":[{"href":"https:\/\/www.ufsm.br\/cursos\/graduacao\/santa-maria\/quimica\/wp-json\/wp\/v2\/types\/page"}],"author":[{"embeddable":true,"href":"https:\/\/www.ufsm.br\/cursos\/graduacao\/santa-maria\/quimica\/wp-json\/wp\/v2\/users\/719"}],"replies":[{"embeddable":true,"href":"https:\/\/www.ufsm.br\/cursos\/graduacao\/santa-maria\/quimica\/wp-json\/wp\/v2\/comments?post=498"}],"version-history":[{"count":0,"href":"https:\/\/www.ufsm.br\/cursos\/graduacao\/santa-maria\/quimica\/wp-json\/wp\/v2\/pages\/498\/revisions"}],"up":[{"embeddable":true,"href":"https:\/\/www.ufsm.br\/cursos\/graduacao\/santa-maria\/quimica\/wp-json\/wp\/v2\/pages\/370"}],"wp:attachment":[{"href":"https:\/\/www.ufsm.br\/cursos\/graduacao\/santa-maria\/quimica\/wp-json\/wp\/v2\/media?parent=498"}],"wp:term":[{"taxonomy":"category","embeddable":true,"href":"https:\/\/www.ufsm.br\/cursos\/graduacao\/santa-maria\/quimica\/wp-json\/wp\/v2\/categories?post=498"},{"taxonomy":"post_tag","embeddable":true,"href":"https:\/\/www.ufsm.br\/cursos\/graduacao\/santa-maria\/quimica\/wp-json\/wp\/v2\/tags?post=498"}],"curies":[{"name":"wp","href":"https:\/\/api.w.org\/{rel}","templated":true}]}}