{"id":843,"date":"2023-04-27T11:15:21","date_gmt":"2023-04-27T14:15:21","guid":{"rendered":"https:\/\/www.ufsm.br\/cursos\/graduacao\/santa-maria\/quimica\/?page_id=843"},"modified":"2023-04-27T11:17:36","modified_gmt":"2023-04-27T14:17:36","slug":"novo-curriculo-2023","status":"publish","type":"page","link":"https:\/\/www.ufsm.br\/cursos\/graduacao\/santa-maria\/quimica\/novo-curriculo-2023","title":{"rendered":"Novo Curr\u00edculo &#8211; 2023"},"content":{"rendered":"\n<p><span style=\"color: #0070c0\"><span style=\"font-family: Arial, serif\"><span style=\"font-size: x-large\"><b>Implanta\u00e7\u00e3o do Novo Curr\u00edculo &#8211; 2023<\/b><\/span><\/span><\/span><\/p>\n<p><span style=\"font-family: Arial, serif\"><span style=\"font-size: medium\">A partir de 2023 o curso de Qu\u00edmica Bacharelado ter\u00e1 nova grade curricular.<\/span><\/span><\/p>\n<p><span style=\"font-family: Arial, serif\"><span style=\"font-size: medium\">Os ingressantes anteriores \u00e0 2023 <\/span><\/span><span style=\"font-family: Arial, serif\"><span style=\"font-size: medium\"><b>continuar\u00e3o<\/b><\/span><\/span><span style=\"font-family: Arial, serif\"><span style=\"font-size: medium\"> o curso na estrutura curricular de 2010, com exce\u00e7\u00f5es descritas no novo Plano Pedag\u00f3gico do Curso (PPC).<\/span><\/span><\/p>\n<p>\u00a0<\/p>\n<p><span style=\"color: #0070c0\"><span style=\"font-family: Arial, serif\"><span style=\"font-size: x-large\"><b>Novidades na nova estrutura curricular<\/b><\/span><\/span><\/span><\/p>\n<p><span style=\"color: #1c1c1c\"><span style=\"font-family: Arial, serif\"><span style=\"font-size: medium\">A nova grade curricular foi alterada visando:<\/span><\/span><\/span><\/p>\n<ol>\n<li>\n<p><span style=\"color: #1c1c1c\"><span style=\"font-family: Arial, serif\"><span style=\"font-size: medium\">Adequar o tempo m\u00e9dio de forma\u00e7\u00e3o observado nos \u00faltimos anos.<\/span><\/span><\/span><\/p>\n<\/li>\n<li>\n<p><span style=\"color: #1c1c1c\"><span style=\"font-family: Arial, serif\"><span style=\"font-size: medium\">Distribuir melhor as disciplinas e a carga hor\u00e1ria nos semestres.<\/span><\/span><\/span><\/p>\n<\/li>\n<li>\n<p><span style=\"color: #1c1c1c\"><span style=\"font-family: Arial, serif\"><span style=\"font-size: medium\">Inserir os 10% de extens\u00e3o exigidos em lei.<\/span><\/span><\/span><\/p>\n<\/li>\n<li>\n<p><span style=\"color: #1c1c1c\"><span style=\"font-family: Arial, serif\"><span style=\"font-size: medium\">Inserir novas disciplinas com conte\u00fado tecnol\u00f3gico.<\/span><\/span><\/span><\/p>\n<\/li>\n<\/ol>\n<h2 class=\"western\" lang=\"en-US\"><b><span style=\"color: #0070c0\"><span style=\"font-family: Arial, serif\"><span lang=\"pt-BR\">Nova grade curricular<\/span><\/span><\/span><\/b><\/h2>\n<h2 class=\"western\" lang=\"en-US\"><b><span style=\"color: #ff0000\"><span style=\"font-family: Arial, serif\"><span style=\"font-size: medium\"><span lang=\"pt-BR\">Grade_Curricular_2023<\/span><\/span><\/span><\/span><\/b><b><span style=\"font-family: Arial, serif\"><span style=\"font-size: medium\"><span lang=\"pt-BR\"> \u2013 clique aqui para visualizar.<\/span><\/span><\/span><\/b><\/h2>\n<h2 class=\"western\"><br \/><br \/><\/h2>\n<h2 class=\"western\" lang=\"en-US\"><b><span style=\"color: #0070c0\"><span style=\"font-family: Arial, serif\"><span lang=\"pt-BR\">Como se dar\u00e1 a implementa\u00e7\u00e3o<\/span><\/span><\/span><\/b><\/h2>\n<p lang=\"en-US\" align=\"justify\"><span style=\"font-family: Times New Roman, serif\"><span style=\"font-size: medium\"><span style=\"color: #1c1c1c\"><span style=\"font-family: Arial, serif\"><span lang=\"pt-BR\">O novo curr\u00edculo ser\u00e1 implementado a partir do 1\u02da semestre letivo de 2023 (2023.1) e se dar\u00e1 da seguinte forma:<\/span><\/span><\/span><\/span><\/span><\/p>\n<ol>\n<li>\n<p><span style=\"font-size: large\">Adapta\u00e7\u00f5es curriculares ser\u00e3o realizadas com base na Tabela de equival\u00eancia constante<\/span> <span style=\"font-size: large\">no PPC 2023.<\/span><\/p>\n<\/li>\n<li>\n<p align=\"justify\"><span style=\"font-size: large\">As disciplinas do curr\u00edculo de 2010, onde h\u00e1 equival\u00eancia, ser\u00e3o progressivamente substitu\u00eddas pelas disciplinas do curr\u00edculo novo a partir de 2023.1.<\/span><\/p>\n<\/li>\n<li>\n<p align=\"justify\"><span style=\"font-size: large\">O aluno que permanece<\/span><span style=\"font-size: large\">r<\/span><span style=\"font-size: large\"> no curr\u00edculo 2010 dever\u00e1 cursar a(s) disciplina(s) do curr\u00edculo novo<\/span> <span style=\"font-size: large\">que, de forma independente ou no conjunto, s\u00e3o equivalentes a determinada disciplina do<\/span> <span style=\"font-size: large\">curr\u00edculo antigo, e, ap\u00f3s aprova\u00e7\u00e3o, solicitar aproveitamento \u00e0 coordena\u00e7\u00e3o do curso.<\/span><\/p>\n<\/li>\n<li>\n<p align=\"justify\"><span style=\"font-size: large\">As<\/span><span style=\"font-size: large\"> disciplinas obrigat\u00f3rias do curr\u00edculo de 2010 que n\u00e3o integram e nem possuem<\/span> <span style=\"font-size: large\">equival\u00eancia no novo curr\u00edculo, poder\u00e3o ser aproveitadas<\/span><span style=\"font-size: large\"> pelos discentes que optaram ingressar no novo PPC de forma volunt\u00e1ria<\/span><span style=\"font-size: large\">, desde que j\u00e1 cursadas e obtida a<\/span> <span style=\"font-size: large\">aprova\u00e7\u00e3o, como Disciplinas Complementares de Gradua\u00e7\u00e3o (DCG) no novo curr\u00edculo.<\/span><\/p>\n<\/li>\n<li>\n<p align=\"justify\"><span style=\"font-size: large\">Os casos omissos ser\u00e3o resolvidos pelo Colegiado de Curso, que dar\u00e1 o devido<\/span> <span style=\"font-size: large\">encaminhamento aos \u00f3rg\u00e3os competentes, quando necess\u00e1rio<\/span><span style=\"color: #1c1c1c\"><span style=\"font-family: Arial, serif\">.<\/span><\/span><\/p>\n<\/li>\n<\/ol>\n<p><span style=\"color: #0070c0\"><span style=\"font-family: Arial, serif\"><span style=\"font-size: medium\"><b>Fluxo de implementa\u00e7\u00e3o do curr\u00edculo 2023<\/b><\/span><\/span><\/span><\/p>\n<table width=\"557\" cellspacing=\"0\" cellpadding=\"7\">\n<tbody>\n<tr valign=\"top\">\n<td width=\"47\">\n<p align=\"center\"><span style=\"color: #1c1c1c\"><span style=\"font-family: Arial, serif\"><span style=\"font-size: xx-small\">Semestre<\/span><\/span><\/span><\/p>\n<\/td>\n<td width=\"42\">\n<p align=\"center\"><span style=\"color: #1c1c1c\"><span style=\"font-family: Arial, serif\"><span style=\"font-size: xx-small\">2023.1<\/span><\/span><\/span><\/p>\n<\/td>\n<td width=\"42\">\n<p align=\"center\"><span style=\"color: #1c1c1c\"><span style=\"font-family: Arial, serif\"><span style=\"font-size: xx-small\">2023.2<\/span><\/span><\/span><\/p>\n<\/td>\n<td width=\"42\">\n<p align=\"center\"><span style=\"color: #1c1c1c\"><span style=\"font-family: Arial, serif\"><span style=\"font-size: xx-small\">2024.1<\/span><\/span><\/span><\/p>\n<\/td>\n<td width=\"42\">\n<p align=\"center\"><span style=\"color: #1c1c1c\"><span style=\"font-family: Arial, serif\"><span style=\"font-size: xx-small\">2024.2<\/span><\/span><\/span><\/p>\n<\/td>\n<td width=\"42\">\n<p align=\"center\"><span style=\"color: #1c1c1c\"><span style=\"font-family: Arial, serif\"><span style=\"font-size: xx-small\">2025.1<\/span><\/span><\/span><\/p>\n<\/td>\n<td width=\"42\">\n<p align=\"center\"><span style=\"color: #1c1c1c\"><span style=\"font-family: Arial, serif\"><span style=\"font-size: xx-small\">2025.2<\/span><\/span><\/span><\/p>\n<\/td>\n<td width=\"42\">\n<p align=\"center\"><span style=\"color: #1c1c1c\"><span style=\"font-family: Arial, serif\"><span style=\"font-size: xx-small\">2026.1<\/span><\/span><\/span><\/p>\n<\/td>\n<td width=\"45\">\n<p align=\"center\"><span style=\"color: #1c1c1c\"><span style=\"font-family: Arial, serif\"><span style=\"font-size: xx-small\">2026.2<\/span><\/span><\/span><\/p>\n<\/td>\n<td width=\"32\">\n<p align=\"center\"><span style=\"color: #1c1c1c\"><span style=\"font-family: Arial, serif\"><span style=\"font-size: xx-small\">2027.1<\/span><\/span><\/span><\/p>\n<\/td>\n<\/tr>\n<tr valign=\"top\">\n<td width=\"47\">\n<p align=\"center\"><span style=\"color: #1c1c1c\"><span style=\"font-family: Arial, serif\"><span style=\"font-size: xx-small\">1<\/span><\/span><\/span><\/p>\n<\/td>\n<td style=\"background: #ffff00\" bgcolor=\"#ffff00\" width=\"42\">\n<p align=\"center\"><span style=\"color: #1c1c1c\"><span style=\"font-family: Arial, serif\"><span style=\"font-size: xx-small\">2023<\/span><\/span><\/span><\/p>\n<\/td>\n<td width=\"42\">\u00a0<\/td>\n<td style=\"background: #ffff00\" bgcolor=\"#ffff00\" width=\"42\">\n<p align=\"center\"><span style=\"color: #1c1c1c\"><span style=\"font-family: Arial, serif\"><span style=\"font-size: xx-small\">2023<\/span><\/span><\/span><\/p>\n<\/td>\n<td width=\"42\">\u00a0<\/td>\n<td style=\"background: #ffff00\" bgcolor=\"#ffff00\" width=\"42\">\n<p align=\"center\"><span style=\"color: #1c1c1c\"><span style=\"font-family: Arial, serif\"><span style=\"font-size: xx-small\">2023<\/span><\/span><\/span><\/p>\n<\/td>\n<td width=\"42\">\u00a0<\/td>\n<td style=\"background: #ffff00\" bgcolor=\"#ffff00\" width=\"42\">\n<p align=\"center\"><span style=\"color: #1c1c1c\"><span style=\"font-family: Arial, serif\"><span style=\"font-size: xx-small\">2023<\/span><\/span><\/span><\/p>\n<\/td>\n<td width=\"45\">\u00a0<\/td>\n<td style=\"background: #ffff00\" bgcolor=\"#ffff00\" width=\"32\">\n<p align=\"center\"><span style=\"color: #1c1c1c\"><span style=\"font-family: Arial, serif\"><span style=\"font-size: xx-small\">2023<\/span><\/span><\/span><\/p>\n<\/td>\n<\/tr>\n<tr valign=\"top\">\n<td width=\"47\">\n<p align=\"center\"><span style=\"color: #1c1c1c\"><span style=\"font-family: Arial, serif\"><span style=\"font-size: xx-small\">2<\/span><\/span><\/span><\/p>\n<\/td>\n<td width=\"42\">\u00a0<\/td>\n<td style=\"background: #ffff00\" bgcolor=\"#ffff00\" width=\"42\">\n<p align=\"center\"><span style=\"color: #1c1c1c\"><span style=\"font-family: Arial, serif\"><span style=\"font-size: xx-small\">2023<\/span><\/span><\/span><\/p>\n<\/td>\n<td width=\"42\">\u00a0<\/td>\n<td style=\"background: #ffff00\" bgcolor=\"#ffff00\" width=\"42\">\n<p align=\"center\"><span style=\"color: #1c1c1c\"><span style=\"font-family: Arial, serif\"><span style=\"font-size: xx-small\">2023<\/span><\/span><\/span><\/p>\n<\/td>\n<td width=\"42\">\u00a0<\/td>\n<td style=\"background: #ffff00\" bgcolor=\"#ffff00\" width=\"42\">\n<p align=\"center\"><span style=\"color: #1c1c1c\"><span style=\"font-family: Arial, serif\"><span style=\"font-size: xx-small\">2023<\/span><\/span><\/span><\/p>\n<\/td>\n<td width=\"42\">\u00a0<\/td>\n<td style=\"background: #ffff00\" bgcolor=\"#ffff00\" width=\"45\">\n<p align=\"center\"><span style=\"color: #1c1c1c\"><span style=\"font-family: Arial, serif\"><span style=\"font-size: xx-small\">2023<\/span><\/span><\/span><\/p>\n<\/td>\n<td width=\"32\">\u00a0<\/td>\n<\/tr>\n<tr valign=\"top\">\n<td width=\"47\">\n<p align=\"center\"><span style=\"color: #1c1c1c\"><span style=\"font-family: Arial, serif\"><span style=\"font-size: xx-small\">3<\/span><\/span><\/span><\/p>\n<\/td>\n<td style=\"background: #66ccff\" bgcolor=\"#66ccff\" width=\"42\">\n<p align=\"center\"><span style=\"color: #1c1c1c\"><span style=\"font-family: Arial, serif\"><span style=\"font-size: xx-small\">2010<\/span><\/span><\/span><\/p>\n<\/td>\n<td width=\"42\">\u00a0<\/td>\n<td style=\"background: #ffff00\" bgcolor=\"#ffff00\" width=\"42\">\n<p align=\"center\"><span style=\"color: #1c1c1c\"><span style=\"font-family: Arial, serif\"><span style=\"font-size: xx-small\">2023<\/span><\/span><\/span><\/p>\n<\/td>\n<td width=\"42\">\u00a0<\/td>\n<td style=\"background: #ffff00\" bgcolor=\"#ffff00\" width=\"42\">\n<p align=\"center\"><span style=\"color: #1c1c1c\"><span style=\"font-family: Arial, serif\"><span style=\"font-size: xx-small\">2023<\/span><\/span><\/span><\/p>\n<\/td>\n<td width=\"42\">\u00a0<\/td>\n<td style=\"background: #ffff00\" bgcolor=\"#ffff00\" width=\"42\">\n<p align=\"center\"><span style=\"color: #1c1c1c\"><span style=\"font-family: Arial, serif\"><span style=\"font-size: xx-small\">2023<\/span><\/span><\/span><\/p>\n<\/td>\n<td width=\"45\">\u00a0<\/td>\n<td style=\"background: #ffff00\" bgcolor=\"#ffff00\" width=\"32\">\n<p align=\"center\"><span style=\"color: #1c1c1c\"><span style=\"font-family: Arial, serif\"><span style=\"font-size: xx-small\">2023<\/span><\/span><\/span><\/p>\n<\/td>\n<\/tr>\n<tr valign=\"top\">\n<td width=\"47\">\n<p align=\"center\"><span style=\"color: #1c1c1c\"><span style=\"font-family: Arial, serif\"><span style=\"font-size: xx-small\">4<\/span><\/span><\/span><\/p>\n<\/td>\n<td style=\"background: transparent\" width=\"42\">\u00a0<\/td>\n<td style=\"background: #66ccff\" bgcolor=\"#66ccff\" width=\"42\">\n<p align=\"center\"><span style=\"color: #1c1c1c\"><span style=\"font-family: Arial, serif\"><span style=\"font-size: xx-small\">2010<\/span><\/span><\/span><\/p>\n<\/td>\n<td width=\"42\">\u00a0<\/td>\n<td style=\"background: #ffff00\" bgcolor=\"#ffff00\" width=\"42\">\n<p align=\"center\"><span style=\"color: #1c1c1c\"><span style=\"font-family: Arial, serif\"><span style=\"font-size: xx-small\">2023<\/span><\/span><\/span><\/p>\n<\/td>\n<td width=\"42\">\u00a0<\/td>\n<td style=\"background: #ffff00\" bgcolor=\"#ffff00\" width=\"42\">\n<p align=\"center\"><span style=\"color: #1c1c1c\"><span style=\"font-family: Arial, serif\"><span style=\"font-size: xx-small\">2023<\/span><\/span><\/span><\/p>\n<\/td>\n<td width=\"42\">\u00a0<\/td>\n<td style=\"background: #ffff00\" bgcolor=\"#ffff00\" width=\"45\">\n<p align=\"center\"><span style=\"color: #1c1c1c\"><span style=\"font-family: Arial, serif\"><span style=\"font-size: xx-small\">2023<\/span><\/span><\/span><\/p>\n<\/td>\n<td width=\"32\">\u00a0<\/td>\n<\/tr>\n<tr valign=\"top\">\n<td width=\"47\">\n<p align=\"center\"><span style=\"color: #1c1c1c\"><span style=\"font-family: Arial, serif\"><span style=\"font-size: xx-small\">5<\/span><\/span><\/span><\/p>\n<\/td>\n<td style=\"background: #66ccff\" bgcolor=\"#66ccff\" width=\"42\">\n<p align=\"center\"><span style=\"color: #1c1c1c\"><span style=\"font-family: Arial, serif\"><span style=\"font-size: xx-small\">2010<\/span><\/span><\/span><\/p>\n<\/td>\n<td width=\"42\">\u00a0<\/td>\n<td style=\"background: #66ccff\" bgcolor=\"#66ccff\" width=\"42\">\n<p align=\"center\"><span style=\"color: #1c1c1c\"><span style=\"font-family: Arial, serif\"><span style=\"font-size: xx-small\">2010<\/span><\/span><\/span><\/p>\n<\/td>\n<td width=\"42\">\u00a0<\/td>\n<td style=\"background: #ffff00\" bgcolor=\"#ffff00\" width=\"42\">\n<p align=\"center\"><span style=\"color: #1c1c1c\"><span style=\"font-family: Arial, serif\"><span style=\"font-size: xx-small\">2023<\/span><\/span><\/span><\/p>\n<\/td>\n<td width=\"42\">\u00a0<\/td>\n<td style=\"background: #ffff00\" bgcolor=\"#ffff00\" width=\"42\">\n<p align=\"center\"><span style=\"color: #1c1c1c\"><span style=\"font-family: Arial, serif\"><span style=\"font-size: xx-small\">2023<\/span><\/span><\/span><\/p>\n<\/td>\n<td width=\"45\">\u00a0<\/td>\n<td style=\"background: #ffff00\" bgcolor=\"#ffff00\" width=\"32\">\n<p align=\"center\"><span style=\"color: #1c1c1c\"><span style=\"font-family: Arial, serif\"><span style=\"font-size: xx-small\">2023<\/span><\/span><\/span><\/p>\n<\/td>\n<\/tr>\n<tr valign=\"top\">\n<td width=\"47\">\n<p align=\"center\"><span style=\"color: #1c1c1c\"><span style=\"font-family: Arial, serif\"><span style=\"font-size: xx-small\">6<\/span><\/span><\/span><\/p>\n<\/td>\n<td style=\"background: transparent\" width=\"42\">\u00a0<\/td>\n<td style=\"background: #66ccff\" bgcolor=\"#66ccff\" width=\"42\">\n<p align=\"center\"><span style=\"color: #1c1c1c\"><span style=\"font-family: Arial, serif\"><span style=\"font-size: xx-small\">2010<\/span><\/span><\/span><\/p>\n<\/td>\n<td width=\"42\">\u00a0<\/td>\n<td style=\"background: #66ccff\" bgcolor=\"#66ccff\" width=\"42\">\n<p align=\"center\"><span style=\"color: #1c1c1c\"><span style=\"font-family: Arial, serif\"><span style=\"font-size: xx-small\">2010<\/span><\/span><\/span><\/p>\n<\/td>\n<td width=\"42\">\u00a0<\/td>\n<td style=\"background: #ffff00\" bgcolor=\"#ffff00\" width=\"42\">\n<p align=\"center\"><span style=\"color: #1c1c1c\"><span style=\"font-family: Arial, serif\"><span style=\"font-size: xx-small\">2023<\/span><\/span><\/span><\/p>\n<\/td>\n<td width=\"42\">\u00a0<\/td>\n<td style=\"background: #ffff00\" bgcolor=\"#ffff00\" width=\"45\">\n<p align=\"center\"><span style=\"color: #1c1c1c\"><span style=\"font-family: Arial, serif\"><span style=\"font-size: xx-small\">2023<\/span><\/span><\/span><\/p>\n<\/td>\n<td width=\"32\">\u00a0<\/td>\n<\/tr>\n<tr valign=\"top\">\n<td width=\"47\">\n<p align=\"center\"><span style=\"color: #1c1c1c\"><span style=\"font-family: Arial, serif\"><span style=\"font-size: xx-small\">7<\/span><\/span><\/span><\/p>\n<\/td>\n<td style=\"background: #66ccff\" bgcolor=\"#66ccff\" width=\"42\">\n<p align=\"center\"><span style=\"color: #1c1c1c\"><span style=\"font-family: Arial, serif\"><span style=\"font-size: xx-small\">2010<\/span><\/span><\/span><\/p>\n<\/td>\n<td width=\"42\">\u00a0<\/td>\n<td style=\"background: #66ccff\" bgcolor=\"#66ccff\" width=\"42\">\n<p align=\"center\"><span style=\"color: #1c1c1c\"><span style=\"font-family: Arial, serif\"><span style=\"font-size: xx-small\">2010<\/span><\/span><\/span><\/p>\n<\/td>\n<td width=\"42\">\u00a0<\/td>\n<td style=\"background: #66ccff\" bgcolor=\"#66ccff\" width=\"42\">\n<p align=\"center\"><span style=\"color: #1c1c1c\"><span style=\"font-family: Arial, serif\"><span style=\"font-size: xx-small\">2010<\/span><\/span><\/span><\/p>\n<\/td>\n<td width=\"42\">\u00a0<\/td>\n<td style=\"background: #ffff00\" bgcolor=\"#ffff00\" width=\"42\">\n<p align=\"center\"><span style=\"color: #1c1c1c\"><span style=\"font-family: Arial, serif\"><span style=\"font-size: xx-small\">2023<\/span><\/span><\/span><\/p>\n<\/td>\n<td width=\"45\">\u00a0<\/td>\n<td style=\"background: #ffff00\" bgcolor=\"#ffff00\" width=\"32\">\n<p align=\"center\"><span style=\"color: #1c1c1c\"><span style=\"font-family: Arial, serif\"><span style=\"font-size: xx-small\">2023<\/span><\/span><\/span><\/p>\n<\/td>\n<\/tr>\n<tr valign=\"top\">\n<td width=\"47\">\n<p align=\"center\"><span style=\"color: #1c1c1c\"><span style=\"font-family: Arial, serif\"><span style=\"font-size: xx-small\">8<\/span><\/span><\/span><\/p>\n<\/td>\n<td width=\"42\">\u00a0<\/td>\n<td style=\"background: #66ccff\" bgcolor=\"#66ccff\" width=\"42\">\n<p align=\"center\"><span style=\"color: #1c1c1c\"><span style=\"font-family: Arial, serif\"><span style=\"font-size: xx-small\">2010<\/span><\/span><\/span><\/p>\n<\/td>\n<td width=\"42\">\u00a0<\/td>\n<td style=\"background: #66ccff\" bgcolor=\"#66ccff\" width=\"42\">\n<p align=\"center\"><span style=\"color: #1c1c1c\"><span style=\"font-family: Arial, serif\"><span style=\"font-size: xx-small\">2010<\/span><\/span><\/span><\/p>\n<\/td>\n<td width=\"42\">\u00a0<\/td>\n<td style=\"background: #66ccff\" bgcolor=\"#66ccff\" width=\"42\">\n<p align=\"center\"><span style=\"color: #1c1c1c\"><span style=\"font-family: Arial, serif\"><span style=\"font-size: xx-small\">2010<\/span><\/span><\/span><\/p>\n<\/td>\n<td width=\"42\">\u00a0<\/td>\n<td style=\"background: #ffff00\" bgcolor=\"#ffff00\" width=\"45\">\n<p align=\"center\"><span style=\"color: #1c1c1c\"><span style=\"font-family: Arial, serif\"><span style=\"font-size: xx-small\">2023<\/span><\/span><\/span><\/p>\n<\/td>\n<td width=\"32\">\u00a0<\/td>\n<\/tr>\n<tr valign=\"top\">\n<td width=\"47\">\n<p align=\"center\"><span style=\"color: #1c1c1c\"><span style=\"font-family: Arial, serif\"><span style=\"font-size: xx-small\">9<\/span><\/span><\/span><\/p>\n<\/td>\n<td width=\"42\">\u00a0<\/td>\n<td width=\"42\">\u00a0<\/td>\n<td width=\"42\">\u00a0<\/td>\n<td width=\"42\">\u00a0<\/td>\n<td width=\"42\">\u00a0<\/td>\n<td width=\"42\">\u00a0<\/td>\n<td width=\"42\">\u00a0<\/td>\n<td style=\"background: transparent\" width=\"45\">\u00a0<\/td>\n<td style=\"background: #ffff00\" bgcolor=\"#ffff00\" width=\"32\">\n<p align=\"center\"><span style=\"color: #1c1c1c\"><span style=\"font-family: Arial, serif\"><span style=\"font-size: xx-small\">2023<\/span><\/span><\/span><\/p>\n<\/td>\n<\/tr>\n<\/tbody>\n<\/table>\n<p><br \/><br \/><\/p>\n<p><span style=\"color: #0070c0\"><span style=\"font-family: Arial, serif\"><span style=\"font-size: x-large\"><span lang=\"en-US\"><b>Equival\u00eancias<\/b><\/span><\/span><\/span><\/span><\/p>\n<p><a href=\"https:\/\/www.ufsm.br\/app\/uploads\/sites\/454\/2023\/04\/Tabela-4.5_Equivalencia-1-QB.pdf\"><span style=\"color: #ff0000\"><span style=\"font-family: Arial, serif\"><span style=\"font-size: medium\">Tabela de Equival\u00eancia<\/span><\/span><\/span><span style=\"font-family: Arial, serif\"><span style=\"font-size: medium\"> \u2013 clique aqui para visualizar.\u00a0<\/span><\/span><\/a><\/p>\n<p><span style=\"color: #0070c0\"><span style=\"font-family: Arial, serif\"><span style=\"font-size: x-large\"><span lang=\"en-US\"><b>Pontos relevantes a considerar<\/b><\/span><\/span><\/span><\/span><\/p>\n<ol>\n<li>\n<p align=\"justify\"><span style=\"font-family: Arial, serif\"><span style=\"font-size: medium\">O aluno do curr\u00edculo 2010 deve ter aten\u00e7\u00e3o para as disciplinas da\u00a0Tabela 4.5 do PPC, pois elas ser\u00e3o ofertadas de acordo com o\u00a0fluxo previsto\u00a0na adapta\u00e7\u00e3o. Se n\u00e3o fizer a disciplina quando ofertada e n\u00e3o concluir o curso at\u00e9 2025.2, ser\u00e1 migrado para o novo curr\u00edculo onde ter\u00e1 que cursar as disciplinas adicionais da\u00a0Tabela 4.5 do PPC.<\/span><\/span><\/p>\n<\/li>\n<li>\n<p align=\"justify\"><span style=\"font-family: Arial, serif\"><span style=\"font-size: medium\">Ao migrar para o curr\u00edculo 2023, todos dever\u00e3o cursar as disciplinas novas da\u00a0Tabela 4.5 do PPC\u00a0e integralizar as a\u00e7\u00f5es de extens\u00e3o distribu\u00eddas nas disciplinas e nas A\u00e7\u00f5es Complementares de Extens\u00e3o (ACEx).<\/span><\/span><\/p>\n<\/li>\n<\/ol>\n","protected":false},"excerpt":{"rendered":"<p>Implanta\u00e7\u00e3o do Novo Curr\u00edculo &#8211; 2023 A partir de 2023 o curso de Qu\u00edmica Bacharelado ter\u00e1 nova grade curricular. Os ingressantes anteriores \u00e0 2023 continuar\u00e3o o curso na estrutura curricular de 2010, com exce\u00e7\u00f5es descritas no novo Plano Pedag\u00f3gico do Curso (PPC). \u00a0 Novidades na nova estrutura curricular A nova grade curricular foi alterada visando: [&hellip;]<\/p>\n","protected":false},"author":3820,"featured_media":0,"parent":0,"menu_order":0,"comment_status":"closed","ping_status":"closed","template":"","meta":{"footnotes":""},"categories":[],"tags":[],"class_list":["post-843","page","type-page","status-publish","hentry"],"acf":[],"_links":{"self":[{"href":"https:\/\/www.ufsm.br\/cursos\/graduacao\/santa-maria\/quimica\/wp-json\/wp\/v2\/pages\/843","targetHints":{"allow":["GET"]}}],"collection":[{"href":"https:\/\/www.ufsm.br\/cursos\/graduacao\/santa-maria\/quimica\/wp-json\/wp\/v2\/pages"}],"about":[{"href":"https:\/\/www.ufsm.br\/cursos\/graduacao\/santa-maria\/quimica\/wp-json\/wp\/v2\/types\/page"}],"author":[{"embeddable":true,"href":"https:\/\/www.ufsm.br\/cursos\/graduacao\/santa-maria\/quimica\/wp-json\/wp\/v2\/users\/3820"}],"replies":[{"embeddable":true,"href":"https:\/\/www.ufsm.br\/cursos\/graduacao\/santa-maria\/quimica\/wp-json\/wp\/v2\/comments?post=843"}],"version-history":[{"count":0,"href":"https:\/\/www.ufsm.br\/cursos\/graduacao\/santa-maria\/quimica\/wp-json\/wp\/v2\/pages\/843\/revisions"}],"wp:attachment":[{"href":"https:\/\/www.ufsm.br\/cursos\/graduacao\/santa-maria\/quimica\/wp-json\/wp\/v2\/media?parent=843"}],"wp:term":[{"taxonomy":"category","embeddable":true,"href":"https:\/\/www.ufsm.br\/cursos\/graduacao\/santa-maria\/quimica\/wp-json\/wp\/v2\/categories?post=843"},{"taxonomy":"post_tag","embeddable":true,"href":"https:\/\/www.ufsm.br\/cursos\/graduacao\/santa-maria\/quimica\/wp-json\/wp\/v2\/tags?post=843"}],"curies":[{"name":"wp","href":"https:\/\/api.w.org\/{rel}","templated":true}]}}