{"id":1541,"date":"2022-10-20T15:41:22","date_gmt":"2022-10-20T18:41:22","guid":{"rendered":"https:\/\/www.ufsm.br\/cursos\/graduacao\/santa-maria\/relacoes-internacionais\/?page_id=1541"},"modified":"2022-10-20T15:41:23","modified_gmt":"2022-10-20T18:41:23","slug":"tutorial-para-dispensa-de-estagio-em-funcao-de-realizacao-de-prova","status":"publish","type":"page","link":"https:\/\/www.ufsm.br\/cursos\/graduacao\/santa-maria\/relacoes-internacionais\/tutorial-para-dispensa-de-estagio-em-funcao-de-realizacao-de-prova","title":{"rendered":"Tutorial para dispensa de est\u00e1gio em fun\u00e7\u00e3o de realiza\u00e7\u00e3o de prova"},"content":{"rendered":"\n<p>Formul\u00e1rio a ser utilizado:&nbsp;<\/p>\n\n\n\n<ul class=\"wp-block-list\"><li><a href=\"https:\/\/www.ufsm.br\/app\/uploads\/sites\/421\/2022\/07\/DECLARACAO-DE-REALIZACAO-DE-PROVA-para-dispensa-em-estagio.pdf\" target=\"_blank\" rel=\"noreferrer noopener\">DECLARA\u00c7\u00c3O&nbsp;DE&nbsp;REALIZA\u00c7\u00c3O&nbsp;DE&nbsp;PROVA- para dispensa em&nbsp;est\u00e1gio&nbsp;(arquivo pdf, 18 KB)<\/a><\/li><\/ul>\n\n\n\n<p>Esse documento pode ser:<\/p>\n\n\n\n<p>\u2013 Impresso pelo aluno e assinado presencialmente pelo professor da disciplina; ou<\/p>\n\n\n\n<p>\u2013 Encaminhado por email e o professor assinar pelo SOUGOV<\/p>\n","protected":false},"excerpt":{"rendered":"<p>Formul\u00e1rio a ser utilizado:&nbsp; DECLARA\u00c7\u00c3O&nbsp;DE&nbsp;REALIZA\u00c7\u00c3O&nbsp;DE&nbsp;PROVA- para dispensa em&nbsp;est\u00e1gio&nbsp;(arquivo pdf, 18 KB) Esse documento pode ser: \u2013 Impresso pelo aluno e assinado presencialmente pelo professor da disciplina; ou \u2013 Encaminhado por email e o professor assinar pelo SOUGOV<\/p>\n","protected":false},"author":555,"featured_media":0,"parent":0,"menu_order":0,"comment_status":"closed","ping_status":"closed","template":"","meta":{"footnotes":""},"categories":[],"tags":[],"class_list":["post-1541","page","type-page","status-publish","hentry"],"acf":[],"_links":{"self":[{"href":"https:\/\/www.ufsm.br\/cursos\/graduacao\/santa-maria\/relacoes-internacionais\/wp-json\/wp\/v2\/pages\/1541","targetHints":{"allow":["GET"]}}],"collection":[{"href":"https:\/\/www.ufsm.br\/cursos\/graduacao\/santa-maria\/relacoes-internacionais\/wp-json\/wp\/v2\/pages"}],"about":[{"href":"https:\/\/www.ufsm.br\/cursos\/graduacao\/santa-maria\/relacoes-internacionais\/wp-json\/wp\/v2\/types\/page"}],"author":[{"embeddable":true,"href":"https:\/\/www.ufsm.br\/cursos\/graduacao\/santa-maria\/relacoes-internacionais\/wp-json\/wp\/v2\/users\/555"}],"replies":[{"embeddable":true,"href":"https:\/\/www.ufsm.br\/cursos\/graduacao\/santa-maria\/relacoes-internacionais\/wp-json\/wp\/v2\/comments?post=1541"}],"version-history":[{"count":0,"href":"https:\/\/www.ufsm.br\/cursos\/graduacao\/santa-maria\/relacoes-internacionais\/wp-json\/wp\/v2\/pages\/1541\/revisions"}],"wp:attachment":[{"href":"https:\/\/www.ufsm.br\/cursos\/graduacao\/santa-maria\/relacoes-internacionais\/wp-json\/wp\/v2\/media?parent=1541"}],"wp:term":[{"taxonomy":"category","embeddable":true,"href":"https:\/\/www.ufsm.br\/cursos\/graduacao\/santa-maria\/relacoes-internacionais\/wp-json\/wp\/v2\/categories?post=1541"},{"taxonomy":"post_tag","embeddable":true,"href":"https:\/\/www.ufsm.br\/cursos\/graduacao\/santa-maria\/relacoes-internacionais\/wp-json\/wp\/v2\/tags?post=1541"}],"curies":[{"name":"wp","href":"https:\/\/api.w.org\/{rel}","templated":true}]}}