{"id":186,"date":"2018-12-11T17:09:48","date_gmt":"2018-12-11T19:09:48","guid":{"rendered":"https:\/\/www.ufsm.br\/cursos\/graduacao\/santa-maria\/relacoes-internacionais\/?page_id=186"},"modified":"2025-07-18T11:47:41","modified_gmt":"2025-07-18T14:47:41","slug":"colegiado","status":"publish","type":"page","link":"https:\/\/www.ufsm.br\/cursos\/graduacao\/santa-maria\/relacoes-internacionais\/colegiado","title":{"rendered":"Colegiado do Curso"},"content":{"rendered":"<p><strong>Colegiado do Curso de Rela\u00e7\u00f5es Internacionais <\/strong>(PORTARIA DE PESSOAL CCSH\/UFSM N. 200, DE 09 DE JUNHO DE 2025)<\/p>\n<p><br \/><strong>Representa\u00e7\u00e3o docente <\/strong>\u00a0<\/p>\n<p>Prof. Ademar Pozzatti J\u00fanior, SIAPE 2276999 \u2013 Presidente;<br \/>Prof. Jos\u00e9 Renato Ferraz da Silveira, SIAPE 1740508 \u2013 coord. substituto;<br \/>Prof. G\u00fcnther Richter Mros, SIAPE 1964109;<br \/>Prof\u00aa. Adriana Kirchof de Brum, SIAPE 1836743;<br \/>Prof\u00aa Ednalva Felix das Neves, SIAPE 3211619;<br \/>Prof. J\u00falio C\u00e9sar Cossio Rodriguez, SIAPE 1024417;<br \/>Prof. Lazaro Camilo Recompensa Joseph, SIAPE 1645932;<br \/>Prof. Thomaz Francisco Silveira de Araujo Santos, SIAPE 1620181;<\/p>\n<p><strong>Mandato da forma\u00e7\u00e3o docente do Colegiado &#8211; v\u00e1lida at\u00e9 09 de Junho de 2027.<\/strong><\/p>\n<p><strong>Representa\u00e7\u00e3o discente <\/strong>\u00a0<\/p>\n<p>Acad. Gabriela Martins de Oliveira, matr\u00edcula 202311185;<br \/>Acad. Juliana Zanchi Barbosa, matr\u00edcula 202411801 \u2013 suplente;<br \/>Acad. Bianca Luiza Ballus, matr\u00edcula 202310211;<br \/>Acad. Kauany Unfer, matr\u00edcula 202311086 \u2013 suplente.<\/p>\n<p><strong>Mandato da\u00a0 forma\u00e7\u00e3o discente do Colegiado\u00a0 &#8211; v\u00e1lida at\u00e9 09 de Junho de 2026.<\/strong><\/p>\n<p>\u00a0<\/p>\n\n\n<div class=\"wp-block-file\"><a id=\"wp-block-file--media-91c80571-8098-411b-b2e5-4ba49dfe65aa\" href=\"https:\/\/www.ufsm.br\/app\/uploads\/sites\/474\/2025\/07\/COLEGIADO-RI-PORT_CCSH_2025_200-1.pdf\">COLEGIADO RI PORT_CCSH_2025_200 (1)<\/a><a href=\"https:\/\/www.ufsm.br\/app\/uploads\/sites\/474\/2025\/07\/COLEGIADO-RI-PORT_CCSH_2025_200-1.pdf\" class=\"wp-block-file__button wp-element-button\" download aria-describedby=\"wp-block-file--media-91c80571-8098-411b-b2e5-4ba49dfe65aa\">Baixar<\/a><\/div>\n","protected":false},"excerpt":{"rendered":"<p>Colegiado do Curso de Rela\u00e7\u00f5es Internacionais (PORTARIA DE PESSOAL CCSH\/UFSM N. 200, DE 09 DE JUNHO DE 2025) Representa\u00e7\u00e3o docente \u00a0 Prof. Ademar Pozzatti J\u00fanior, SIAPE 2276999 \u2013 Presidente;Prof. Jos\u00e9 Renato Ferraz da Silveira, SIAPE 1740508 \u2013 coord. substituto;Prof. G\u00fcnther Richter Mros, SIAPE 1964109;Prof\u00aa. Adriana Kirchof de Brum, SIAPE 1836743;Prof\u00aa Ednalva Felix das Neves, SIAPE [&hellip;]<\/p>\n","protected":false},"author":194,"featured_media":0,"parent":0,"menu_order":0,"comment_status":"closed","ping_status":"closed","template":"","meta":{"footnotes":""},"categories":[],"tags":[],"class_list":["post-186","page","type-page","status-publish","hentry"],"acf":[],"_links":{"self":[{"href":"https:\/\/www.ufsm.br\/cursos\/graduacao\/santa-maria\/relacoes-internacionais\/wp-json\/wp\/v2\/pages\/186","targetHints":{"allow":["GET"]}}],"collection":[{"href":"https:\/\/www.ufsm.br\/cursos\/graduacao\/santa-maria\/relacoes-internacionais\/wp-json\/wp\/v2\/pages"}],"about":[{"href":"https:\/\/www.ufsm.br\/cursos\/graduacao\/santa-maria\/relacoes-internacionais\/wp-json\/wp\/v2\/types\/page"}],"author":[{"embeddable":true,"href":"https:\/\/www.ufsm.br\/cursos\/graduacao\/santa-maria\/relacoes-internacionais\/wp-json\/wp\/v2\/users\/194"}],"replies":[{"embeddable":true,"href":"https:\/\/www.ufsm.br\/cursos\/graduacao\/santa-maria\/relacoes-internacionais\/wp-json\/wp\/v2\/comments?post=186"}],"version-history":[{"count":0,"href":"https:\/\/www.ufsm.br\/cursos\/graduacao\/santa-maria\/relacoes-internacionais\/wp-json\/wp\/v2\/pages\/186\/revisions"}],"wp:attachment":[{"href":"https:\/\/www.ufsm.br\/cursos\/graduacao\/santa-maria\/relacoes-internacionais\/wp-json\/wp\/v2\/media?parent=186"}],"wp:term":[{"taxonomy":"category","embeddable":true,"href":"https:\/\/www.ufsm.br\/cursos\/graduacao\/santa-maria\/relacoes-internacionais\/wp-json\/wp\/v2\/categories?post=186"},{"taxonomy":"post_tag","embeddable":true,"href":"https:\/\/www.ufsm.br\/cursos\/graduacao\/santa-maria\/relacoes-internacionais\/wp-json\/wp\/v2\/tags?post=186"}],"curies":[{"name":"wp","href":"https:\/\/api.w.org\/{rel}","templated":true}]}}