{"id":3492,"date":"2025-11-19T10:05:11","date_gmt":"2025-11-19T13:05:11","guid":{"rendered":"https:\/\/www.ufsm.br\/cursos\/graduacao\/santa-maria\/relacoes-internacionais\/?page_id=3492"},"modified":"2025-11-19T10:16:13","modified_gmt":"2025-11-19T13:16:13","slug":"publicacoes","status":"publish","type":"page","link":"https:\/\/www.ufsm.br\/cursos\/graduacao\/santa-maria\/relacoes-internacionais\/publicacoes","title":{"rendered":"Publica\u00e7\u00f5es"},"content":{"rendered":"\n<p class=\"has-cyan-bluish-gray-background-color has-background has-medium-font-size\">Publica\u00e7\u00f5es de Anais das Semanas Acad\u00eamicas do Curso de RI<\/p>\n\n\n\n<div data-wp-interactive=\"core\/file\" class=\"wp-block-file\"><object data-wp-bind--hidden=\"!state.hasPdfPreview\" hidden class=\"wp-block-file__embed\" data=\"https:\/\/www.ufsm.br\/app\/uploads\/sites\/474\/2025\/11\/Anais_III_SARI_UFSM.pdf\" type=\"application\/pdf\" style=\"width:100%;height:600px\" aria-label=\"Incorporado de Anais_III_SARI_UFSM.\"><\/object><a id=\"wp-block-file--media-7a90114b-882e-45ca-95e1-f91fba6a4ef0\" href=\"https:\/\/www.ufsm.br\/app\/uploads\/sites\/474\/2025\/11\/Anais_III_SARI_UFSM.pdf\">Anais_III_SARI_UFSM<\/a><a href=\"https:\/\/www.ufsm.br\/app\/uploads\/sites\/474\/2025\/11\/Anais_III_SARI_UFSM.pdf\" class=\"wp-block-file__button wp-element-button\" download aria-describedby=\"wp-block-file--media-7a90114b-882e-45ca-95e1-f91fba6a4ef0\">Baixar<\/a><\/div>\n\n\n\n<div data-wp-interactive=\"core\/file\" class=\"wp-block-file\"><object data-wp-bind--hidden=\"!state.hasPdfPreview\" hidden class=\"wp-block-file__embed\" data=\"https:\/\/www.ufsm.br\/app\/uploads\/sites\/474\/2025\/11\/IV_SARI_2013_ANAIS_pdf-1.pdf\" type=\"application\/pdf\" style=\"width:100%;height:600px\" aria-label=\"Incorporado de IV_SARI_2013_ANAIS_pdf (1).\"><\/object><a id=\"wp-block-file--media-b8791d17-4c4b-4af7-8009-83fb4162391e\" href=\"https:\/\/www.ufsm.br\/app\/uploads\/sites\/474\/2025\/11\/IV_SARI_2013_ANAIS_pdf-1.pdf\">IV_SARI_2013_ANAIS_pdf (1)<\/a><a href=\"https:\/\/www.ufsm.br\/app\/uploads\/sites\/474\/2025\/11\/IV_SARI_2013_ANAIS_pdf-1.pdf\" class=\"wp-block-file__button wp-element-button\" download aria-describedby=\"wp-block-file--media-b8791d17-4c4b-4af7-8009-83fb4162391e\">Baixar<\/a><\/div>\n\n\n\n<div data-wp-interactive=\"core\/file\" class=\"wp-block-file\"><object data-wp-bind--hidden=\"!state.hasPdfPreview\" hidden class=\"wp-block-file__embed\" data=\"https:\/\/www.ufsm.br\/app\/uploads\/sites\/474\/2025\/11\/ANAIS_DA_VI_SEMANA_ACADEMICA_DE_RELACOES-1.pdf\" type=\"application\/pdf\" style=\"width:100%;height:600px\" aria-label=\"Incorporado de Anais da  VI SARI - 2015.\"><\/object><a id=\"wp-block-file--media-f75f8184-be06-4fb7-a10d-5f5ddabe743f\" href=\"https:\/\/www.ufsm.br\/app\/uploads\/sites\/474\/2025\/11\/ANAIS_DA_VI_SEMANA_ACADEMICA_DE_RELACOES-1.pdf\">Anais da  VI SARI &#8211; 2015<\/a><a href=\"https:\/\/www.ufsm.br\/app\/uploads\/sites\/474\/2025\/11\/ANAIS_DA_VI_SEMANA_ACADEMICA_DE_RELACOES-1.pdf\" class=\"wp-block-file__button wp-element-button\" download aria-describedby=\"wp-block-file--media-f75f8184-be06-4fb7-a10d-5f5ddabe743f\">Baixar<\/a><\/div>\n","protected":false},"excerpt":{"rendered":"<p>Publica\u00e7\u00f5es de Anais das Semanas Acad\u00eamicas do Curso de RI<\/p>\n","protected":false},"author":555,"featured_media":0,"parent":0,"menu_order":0,"comment_status":"closed","ping_status":"closed","template":"","meta":{"footnotes":""},"categories":[],"tags":[],"class_list":["post-3492","page","type-page","status-publish","hentry"],"acf":[],"_links":{"self":[{"href":"https:\/\/www.ufsm.br\/cursos\/graduacao\/santa-maria\/relacoes-internacionais\/wp-json\/wp\/v2\/pages\/3492","targetHints":{"allow":["GET"]}}],"collection":[{"href":"https:\/\/www.ufsm.br\/cursos\/graduacao\/santa-maria\/relacoes-internacionais\/wp-json\/wp\/v2\/pages"}],"about":[{"href":"https:\/\/www.ufsm.br\/cursos\/graduacao\/santa-maria\/relacoes-internacionais\/wp-json\/wp\/v2\/types\/page"}],"author":[{"embeddable":true,"href":"https:\/\/www.ufsm.br\/cursos\/graduacao\/santa-maria\/relacoes-internacionais\/wp-json\/wp\/v2\/users\/555"}],"replies":[{"embeddable":true,"href":"https:\/\/www.ufsm.br\/cursos\/graduacao\/santa-maria\/relacoes-internacionais\/wp-json\/wp\/v2\/comments?post=3492"}],"version-history":[{"count":0,"href":"https:\/\/www.ufsm.br\/cursos\/graduacao\/santa-maria\/relacoes-internacionais\/wp-json\/wp\/v2\/pages\/3492\/revisions"}],"wp:attachment":[{"href":"https:\/\/www.ufsm.br\/cursos\/graduacao\/santa-maria\/relacoes-internacionais\/wp-json\/wp\/v2\/media?parent=3492"}],"wp:term":[{"taxonomy":"category","embeddable":true,"href":"https:\/\/www.ufsm.br\/cursos\/graduacao\/santa-maria\/relacoes-internacionais\/wp-json\/wp\/v2\/categories?post=3492"},{"taxonomy":"post_tag","embeddable":true,"href":"https:\/\/www.ufsm.br\/cursos\/graduacao\/santa-maria\/relacoes-internacionais\/wp-json\/wp\/v2\/tags?post=3492"}],"curies":[{"name":"wp","href":"https:\/\/api.w.org\/{rel}","templated":true}]}}