{"id":162,"date":"2018-12-04T16:31:57","date_gmt":"2018-12-04T18:31:57","guid":{"rendered":"https:\/\/www.ufsm.br\/cursos\/graduacao\/santa-maria\/relacoes-publicas\/?page_id=162"},"modified":"2023-08-15T15:05:43","modified_gmt":"2023-08-15T18:05:43","slug":"laboratorio-de-relacoes-publicas-larp","status":"publish","type":"page","link":"https:\/\/www.ufsm.br\/cursos\/graduacao\/santa-maria\/relacoes-publicas\/laboratorio-de-relacoes-publicas-larp","title":{"rendered":"Laborat\u00f3rio de Rela\u00e7\u00f5es P\u00fablicas &#8211; LARP"},"content":{"rendered":"<p>O\u00a0<strong>Laborat\u00f3rio de Rela\u00e7\u00f5es P\u00fablicas &#8211; LARP &#8211;<\/strong>\u00a0visa apoiar e desenvolver atividades de ensino, \u00a0extens\u00e3o e pesquisa na \u00e1rea de\u00a0<strong>Assessoria de Rela\u00e7\u00f5es P\u00fablicas e de Produ\u00e7\u00e3o Audiovisual para \u00a0Rela\u00e7\u00f5es P\u00fablicas<\/strong>, atendendo prioritariamente as disciplinas curriculares que representam tais \u00a0temas:\u00a0<strong>Assessoria de Rela\u00e7\u00f5es P\u00fablicas I, Assessoria de Rela\u00e7\u00f5es P\u00fablicas II, Produ\u00e7\u00e3o Audiovisual em RP<\/strong>. Est\u00e1 ligado ao Curso de Rela\u00e7\u00f5es P\u00fablicas da Universidade Federal de Santa Maria.<\/p>\n<p>As atividades desenvolvidas no Laborat\u00f3rio de Rela\u00e7\u00f5es P\u00fablicas &#8211; LARP &#8211; s\u00e3o formalizadas como a\u00e7\u00f5es de ensino, pesquisa e extens\u00e3o e vinculadas ao Programa do Laborat\u00f3rio, que prev\u00ea a capacita\u00e7\u00e3o dos alunos do terceiro ao oitavo semestre do curso de rela\u00e7\u00f5es p\u00fablicas em atividades de assessoria de comunica\u00e7\u00e3o e de produ\u00e7\u00e3o audiovisual realizadas no \u00e2mbito da UFSM com objetivos ligados ao aprimoramento da comunica\u00e7\u00e3o da pr\u00f3pria institui\u00e7\u00e3o universit\u00e1ria com seus p\u00fablicos.<\/p>\n<p>O atendimendo \u00e0s unidades universit\u00e1rias \u00e9 poss\u00edvel mediante o v\u00ednculo com as disciplinas Assessoria de Rela\u00e7\u00f5es P\u00fablicas I, Assessoria de Rela\u00e7\u00f5es P\u00fablicas II e Produ\u00e7\u00e3o Audiovisual em Rela\u00e7\u00f5es P\u00fablicas ou projeto de extens\u00e3o ou pesquisa que seja coordenado por professor da \u00e1rea e que tenha participa\u00e7\u00e3o de alunos regularmente matriculados no curso.<\/p>\n<p><strong>Coordena\u00e7\u00e3o pedag\u00f3gica:<\/strong> Prof\u00aa. Dr\u00aa Andr\u00e9ia Silveira Athaydes<\/p>\n<p><strong>E-mail:<\/strong>\u00a0<span id=\"cloak4710\"><a href=\"mailto:larp.facos@gmail.com\">larp.comunicacao@ufsm.br<\/a><\/span><\/p>\n<p><strong>Telefone:<\/strong>\u00a0(55) 3220-6156<\/p>\n","protected":false},"excerpt":{"rendered":"<p>O\u00a0Laborat\u00f3rio de Rela\u00e7\u00f5es P\u00fablicas &#8211; LARP &#8211;\u00a0visa apoiar e desenvolver atividades de ensino, \u00a0extens\u00e3o e pesquisa na \u00e1rea de\u00a0Assessoria de Rela\u00e7\u00f5es P\u00fablicas e de Produ\u00e7\u00e3o Audiovisual para \u00a0Rela\u00e7\u00f5es P\u00fablicas, atendendo prioritariamente as disciplinas curriculares que representam tais \u00a0temas:\u00a0Assessoria de Rela\u00e7\u00f5es P\u00fablicas I, Assessoria de Rela\u00e7\u00f5es P\u00fablicas II, Produ\u00e7\u00e3o Audiovisual em RP. Est\u00e1 ligado ao Curso [&hellip;]<\/p>\n","protected":false},"author":194,"featured_media":0,"parent":0,"menu_order":0,"comment_status":"closed","ping_status":"closed","template":"","meta":{"footnotes":""},"categories":[],"tags":[],"class_list":["post-162","page","type-page","status-publish","hentry"],"acf":[],"_links":{"self":[{"href":"https:\/\/www.ufsm.br\/cursos\/graduacao\/santa-maria\/relacoes-publicas\/wp-json\/wp\/v2\/pages\/162","targetHints":{"allow":["GET"]}}],"collection":[{"href":"https:\/\/www.ufsm.br\/cursos\/graduacao\/santa-maria\/relacoes-publicas\/wp-json\/wp\/v2\/pages"}],"about":[{"href":"https:\/\/www.ufsm.br\/cursos\/graduacao\/santa-maria\/relacoes-publicas\/wp-json\/wp\/v2\/types\/page"}],"author":[{"embeddable":true,"href":"https:\/\/www.ufsm.br\/cursos\/graduacao\/santa-maria\/relacoes-publicas\/wp-json\/wp\/v2\/users\/194"}],"replies":[{"embeddable":true,"href":"https:\/\/www.ufsm.br\/cursos\/graduacao\/santa-maria\/relacoes-publicas\/wp-json\/wp\/v2\/comments?post=162"}],"version-history":[{"count":0,"href":"https:\/\/www.ufsm.br\/cursos\/graduacao\/santa-maria\/relacoes-publicas\/wp-json\/wp\/v2\/pages\/162\/revisions"}],"wp:attachment":[{"href":"https:\/\/www.ufsm.br\/cursos\/graduacao\/santa-maria\/relacoes-publicas\/wp-json\/wp\/v2\/media?parent=162"}],"wp:term":[{"taxonomy":"category","embeddable":true,"href":"https:\/\/www.ufsm.br\/cursos\/graduacao\/santa-maria\/relacoes-publicas\/wp-json\/wp\/v2\/categories?post=162"},{"taxonomy":"post_tag","embeddable":true,"href":"https:\/\/www.ufsm.br\/cursos\/graduacao\/santa-maria\/relacoes-publicas\/wp-json\/wp\/v2\/tags?post=162"}],"curies":[{"name":"wp","href":"https:\/\/api.w.org\/{rel}","templated":true}]}}