{"id":167,"date":"2018-12-04T16:35:29","date_gmt":"2018-12-04T18:35:29","guid":{"rendered":"https:\/\/www.ufsm.br\/cursos\/graduacao\/santa-maria\/relacoes-publicas\/?page_id=167"},"modified":"2025-07-24T15:04:22","modified_gmt":"2025-07-24T18:04:22","slug":"grupos-de-pesquisa","status":"publish","type":"page","link":"https:\/\/www.ufsm.br\/cursos\/graduacao\/santa-maria\/relacoes-publicas\/grupos-de-pesquisa","title":{"rendered":"Grupos de Pesquisa"},"content":{"rendered":"\t\t<div data-elementor-type=\"wp-page\" data-elementor-id=\"167\" class=\"elementor elementor-167\">\n\t\t\t\t\t\t<section class=\"elementor-section elementor-top-section elementor-element elementor-element-2c6042a elementor-section-boxed elementor-section-height-default elementor-section-height-default\" data-id=\"2c6042a\" data-element_type=\"section\">\n\t\t\t\t\t\t<div class=\"elementor-container elementor-column-gap-default\">\n\t\t\t\t\t<div class=\"elementor-column elementor-col-100 elementor-top-column elementor-element elementor-element-8a372d2\" data-id=\"8a372d2\" data-element_type=\"column\">\n\t\t\t<div class=\"elementor-widget-wrap elementor-element-populated\">\n\t\t\t\t\t\t<div class=\"elementor-element elementor-element-3f89a42 elementor-widget elementor-widget-text-editor\" data-id=\"3f89a42\" data-element_type=\"widget\" data-widget_type=\"text-editor.default\">\n\t\t\t\t<div class=\"elementor-widget-container\">\n\t\t\t\t\t\t\t<p data-start=\"131\" data-end=\"544\">Os grupos de pesquisa do curso de Rela\u00e7\u00f5es P\u00fablicas re\u00fanem docentes, discentes e pesquisadores em torno de temas relevantes para a \u00e1rea da comunica\u00e7\u00e3o. S\u00e3o espa\u00e7os de produ\u00e7\u00e3o cient\u00edfica, troca de conhecimento e aprofundamento te\u00f3rico, contribuindo para o avan\u00e7o das pr\u00e1ticas profissionais e acad\u00eamicas. A participa\u00e7\u00e3o \u00e9 aberta a estudantes interessados em desenvolver projetos de pesquisa e inicia\u00e7\u00e3o cient\u00edfica.<\/p>\t\t\t\t\t\t<\/div>\n\t\t\t\t<\/div>\n\t\t\t\t\t<\/div>\n\t\t<\/div>\n\t\t\t\t\t<\/div>\n\t\t<\/section>\n\t\t\t\t<section class=\"elementor-section elementor-top-section elementor-element elementor-element-8a2d502 elementor-section-boxed elementor-section-height-default elementor-section-height-default\" data-id=\"8a2d502\" data-element_type=\"section\">\n\t\t\t\t\t\t<div class=\"elementor-container elementor-column-gap-default\">\n\t\t\t\t\t<div class=\"elementor-column elementor-col-100 elementor-top-column elementor-element elementor-element-2d9bdf3\" data-id=\"2d9bdf3\" data-element_type=\"column\">\n\t\t\t<div class=\"elementor-widget-wrap elementor-element-populated\">\n\t\t\t\t\t\t<div class=\"elementor-element elementor-element-b9e7d38 elementor-widget elementor-widget-accordion\" data-id=\"b9e7d38\" data-element_type=\"widget\" data-widget_type=\"accordion.default\">\n\t\t\t\t<div class=\"elementor-widget-container\">\n\t\t\t\t\t<div class=\"elementor-accordion\">\n\t\t\t\t\t\t\t<div class=\"elementor-accordion-item\">\n\t\t\t\t\t<div id=\"elementor-tab-title-1941\" class=\"elementor-tab-title\" data-tab=\"1\" role=\"button\" aria-controls=\"elementor-tab-content-1941\" aria-expanded=\"false\">\n\t\t\t\t\t\t\t\t\t\t\t\t\t<span class=\"elementor-accordion-icon elementor-accordion-icon-left\" aria-hidden=\"true\">\n\t\t\t\t\t\t\t\t\t\t\t\t\t\t\t<span class=\"elementor-accordion-icon-closed\"><i class=\"fas fa-plus\"><\/i><\/span>\n\t\t\t\t\t\t\t\t<span class=\"elementor-accordion-icon-opened\"><i class=\"fas fa-minus\"><\/i><\/span>\n\t\t\t\t\t\t\t\t\t\t\t\t\t\t<\/span>\n\t\t\t\t\t\t\t\t\t\t\t\t<a class=\"elementor-accordion-title\" tabindex=\"0\">M\u00eddia, Discurso e Comunica\u00e7\u00e3o P\u00fablica L\u00edder: Dr.\u00aa Rejane de Oliveira Pozobon <\/a>\n\t\t\t\t\t<\/div>\n\t\t\t\t\t<div id=\"elementor-tab-content-1941\" class=\"elementor-tab-content elementor-clearfix\" data-tab=\"1\" role=\"region\" aria-labelledby=\"elementor-tab-title-1941\"><h3 style=\"font-size: 1.75rem;color: #1c1c1c\">L\u00edder: Professora Rejane de Oliveira Pozobon<\/h3><h2 style=\"font-size: 2rem;color: #1c1c1c\">\u00a0<\/h2><p style=\"color: #1c1c1c;font-size: 16px\">O\u00a0Grupo de Pesquisa M\u00eddia, Discurso e Comunica\u00e7\u00e3o P\u00fablica CNPq\/UFSM integra estudantes de gradua\u00e7\u00e3o, mestrado e doutorado em Ci\u00eancias da Comunica\u00e7\u00e3o e \u00e1reas.<\/p><h4 style=\"font-size: 1.5rem;color: #1c1c1c;text-align: justify\"><span style=\"font-weight: bolder\">Objetiva compreender como a Comunica\u00e7\u00e3o P\u00fablica, por meio do acionamento de diferentes estrat\u00e9gias discursivas, amplia seus p\u00fablicos e promove engajamento para pautas de interesse p\u00fablico.<\/span><\/h4><p style=\"color: #1c1c1c;font-size: 16px\"><span style=\"font-weight: bolder\">O grupo \u00e9 composto por duas linhas de pesquisa<\/span>:<\/p><p style=\"color: #1c1c1c;font-size: 16px\">\u2013 Estrat\u00e9gias Discursivas da Comunica\u00e7\u00e3o P\u00fablica<\/p><p style=\"color: #1c1c1c;font-size: 16px\">\u2013 M\u00eddia e Discurso<\/p><p style=\"color: #1c1c1c;font-size: 16px\">Os encontros s\u00e3o remotos e acontecem nas ter\u00e7as-feiras, das 14h \u00e0s 16h.<\/p><p style=\"color: #1c1c1c;font-size: 16px\"><a style=\"color: #204c90\" href=\"https:\/\/www.ufsm.br\/grupos\/mdcp\">Mais informa\u00e7\u00f5es no site do Grupo<\/a>.<\/p><\/div>\n\t\t\t\t<\/div>\n\t\t\t\t\t\t\t<div class=\"elementor-accordion-item\">\n\t\t\t\t\t<div id=\"elementor-tab-title-1942\" class=\"elementor-tab-title\" data-tab=\"2\" role=\"button\" aria-controls=\"elementor-tab-content-1942\" aria-expanded=\"false\">\n\t\t\t\t\t\t\t\t\t\t\t\t\t<span class=\"elementor-accordion-icon elementor-accordion-icon-left\" aria-hidden=\"true\">\n\t\t\t\t\t\t\t\t\t\t\t\t\t\t\t<span class=\"elementor-accordion-icon-closed\"><i class=\"fas fa-plus\"><\/i><\/span>\n\t\t\t\t\t\t\t\t<span class=\"elementor-accordion-icon-opened\"><i class=\"fas fa-minus\"><\/i><\/span>\n\t\t\t\t\t\t\t\t\t\t\t\t\t\t<\/span>\n\t\t\t\t\t\t\t\t\t\t\t\t<a class=\"elementor-accordion-title\" tabindex=\"0\">TELAS pesquisa colaborativa  L\u00edder: Dr.\u00aa Fernanda Sagrilo Andres<\/a>\n\t\t\t\t\t<\/div>\n\t\t\t\t\t<div id=\"elementor-tab-content-1942\" class=\"elementor-tab-content elementor-clearfix\" data-tab=\"2\" role=\"region\" aria-labelledby=\"elementor-tab-title-1942\"><p>O grupo &#8211; TELAS pesquisa colaborativa &#8211; prop\u00f5e-se \u00e0 investiga\u00e7\u00e3o das estrat\u00e9gias de comunica\u00e7\u00e3o e relacionamento, dando \u00eanfase aos processos de produ\u00e7\u00e3o de significa\u00e7\u00e3o e sentidos dos diferentes textos (produtos comunicacionais). Para a elabora\u00e7\u00e3o de tal proposi\u00e7\u00e3o, s\u00e3o revisitados, especialmente, conceitos da semi\u00f3tica europeia, objetivando fazer as articula\u00e7\u00f5es necess\u00e1rias \u00e0 utiliza\u00e7\u00e3o desse corpo te\u00f3rico-metodol\u00f3gico aos prop\u00f3sitos da comunica\u00e7\u00e3o. Com isso, o grupo busca reunir e sistematizar as reflex\u00f5es que v\u00eaem sendo desenvolvidas sobre as rela\u00e7\u00f5es comunicacionais entre as organiza\u00e7\u00f5es, os diferentes p\u00fablicos e a esfera midi\u00e1tica. Desse modo, as pesquisas se atentam as transforma\u00e7\u00f5es em que as estrat\u00e9gias de relacionamento e comunica\u00e7\u00e3o v\u00eam passando em fun\u00e7\u00e3o das atuais caracter\u00edsticas dos ambientes da comunica\u00e7\u00e3o, do consumo midi\u00e1tico e das possibilidades de conex\u00f5es com os p\u00fablicos.<\/p><h4>\u00a0<\/h4><\/div>\n\t\t\t\t<\/div>\n\t\t\t\t\t\t\t<div class=\"elementor-accordion-item\">\n\t\t\t\t\t<div id=\"elementor-tab-title-1943\" class=\"elementor-tab-title\" data-tab=\"3\" role=\"button\" aria-controls=\"elementor-tab-content-1943\" aria-expanded=\"false\">\n\t\t\t\t\t\t\t\t\t\t\t\t\t<span class=\"elementor-accordion-icon elementor-accordion-icon-left\" aria-hidden=\"true\">\n\t\t\t\t\t\t\t\t\t\t\t\t\t\t\t<span class=\"elementor-accordion-icon-closed\"><i class=\"fas fa-plus\"><\/i><\/span>\n\t\t\t\t\t\t\t\t<span class=\"elementor-accordion-icon-opened\"><i class=\"fas fa-minus\"><\/i><\/span>\n\t\t\t\t\t\t\t\t\t\t\t\t\t\t<\/span>\n\t\t\t\t\t\t\t\t\t\t\t\t<a class=\"elementor-accordion-title\" tabindex=\"0\">Comunica\u00e7\u00e3o e Desenvolvimento L\u00edderes: Dr.\u00aa Ada Cristina Machado Silveira e Dr.\u00aa Jaqueline Quincozes da Silva Kegler<\/a>\n\t\t\t\t\t<\/div>\n\t\t\t\t\t<div id=\"elementor-tab-content-1943\" class=\"elementor-tab-content elementor-clearfix\" data-tab=\"3\" role=\"region\" aria-labelledby=\"elementor-tab-title-1943\"><div class=\"entry-content\"><p><strong>L\u00edderes: Dr.\u00aa Ada Cristina Machado Silveira e Dr.\u00aa\u00a0<\/strong><strong>Jaqueline Quincozes da Silva Kegler.<\/strong><\/p><p>O grupo conta com diversas pesquisas das quais resultam disserta\u00e7\u00f5es de mestrado, teses de doutorado e monografias de gradua\u00e7\u00e3o. O grupo atua em atividades de extens\u00e3o com capacita\u00e7\u00e3o de agentes para a mobiliza\u00e7\u00e3o social com base na apropria\u00e7\u00e3o das tecnologias de informa\u00e7\u00e3o e de comunica\u00e7\u00e3o (TICs), bem como na radiodifus\u00e3o comunit\u00e1ria.<\/p><p><strong>Linhas de pesquisa:<\/strong><\/p><p>\u2013\u00a0<strong>Apropria\u00e7\u00e3o de TICs:<\/strong>\u00a0dedica-se aos processos de consumo, uso e apropria\u00e7\u00e3o das tecnologias de informa\u00e7\u00e3o e comunica\u00e7\u00e3o por parte da sociedade, em sua rela\u00e7\u00e3o com agentes p\u00fablicos, especialmente os detentores do saber especializado;<\/p><p>\u2013\u00a0<strong>Comunica\u00e7\u00e3o e mobiliza\u00e7\u00e3o social:<\/strong>\u00a0estudo de processos de mobiliza\u00e7\u00e3o social por via de a\u00e7\u00f5es medidas pelo consumo\/uso\/apropria\u00e7\u00e3o das tecnologias de informa\u00e7\u00e3o e comunica\u00e7\u00e3o, envolvendo processos de midiatiza\u00e7\u00e3o prim\u00e1rios, secund\u00e1rios, terci\u00e1rios e quatern\u00e1rios;<\/p><p>\u2013\u00a0<strong>Divulga\u00e7\u00e3o cientifica e populariza\u00e7\u00e3o da ci\u00eancia:<\/strong>\u00a0dedica-se ao estudo de processos articuladores de rela\u00e7\u00f5es entre produtores de conte\u00fados especializados (cient\u00edfico-t\u00e9cnicos) e a sociedade, especialmente a escola b\u00e1sica da rede p\u00fablica.<\/p><\/div><\/div>\n\t\t\t\t<\/div>\n\t\t\t\t\t\t\t<div class=\"elementor-accordion-item\">\n\t\t\t\t\t<div id=\"elementor-tab-title-1944\" class=\"elementor-tab-title\" data-tab=\"4\" role=\"button\" aria-controls=\"elementor-tab-content-1944\" aria-expanded=\"false\">\n\t\t\t\t\t\t\t\t\t\t\t\t\t<span class=\"elementor-accordion-icon elementor-accordion-icon-left\" aria-hidden=\"true\">\n\t\t\t\t\t\t\t\t\t\t\t\t\t\t\t<span class=\"elementor-accordion-icon-closed\"><i class=\"fas fa-plus\"><\/i><\/span>\n\t\t\t\t\t\t\t\t<span class=\"elementor-accordion-icon-opened\"><i class=\"fas fa-minus\"><\/i><\/span>\n\t\t\t\t\t\t\t\t\t\t\t\t\t\t<\/span>\n\t\t\t\t\t\t\t\t\t\t\t\t<a class=\"elementor-accordion-title\" tabindex=\"0\">Estudos culturais e audiovisualidades  L\u00edderes: Dr. Flavi Ferreira Lisb\u00f4a Filho e Dr.\u00aa Ana Luiza Coiro Moraes<\/a>\n\t\t\t\t\t<\/div>\n\t\t\t\t\t<div id=\"elementor-tab-content-1944\" class=\"elementor-tab-content elementor-clearfix\" data-tab=\"4\" role=\"region\" aria-labelledby=\"elementor-tab-title-1944\"><div class=\"entry-content\"><p><b>Breve hist\u00f3rico:\u00a0<\/b>Grupo criado em 24\/09\/2013 e incluso no Diret\u00f3rio do Cnpq, podendo ser acessado em http:\/\/dgp.cnpq.br\/dgp\/espelhogrupo\/9892531038255750.<\/p><p><b>Objetivos do grupo:<\/b>\u00a0O Grupo de Pesquisa Estudos Culturais e Audiovisualidades tem como pressuposto a compreens\u00e3o da cultura como uma esfera do sentido que unifica os setores da produ\u00e7\u00e3o e das rela\u00e7\u00f5es sociais e pessoais. Tal vis\u00e3o se ampara no vi\u00e9s te\u00f3rico-metodol\u00f3gico interdisciplinar que caracteriza os Estudos Culturais, cuja voca\u00e7\u00e3o para orientar pesquisas no campo da comunica\u00e7\u00e3o consolidou-se ao longo das muitas investiga\u00e7\u00f5es acad\u00eamicas e cuja utiliza\u00e7\u00e3o, mais das vezes de car\u00e1ter qualitativo e emp\u00edrico, vem operacionalizando o di\u00e1logo entre as estrat\u00e9gias de produ\u00e7\u00e3o e o consumo cultural. As pesquisas deste grupo trazem em seu bojo quest\u00f5es \u00e9tnicas, de g\u00eanero e sexualidade, identidades culturais, contemporaneidade e globaliza\u00e7\u00e3o, al\u00e9m de pesquisas sobre consumo, recep\u00e7\u00e3o, circula\u00e7\u00e3o e de produ\u00e7\u00e3o dos sentidos, que se concretizam por meio das tem\u00e1ticas referenciadas, especialmente no \u00e2mbito cultural de produ\u00e7\u00e3o midi\u00e1tica e dos processos audiovisuais. Tamb\u00e9m s\u00e3o acolhidas neste grupo investiga\u00e7\u00f5es que reflitam tem\u00e1ticas pertinentes \u00e0 mem\u00f3ria e \u00e0 hist\u00f3ria, principalmente se articuladas \u00e0 m\u00eddia.<\/p><p><b>P\u00fablico-alvo:\u00a0<\/b>Atualmente, o grupo Estudos Culturais e Audiovisualidades \u00e9 coordenado pelo Prof. Dr. Flavi Ferreira Lisb\u00f4a Filho e constitu\u00eddo por profissionais e estudantes, tanto da gradua\u00e7\u00e3o, quanto da p\u00f3s-gradua\u00e7\u00e3o em Comunica\u00e7\u00e3o e Patrim\u00f4nio Cultural, em n\u00edvel de mestrado, doutorado e p\u00f3s-doutorado.<\/p><p><b>L\u00edder:\u00a0<\/b>Dr. Flavi Ferreira Lisb\u00f4a Filho<\/p><p><b>Linhas de Pesquisa:<\/b><\/p><ul><li>Comunica\u00e7\u00e3o, identidades e patrim\u00f4nio cultural: perspectivas para o desenvolvimento sustent\u00e1vel e a democracia pelo vi\u00e9s dos Estudos Culturais<\/li><li>Identidades, patrim\u00f4nio cultural e desenvolvimento sustent\u00e1vel: a comunica\u00e7\u00e3o como articuladora de um Centro Interpretativo Digital<\/li><\/ul><p><b>Hor\u00e1rios e dias de encontros:<\/b>\u00a0Sextas \u00e0s 13h<\/p><p><b>Contatos:<\/b>\u00a0<a class=\"notranslate\" href=\"mailto:flavi@ufsm.br\">flavi@ufsm.br<\/a><\/p><p><b>Link:\u00a0<\/b><a href=\"https:\/\/www.ufsm.br\/grupos\/estudosculteaudiovisualid\">https:\/\/www.ufsm.br\/grupos\/estudosculteaudiovisualid<\/a><\/p><p><strong>Site:\u00a0<\/strong><a href=\"http:\/\/w3.ufsm.br\/estudosculturais\/\">Grupo de Pesquisa Estudos Culturais e Audiovisualidades<\/a><\/p><\/div><\/div>\n\t\t\t\t<\/div>\n\t\t\t\t\t\t\t<div class=\"elementor-accordion-item\">\n\t\t\t\t\t<div id=\"elementor-tab-title-1945\" class=\"elementor-tab-title\" data-tab=\"5\" role=\"button\" aria-controls=\"elementor-tab-content-1945\" aria-expanded=\"false\">\n\t\t\t\t\t\t\t\t\t\t\t\t\t<span class=\"elementor-accordion-icon elementor-accordion-icon-left\" aria-hidden=\"true\">\n\t\t\t\t\t\t\t\t\t\t\t\t\t\t\t<span class=\"elementor-accordion-icon-closed\"><i class=\"fas fa-plus\"><\/i><\/span>\n\t\t\t\t\t\t\t\t<span class=\"elementor-accordion-icon-opened\"><i class=\"fas fa-minus\"><\/i><\/span>\n\t\t\t\t\t\t\t\t\t\t\t\t\t\t<\/span>\n\t\t\t\t\t\t\t\t\t\t\t\t<a class=\"elementor-accordion-title\" tabindex=\"0\">Comunica\u00e7\u00e3o Internacional e suas interfaces com a Cultura e o Poder nas Organiza\u00e7\u00f5es Lideres: Dr\u00aa Andr\u00e9ia Silveira Athaydes e  Dr\u00aa Lana D'\u00c1vila Campanella<\/a>\n\t\t\t\t\t<\/div>\n\t\t\t\t\t<div id=\"elementor-tab-content-1945\" class=\"elementor-tab-content elementor-clearfix\" data-tab=\"5\" role=\"region\" aria-labelledby=\"elementor-tab-title-1945\"><p>O Grupo de Pesquisa &#8220;Comunica\u00e7\u00e3o Internacional e suas interfaces com a Cultura e o Poder nas Organiza\u00e7\u00f5es&#8221;, est\u00e1 vinculado ao Curso de Rela\u00e7\u00f5es P\u00fablicas da UFSM, campus de Frederico Westphalen e seus participantes s\u00e3o pesquisadores ligados ao curso, alunos de gradua\u00e7\u00e3o e graduados na \u00e1rea que estejam inseridos no mercado de trabalho e\/ou fazendo alguma Educa\u00e7\u00e3o Continuada (especializa\u00e7\u00e3o, latu sensu ou strictu sensu) em localidades internacionais. O grupo tem como objetivo contribuir com estudos e pesquisas para a melhoria permanente do processo de ensino e de aprendizagem em Comunica\u00e7\u00e3o tendo como refer\u00eancia o panorama internacional da atividade e as aproxima\u00e7\u00f5es e distanciamentos com a Cultura e o Poder nas Organiza\u00e7\u00f5es. A proposta se consubstancia e passa a se legitimar junto a comunidade cient\u00edfica da \u00e1rea, na medida em que, os produtos dela decorrentes sejam apresentados em congressos nacionais e internacionais e sejam produzidos artigos, livros e cap\u00edtulos de livros.<\/p><\/div>\n\t\t\t\t<\/div>\n\t\t\t\t\t\t\t<div class=\"elementor-accordion-item\">\n\t\t\t\t\t<div id=\"elementor-tab-title-1946\" class=\"elementor-tab-title\" data-tab=\"6\" role=\"button\" aria-controls=\"elementor-tab-content-1946\" aria-expanded=\"false\">\n\t\t\t\t\t\t\t\t\t\t\t\t\t<span class=\"elementor-accordion-icon elementor-accordion-icon-left\" aria-hidden=\"true\">\n\t\t\t\t\t\t\t\t\t\t\t\t\t\t\t<span class=\"elementor-accordion-icon-closed\"><i class=\"fas fa-plus\"><\/i><\/span>\n\t\t\t\t\t\t\t\t<span class=\"elementor-accordion-icon-opened\"><i class=\"fas fa-minus\"><\/i><\/span>\n\t\t\t\t\t\t\t\t\t\t\t\t\t\t<\/span>\n\t\t\t\t\t\t\t\t\t\t\t\t<a class=\"elementor-accordion-title\" tabindex=\"0\">Latin American Communication Monitor (LCM)<\/a>\n\t\t\t\t\t<\/div>\n\t\t\t\t\t<div id=\"elementor-tab-content-1946\" class=\"elementor-tab-content elementor-clearfix\" data-tab=\"6\" role=\"region\" aria-labelledby=\"elementor-tab-title-1946\"><p>\u00a0Contribuir para o desenvolvimento disciplinar e profissional em comunica\u00e7\u00e3o estrat\u00e9gica e rela\u00e7\u00f5es p\u00fablicas na Am\u00e9rica Latina. Isso \u00e9 feito por meio da an\u00e1lise de tend\u00eancias, mudan\u00e7as e pr\u00e1ticas no setor; promovendo visibilidade, capacita\u00e7\u00e3o de profissionais e fortalecimento de associa\u00e7\u00f5es acad\u00eamicas e setoriais<\/p><\/div>\n\t\t\t\t<\/div>\n\t\t\t\t\t\t\t<div class=\"elementor-accordion-item\">\n\t\t\t\t\t<div id=\"elementor-tab-title-1947\" class=\"elementor-tab-title\" data-tab=\"7\" role=\"button\" aria-controls=\"elementor-tab-content-1947\" aria-expanded=\"false\">\n\t\t\t\t\t\t\t\t\t\t\t\t\t<span class=\"elementor-accordion-icon elementor-accordion-icon-left\" aria-hidden=\"true\">\n\t\t\t\t\t\t\t\t\t\t\t\t\t\t\t<span class=\"elementor-accordion-icon-closed\"><i class=\"fas fa-plus\"><\/i><\/span>\n\t\t\t\t\t\t\t\t<span class=\"elementor-accordion-icon-opened\"><i class=\"fas fa-minus\"><\/i><\/span>\n\t\t\t\t\t\t\t\t\t\t\t\t\t\t<\/span>\n\t\t\t\t\t\t\t\t\t\t\t\t<a class=\"elementor-accordion-title\" tabindex=\"0\"> Acad\u00e9micas PR<\/a>\n\t\t\t\t\t<\/div>\n\t\t\t\t\t<div id=\"elementor-tab-content-1947\" class=\"elementor-tab-content elementor-clearfix\" data-tab=\"7\" role=\"region\" aria-labelledby=\"elementor-tab-title-1947\"><p><span>O objetivo do PR Academics \u00e9\u00a0<\/span><strong><span>estudar e disseminar o trabalho e a pesquisa de e sobre mulheres acad\u00eamicas na \u00e1rea de rela\u00e7\u00f5es p\u00fablicas<\/span><\/strong><span>\u00a0. Este projeto surgiu inicialmente na Espanha, mas visa criar um ponto de encontro entre continentes e culturas (Europa, Am\u00e9rica, \u00c1frica e \u00c1sia).<\/span><\/p><\/div>\n\t\t\t\t<\/div>\n\t\t\t\t\t\t\t\t<\/div>\n\t\t\t\t<\/div>\n\t\t\t\t<\/div>\n\t\t\t\t\t<\/div>\n\t\t<\/div>\n\t\t\t\t\t<\/div>\n\t\t<\/section>\n\t\t\t\t<\/div>\n\t\t","protected":false},"excerpt":{"rendered":"<p>Os grupos de pesquisa do curso de Rela\u00e7\u00f5es P\u00fablicas re\u00fanem docentes, discentes e pesquisadores em torno de temas relevantes para a \u00e1rea da comunica\u00e7\u00e3o. S\u00e3o espa\u00e7os de produ\u00e7\u00e3o cient\u00edfica, troca de conhecimento e aprofundamento te\u00f3rico, contribuindo para o avan\u00e7o das pr\u00e1ticas profissionais e acad\u00eamicas. A participa\u00e7\u00e3o \u00e9 aberta a estudantes interessados em desenvolver projetos de [&hellip;]<\/p>\n","protected":false},"author":194,"featured_media":0,"parent":0,"menu_order":0,"comment_status":"closed","ping_status":"closed","template":"","meta":{"footnotes":""},"categories":[],"tags":[],"class_list":["post-167","page","type-page","status-publish","hentry"],"acf":[],"_links":{"self":[{"href":"https:\/\/www.ufsm.br\/cursos\/graduacao\/santa-maria\/relacoes-publicas\/wp-json\/wp\/v2\/pages\/167","targetHints":{"allow":["GET"]}}],"collection":[{"href":"https:\/\/www.ufsm.br\/cursos\/graduacao\/santa-maria\/relacoes-publicas\/wp-json\/wp\/v2\/pages"}],"about":[{"href":"https:\/\/www.ufsm.br\/cursos\/graduacao\/santa-maria\/relacoes-publicas\/wp-json\/wp\/v2\/types\/page"}],"author":[{"embeddable":true,"href":"https:\/\/www.ufsm.br\/cursos\/graduacao\/santa-maria\/relacoes-publicas\/wp-json\/wp\/v2\/users\/194"}],"replies":[{"embeddable":true,"href":"https:\/\/www.ufsm.br\/cursos\/graduacao\/santa-maria\/relacoes-publicas\/wp-json\/wp\/v2\/comments?post=167"}],"version-history":[{"count":0,"href":"https:\/\/www.ufsm.br\/cursos\/graduacao\/santa-maria\/relacoes-publicas\/wp-json\/wp\/v2\/pages\/167\/revisions"}],"wp:attachment":[{"href":"https:\/\/www.ufsm.br\/cursos\/graduacao\/santa-maria\/relacoes-publicas\/wp-json\/wp\/v2\/media?parent=167"}],"wp:term":[{"taxonomy":"category","embeddable":true,"href":"https:\/\/www.ufsm.br\/cursos\/graduacao\/santa-maria\/relacoes-publicas\/wp-json\/wp\/v2\/categories?post=167"},{"taxonomy":"post_tag","embeddable":true,"href":"https:\/\/www.ufsm.br\/cursos\/graduacao\/santa-maria\/relacoes-publicas\/wp-json\/wp\/v2\/tags?post=167"}],"curies":[{"name":"wp","href":"https:\/\/api.w.org\/{rel}","templated":true}]}}