{"id":169,"date":"2018-12-04T16:37:21","date_gmt":"2018-12-04T18:37:21","guid":{"rendered":"https:\/\/www.ufsm.br\/cursos\/graduacao\/santa-maria\/relacoes-publicas\/?page_id=169"},"modified":"2025-07-24T13:13:57","modified_gmt":"2025-07-24T16:13:57","slug":"nucleo-docente-estruturante-nde","status":"publish","type":"page","link":"https:\/\/www.ufsm.br\/cursos\/graduacao\/santa-maria\/relacoes-publicas\/nucleo-docente-estruturante-nde","title":{"rendered":"N\u00facleo Docente Estruturante &#8211; NDE"},"content":{"rendered":"\t\t<div data-elementor-type=\"wp-page\" data-elementor-id=\"169\" class=\"elementor elementor-169\">\n\t\t\t\t\t\t<section class=\"elementor-section elementor-top-section elementor-element elementor-element-75b6132b elementor-section-boxed elementor-section-height-default elementor-section-height-default\" data-id=\"75b6132b\" data-element_type=\"section\">\n\t\t\t\t\t\t<div class=\"elementor-container elementor-column-gap-default\">\n\t\t\t\t\t<div class=\"elementor-column elementor-col-100 elementor-top-column elementor-element elementor-element-2e5d2a51\" data-id=\"2e5d2a51\" data-element_type=\"column\">\n\t\t\t<div class=\"elementor-widget-wrap elementor-element-populated\">\n\t\t\t\t\t\t<div class=\"elementor-element elementor-element-924b102 elementor-widget elementor-widget-text-editor\" data-id=\"924b102\" data-element_type=\"widget\" data-widget_type=\"text-editor.default\">\n\t\t\t\t<div class=\"elementor-widget-container\">\n\t\t\t\t\t\t\t<p>O N\u00facleo Docente Estruturante do Curso de Rela\u00e7\u00f5es P\u00fablicas est\u00e1 configurado em conformidade com as determina\u00e7\u00f5es institucionais da UFSM e \u00e9 atuante na avalia\u00e7\u00e3o sistem\u00e1tica de aspectos como concep\u00e7\u00e3o, acompanhamento, consolida\u00e7\u00e3o e avalia\u00e7\u00e3o do PPC do Curso. Comp\u00f5em o NDE do Curso de RP, conforme a Portaria 55.927 de 29 de setembro de 2019 e Memorando 2\/2021- Rela\u00e7\u00f5es P\u00fablicas, os seguintes docentes:<\/p>\n<p>Prof.\u00aa Jaqueline Quincozes da Silva Kegler, SIAPE 2623768 \u2013 presidente;<\/p><p>Prof.\u00aa Andr\u00e9ia Silveira Athaydes, SIAPE 1035598 &#8211; secret\u00e1ria;<\/p><p>Prof.\u00aa Carlise Porto Schneider Rudnicki, SIAPE 1859476;<\/p><p>Prof.\u00aa Melina de Souza Mota, SIAPE 2085673;<\/p><p>Prof.\u00aa Maria Ivete Trevisan Fossa, SIAPE 379028.<\/p>\t\t\t\t\t\t<\/div>\n\t\t\t\t<\/div>\n\t\t\t\t\t<\/div>\n\t\t<\/div>\n\t\t\t\t\t<\/div>\n\t\t<\/section>\n\t\t\t\t<\/div>\n\t\t","protected":false},"excerpt":{"rendered":"<p>O N\u00facleo Docente Estruturante do Curso de Rela\u00e7\u00f5es P\u00fablicas est\u00e1 configurado em conformidade com as determina\u00e7\u00f5es institucionais da UFSM e \u00e9 atuante na avalia\u00e7\u00e3o sistem\u00e1tica de aspectos como concep\u00e7\u00e3o, acompanhamento, consolida\u00e7\u00e3o e avalia\u00e7\u00e3o do PPC do Curso. Comp\u00f5em o NDE do Curso de RP, conforme a Portaria 55.927 de 29 de setembro de 2019 e [&hellip;]<\/p>\n","protected":false},"author":194,"featured_media":0,"parent":0,"menu_order":0,"comment_status":"closed","ping_status":"closed","template":"","meta":{"footnotes":""},"categories":[],"tags":[],"class_list":["post-169","page","type-page","status-publish","hentry"],"acf":[],"_links":{"self":[{"href":"https:\/\/www.ufsm.br\/cursos\/graduacao\/santa-maria\/relacoes-publicas\/wp-json\/wp\/v2\/pages\/169","targetHints":{"allow":["GET"]}}],"collection":[{"href":"https:\/\/www.ufsm.br\/cursos\/graduacao\/santa-maria\/relacoes-publicas\/wp-json\/wp\/v2\/pages"}],"about":[{"href":"https:\/\/www.ufsm.br\/cursos\/graduacao\/santa-maria\/relacoes-publicas\/wp-json\/wp\/v2\/types\/page"}],"author":[{"embeddable":true,"href":"https:\/\/www.ufsm.br\/cursos\/graduacao\/santa-maria\/relacoes-publicas\/wp-json\/wp\/v2\/users\/194"}],"replies":[{"embeddable":true,"href":"https:\/\/www.ufsm.br\/cursos\/graduacao\/santa-maria\/relacoes-publicas\/wp-json\/wp\/v2\/comments?post=169"}],"version-history":[{"count":0,"href":"https:\/\/www.ufsm.br\/cursos\/graduacao\/santa-maria\/relacoes-publicas\/wp-json\/wp\/v2\/pages\/169\/revisions"}],"wp:attachment":[{"href":"https:\/\/www.ufsm.br\/cursos\/graduacao\/santa-maria\/relacoes-publicas\/wp-json\/wp\/v2\/media?parent=169"}],"wp:term":[{"taxonomy":"category","embeddable":true,"href":"https:\/\/www.ufsm.br\/cursos\/graduacao\/santa-maria\/relacoes-publicas\/wp-json\/wp\/v2\/categories?post=169"},{"taxonomy":"post_tag","embeddable":true,"href":"https:\/\/www.ufsm.br\/cursos\/graduacao\/santa-maria\/relacoes-publicas\/wp-json\/wp\/v2\/tags?post=169"}],"curies":[{"name":"wp","href":"https:\/\/api.w.org\/{rel}","templated":true}]}}