{"id":199,"date":"2018-12-05T09:07:39","date_gmt":"2018-12-05T11:07:39","guid":{"rendered":"https:\/\/www.ufsm.br\/cursos\/graduacao\/santa-maria\/relacoes-publicas\/?page_id=199"},"modified":"2025-07-24T15:23:18","modified_gmt":"2025-07-24T18:23:18","slug":"projetos-de-extensao","status":"publish","type":"page","link":"https:\/\/www.ufsm.br\/cursos\/graduacao\/santa-maria\/relacoes-publicas\/projetos-de-extensao","title":{"rendered":"Projetos de Extens\u00e3o"},"content":{"rendered":"<h3 data-start=\"55\" data-end=\"116\">Gurias_Com_Gurias_Tec: Comunica\u00e7\u00e3o P\u00fablica para Ci\u00eancia<\/h3>\n<p data-start=\"117\" data-end=\"179\"><strong data-start=\"117\" data-end=\"179\">Coordena\u00e7\u00e3o: Profa. Jaqueline Quincozes Kegler (2024\u20132028)<\/strong><\/p>\n<p data-start=\"181\" data-end=\"517\">O projeto promove a comunica\u00e7\u00e3o p\u00fablica da ci\u00eancia com foco na valoriza\u00e7\u00e3o de meninas e mulheres nas \u00e1reas de ci\u00eancia e tecnologia. Por meio de a\u00e7\u00f5es educativas e de divulga\u00e7\u00e3o cient\u00edfica, busca aproximar a produ\u00e7\u00e3o acad\u00eamica da sociedade, incentivar o protagonismo feminino e fortalecer redes de apoio entre pesquisadoras e estudantes.<\/p>\n<h3 data-start=\"77\" data-end=\"138\">PLURAIS: Criatividade e sentidos da DE&amp;I na comunica\u00e7\u00e3o<\/h3>\n<p data-start=\"139\" data-end=\"221\"><strong data-start=\"139\" data-end=\"221\">Programa de Extens\u00e3o (2025\u20132028) \u2013 Coordena\u00e7\u00e3o: Profa. Fernanda Sagrilo Andres<\/strong><\/p>\n<p data-start=\"223\" data-end=\"576\">O programa <em data-start=\"234\" data-end=\"243\">PLURAIS<\/em> investiga e desenvolve pr\u00e1ticas comunicacionais com foco em <strong data-start=\"304\" data-end=\"347\">Diversidade, Equidade e Inclus\u00e3o (DE&amp;I)<\/strong>. Por meio de a\u00e7\u00f5es criativas e colaborativas, busca refletir sobre os sentidos da DE&amp;I na comunica\u00e7\u00e3o, promovendo debates, oficinas e projetos que valorizem a pluralidade de vozes e experi\u00eancias nos espa\u00e7os acad\u00eamicos e sociais.<\/p>\n<h3 data-start=\"82\" data-end=\"162\">UFSM Solid\u00e1ria e Cidad\u00e3: esperan\u00e7a e reconstru\u00e7\u00e3o para o Rio Grande do Sul<\/h3>\n<p data-start=\"163\" data-end=\"213\"><strong data-start=\"163\" data-end=\"213\">Coordena\u00e7\u00e3o: Prof. Flavi Ferreira Lisboa Filho<\/strong><\/p>\n<p data-start=\"215\" data-end=\"654\">O projeto de extens\u00e3o <em data-start=\"237\" data-end=\"262\">UFSM Solid\u00e1ria e Cidad\u00e3<\/em> atua no enfrentamento das consequ\u00eancias sociais e humanit\u00e1rias da crise clim\u00e1tica no Rio Grande do Sul. A iniciativa promove a\u00e7\u00f5es de acolhimento, informa\u00e7\u00e3o, mobiliza\u00e7\u00e3o social e reconstru\u00e7\u00e3o, envolvendo a comunidade acad\u00eamica e a sociedade em uma rede de solidariedade. O projeto refor\u00e7a o papel da universidade p\u00fablica na promo\u00e7\u00e3o da cidadania e da esperan\u00e7a em tempos de vulnerabilidade.<\/p>\n","protected":false},"excerpt":{"rendered":"<p>Gurias_Com_Gurias_Tec: Comunica\u00e7\u00e3o P\u00fablica para Ci\u00eancia Coordena\u00e7\u00e3o: Profa. Jaqueline Quincozes Kegler (2024\u20132028) O projeto promove a comunica\u00e7\u00e3o p\u00fablica da ci\u00eancia com foco na valoriza\u00e7\u00e3o de meninas e mulheres nas \u00e1reas de ci\u00eancia e tecnologia. Por meio de a\u00e7\u00f5es educativas e de divulga\u00e7\u00e3o cient\u00edfica, busca aproximar a produ\u00e7\u00e3o acad\u00eamica da sociedade, incentivar o protagonismo feminino e fortalecer [&hellip;]<\/p>\n","protected":false},"author":194,"featured_media":0,"parent":0,"menu_order":0,"comment_status":"closed","ping_status":"closed","template":"","meta":{"footnotes":""},"categories":[],"tags":[],"class_list":["post-199","page","type-page","status-publish","hentry"],"acf":[],"_links":{"self":[{"href":"https:\/\/www.ufsm.br\/cursos\/graduacao\/santa-maria\/relacoes-publicas\/wp-json\/wp\/v2\/pages\/199","targetHints":{"allow":["GET"]}}],"collection":[{"href":"https:\/\/www.ufsm.br\/cursos\/graduacao\/santa-maria\/relacoes-publicas\/wp-json\/wp\/v2\/pages"}],"about":[{"href":"https:\/\/www.ufsm.br\/cursos\/graduacao\/santa-maria\/relacoes-publicas\/wp-json\/wp\/v2\/types\/page"}],"author":[{"embeddable":true,"href":"https:\/\/www.ufsm.br\/cursos\/graduacao\/santa-maria\/relacoes-publicas\/wp-json\/wp\/v2\/users\/194"}],"replies":[{"embeddable":true,"href":"https:\/\/www.ufsm.br\/cursos\/graduacao\/santa-maria\/relacoes-publicas\/wp-json\/wp\/v2\/comments?post=199"}],"version-history":[{"count":0,"href":"https:\/\/www.ufsm.br\/cursos\/graduacao\/santa-maria\/relacoes-publicas\/wp-json\/wp\/v2\/pages\/199\/revisions"}],"wp:attachment":[{"href":"https:\/\/www.ufsm.br\/cursos\/graduacao\/santa-maria\/relacoes-publicas\/wp-json\/wp\/v2\/media?parent=199"}],"wp:term":[{"taxonomy":"category","embeddable":true,"href":"https:\/\/www.ufsm.br\/cursos\/graduacao\/santa-maria\/relacoes-publicas\/wp-json\/wp\/v2\/categories?post=199"},{"taxonomy":"post_tag","embeddable":true,"href":"https:\/\/www.ufsm.br\/cursos\/graduacao\/santa-maria\/relacoes-publicas\/wp-json\/wp\/v2\/tags?post=199"}],"curies":[{"name":"wp","href":"https:\/\/api.w.org\/{rel}","templated":true}]}}